{"id":7289,"date":"2024-07-29T09:18:38","date_gmt":"2024-07-29T07:18:38","guid":{"rendered":"https:\/\/ikth.de\/startseite\/?post_type=tribe_events&#038;p=7289"},"modified":"2024-07-29T09:18:38","modified_gmt":"2024-07-29T07:18:38","slug":"fokus-dach-pv-systeme-wie-sich-das-volle-potenzial-von-gebaeudeintegrierter-photovoltaik-entfalten-laesst","status":"publish","type":"tribe_events","link":"https:\/\/ikth.de\/startseite\/event\/fokus-dach-pv-systeme-wie-sich-das-volle-potenzial-von-gebaeudeintegrierter-photovoltaik-entfalten-laesst\/","title":{"rendered":"Fokus Dach-PV-Systeme: Wie sich das volle Potenzial von geb\u00e4udeintegrierter Photovoltaik entfalten l\u00e4sst"},"content":{"rendered":"<p><strong>Prof. Dr.-Ing. Susanne Rexroth, Architektin und Professorin im Fachbereich Ingenieurwissenschaften<\/strong><\/p>\n<p>Geb\u00e4udeintegrierte Photovoltaik kann heute das, was lange utopisch schien: n\u00e4mlich Bestandteil und nicht Fremdk\u00f6rper einer architektonischen H\u00fclle sein. Damit ist sie die wohl vielseitigste Antwort auf den stetig wachsenden Bedarf an erneuerbaren Energien. Informieren Sie sich in der n\u00e4chsten Veranstaltung unserer Webinar-Reihe Wienerberger Wissen \u00fcber Grundlagen und den aktuellen Forschungsstand zur integrierten Dach- und Fassadenphotovoltaik. Als Referentin begr\u00fc\u00dfen wir diesmal Prof. Dr.-Ing. Susanne Rexroth von der HTW Berlin.<\/p>\n<p>Hinweis: Diese Veranstaltung beginnt bereits um\u00a0<strong>12:30 Uhr<\/strong><\/p>\n<p>&nbsp;<\/p>\n<p><strong>Die Veranstaltung ist durch die IKTh mit 2 WB-Stunden anerkannt.<\/strong><\/p>\n<p>&nbsp;<\/p>\n<p><a href=\"https:\/\/wienerberger-wissen.de\/online-fortbildungen\/fokus-dach-pv-systeme-wie-sich-das-volle-potenzial-von-gebaeudeintegrierter-photovoltaik-entfalten-laesst-2\/\" target=\"_blank\" rel=\"noopener\"><strong>Weitere Informationen zur Veranstaltung<\/strong><\/a><\/p>\n","protected":false},"excerpt":{"rendered":"<p>Prof. Dr.-Ing. Susanne Rexroth, Architektin und Professorin im Fachbereich Ingenieurwissenschaften Geb\u00e4udeintegrierte Photovoltaik kann heute das, was lange utopisch schien: n\u00e4mlich Bestandteil und nicht Fremdk\u00f6rper einer architektonischen H\u00fclle sein. Damit ist&hellip;<\/p>\n","protected":false},"author":7,"featured_media":0,"comment_status":"open","ping_status":"closed","template":"","meta":{"_acf_changed":false,"footnotes":""},"tags":[],"tribe_events_cat":[305,42],"class_list":["post-7289","tribe_events","type-tribe_events","status-publish","hentry","tribe_events_cat-bauwesen","tribe_events_cat-online-veranstaltung","cat_bauwesen","cat_online-veranstaltung","description-off"],"acf":[],"yoast_head":"<!-- This site is optimized with the Yoast SEO plugin v26.4 - https:\/\/yoast.com\/wordpress\/plugins\/seo\/ -->\n<title>Fokus Dach-PV-Systeme: Wie sich das volle Potenzial von geb\u00e4udeintegrierter Photovoltaik entfalten l\u00e4sst - Ingenieurkammer Th\u00fcringen<\/title>\n<meta name=\"robots\" content=\"index, follow, max-snippet:-1, max-image-preview:large, max-video-preview:-1\" \/>\n<link rel=\"canonical\" href=\"https:\/\/ikth.de\/startseite\/event\/fokus-dach-pv-systeme-wie-sich-das-volle-potenzial-von-gebaeudeintegrierter-photovoltaik-entfalten-laesst\/\" \/>\n<meta property=\"og:locale\" content=\"de_DE\" \/>\n<meta property=\"og:type\" content=\"article\" \/>\n<meta property=\"og:title\" content=\"Fokus Dach-PV-Systeme: Wie sich das volle Potenzial von geb\u00e4udeintegrierter Photovoltaik entfalten l\u00e4sst - Ingenieurkammer Th\u00fcringen\" \/>\n<meta property=\"og:description\" content=\"Prof. Dr.-Ing. Susanne Rexroth, Architektin und Professorin im Fachbereich Ingenieurwissenschaften Geb\u00e4udeintegrierte Photovoltaik kann heute das, was lange utopisch schien: n\u00e4mlich Bestandteil und nicht Fremdk\u00f6rper einer architektonischen H\u00fclle sein. Damit ist&hellip;\" \/>\n<meta property=\"og:url\" content=\"https:\/\/ikth.de\/startseite\/event\/fokus-dach-pv-systeme-wie-sich-das-volle-potenzial-von-gebaeudeintegrierter-photovoltaik-entfalten-laesst\/\" \/>\n<meta property=\"og:site_name\" content=\"Ingenieurkammer Th\u00fcringen\" \/>\n<meta name=\"twitter:card\" content=\"summary_large_image\" \/>\n<meta name=\"twitter:label1\" content=\"Gesch\u00e4tzte Lesezeit\" \/>\n\t<meta name=\"twitter:data1\" content=\"1\u00a0Minute\" \/>\n<script type=\"application\/ld+json\" class=\"yoast-schema-graph\">{\"@context\":\"https:\/\/schema.org\",\"@graph\":[{\"@type\":\"WebPage\",\"@id\":\"https:\/\/ikth.de\/startseite\/event\/fokus-dach-pv-systeme-wie-sich-das-volle-potenzial-von-gebaeudeintegrierter-photovoltaik-entfalten-laesst\/\",\"url\":\"https:\/\/ikth.de\/startseite\/event\/fokus-dach-pv-systeme-wie-sich-das-volle-potenzial-von-gebaeudeintegrierter-photovoltaik-entfalten-laesst\/\",\"name\":\"Fokus Dach-PV-Systeme: Wie sich das volle Potenzial von geb\u00e4udeintegrierter Photovoltaik entfalten l\u00e4sst - Ingenieurkammer Th\u00fcringen\",\"isPartOf\":{\"@id\":\"https:\/\/ikth.de\/startseite\/#website\"},\"datePublished\":\"2024-07-29T07:18:38+00:00\",\"breadcrumb\":{\"@id\":\"https:\/\/ikth.de\/startseite\/event\/fokus-dach-pv-systeme-wie-sich-das-volle-potenzial-von-gebaeudeintegrierter-photovoltaik-entfalten-laesst\/#breadcrumb\"},\"inLanguage\":\"de\",\"potentialAction\":[{\"@type\":\"ReadAction\",\"target\":[\"https:\/\/ikth.de\/startseite\/event\/fokus-dach-pv-systeme-wie-sich-das-volle-potenzial-von-gebaeudeintegrierter-photovoltaik-entfalten-laesst\/\"]}]},{\"@type\":\"BreadcrumbList\",\"@id\":\"https:\/\/ikth.de\/startseite\/event\/fokus-dach-pv-systeme-wie-sich-das-volle-potenzial-von-gebaeudeintegrierter-photovoltaik-entfalten-laesst\/#breadcrumb\",\"itemListElement\":[{\"@type\":\"ListItem\",\"position\":1,\"name\":\"Startseite\",\"item\":\"https:\/\/ikth.de\/startseite\/\"},{\"@type\":\"ListItem\",\"position\":2,\"name\":\"Veranstaltungen\",\"item\":\"https:\/\/ikth.de\/startseite\/veranstaltungen\/\"},{\"@type\":\"ListItem\",\"position\":3,\"name\":\"Fokus Dach-PV-Systeme: Wie sich das volle Potenzial von geb\u00e4udeintegrierter Photovoltaik entfalten l\u00e4sst\"}]},{\"@type\":\"WebSite\",\"@id\":\"https:\/\/ikth.de\/startseite\/#website\",\"url\":\"https:\/\/ikth.de\/startseite\/\",\"name\":\"Ingenieurkammer Th\u00fcringen\",\"description\":\"\",\"potentialAction\":[{\"@type\":\"SearchAction\",\"target\":{\"@type\":\"EntryPoint\",\"urlTemplate\":\"https:\/\/ikth.de\/startseite\/?s={search_term_string}\"},\"query-input\":{\"@type\":\"PropertyValueSpecification\",\"valueRequired\":true,\"valueName\":\"search_term_string\"}}],\"inLanguage\":\"de\"}]}<\/script>\n<!-- \/ Yoast SEO plugin. -->","yoast_head_json":{"title":"Fokus Dach-PV-Systeme: Wie sich das volle Potenzial von geb\u00e4udeintegrierter Photovoltaik entfalten l\u00e4sst - Ingenieurkammer Th\u00fcringen","robots":{"index":"index","follow":"follow","max-snippet":"max-snippet:-1","max-image-preview":"max-image-preview:large","max-video-preview":"max-video-preview:-1"},"canonical":"https:\/\/ikth.de\/startseite\/event\/fokus-dach-pv-systeme-wie-sich-das-volle-potenzial-von-gebaeudeintegrierter-photovoltaik-entfalten-laesst\/","og_locale":"de_DE","og_type":"article","og_title":"Fokus Dach-PV-Systeme: Wie sich das volle Potenzial von geb\u00e4udeintegrierter Photovoltaik entfalten l\u00e4sst - Ingenieurkammer Th\u00fcringen","og_description":"Prof. Dr.-Ing. Susanne Rexroth, Architektin und Professorin im Fachbereich Ingenieurwissenschaften Geb\u00e4udeintegrierte Photovoltaik kann heute das, was lange utopisch schien: n\u00e4mlich Bestandteil und nicht Fremdk\u00f6rper einer architektonischen H\u00fclle sein. Damit ist&hellip;","og_url":"https:\/\/ikth.de\/startseite\/event\/fokus-dach-pv-systeme-wie-sich-das-volle-potenzial-von-gebaeudeintegrierter-photovoltaik-entfalten-laesst\/","og_site_name":"Ingenieurkammer Th\u00fcringen","twitter_card":"summary_large_image","twitter_misc":{"Gesch\u00e4tzte Lesezeit":"1\u00a0Minute"},"schema":{"@context":"https:\/\/schema.org","@graph":[{"@type":"WebPage","@id":"https:\/\/ikth.de\/startseite\/event\/fokus-dach-pv-systeme-wie-sich-das-volle-potenzial-von-gebaeudeintegrierter-photovoltaik-entfalten-laesst\/","url":"https:\/\/ikth.de\/startseite\/event\/fokus-dach-pv-systeme-wie-sich-das-volle-potenzial-von-gebaeudeintegrierter-photovoltaik-entfalten-laesst\/","name":"Fokus Dach-PV-Systeme: Wie sich das volle Potenzial von geb\u00e4udeintegrierter Photovoltaik entfalten l\u00e4sst - Ingenieurkammer Th\u00fcringen","isPartOf":{"@id":"https:\/\/ikth.de\/startseite\/#website"},"datePublished":"2024-07-29T07:18:38+00:00","breadcrumb":{"@id":"https:\/\/ikth.de\/startseite\/event\/fokus-dach-pv-systeme-wie-sich-das-volle-potenzial-von-gebaeudeintegrierter-photovoltaik-entfalten-laesst\/#breadcrumb"},"inLanguage":"de","potentialAction":[{"@type":"ReadAction","target":["https:\/\/ikth.de\/startseite\/event\/fokus-dach-pv-systeme-wie-sich-das-volle-potenzial-von-gebaeudeintegrierter-photovoltaik-entfalten-laesst\/"]}]},{"@type":"BreadcrumbList","@id":"https:\/\/ikth.de\/startseite\/event\/fokus-dach-pv-systeme-wie-sich-das-volle-potenzial-von-gebaeudeintegrierter-photovoltaik-entfalten-laesst\/#breadcrumb","itemListElement":[{"@type":"ListItem","position":1,"name":"Startseite","item":"https:\/\/ikth.de\/startseite\/"},{"@type":"ListItem","position":2,"name":"Veranstaltungen","item":"https:\/\/ikth.de\/startseite\/veranstaltungen\/"},{"@type":"ListItem","position":3,"name":"Fokus Dach-PV-Systeme: Wie sich das volle Potenzial von geb\u00e4udeintegrierter Photovoltaik entfalten l\u00e4sst"}]},{"@type":"WebSite","@id":"https:\/\/ikth.de\/startseite\/#website","url":"https:\/\/ikth.de\/startseite\/","name":"Ingenieurkammer Th\u00fcringen","description":"","potentialAction":[{"@type":"SearchAction","target":{"@type":"EntryPoint","urlTemplate":"https:\/\/ikth.de\/startseite\/?s={search_term_string}"},"query-input":{"@type":"PropertyValueSpecification","valueRequired":true,"valueName":"search_term_string"}}],"inLanguage":"de"}]}},"_links":{"self":[{"href":"https:\/\/ikth.de\/startseite\/wp-json\/wp\/v2\/tribe_events\/7289","targetHints":{"allow":["GET"]}}],"collection":[{"href":"https:\/\/ikth.de\/startseite\/wp-json\/wp\/v2\/tribe_events"}],"about":[{"href":"https:\/\/ikth.de\/startseite\/wp-json\/wp\/v2\/types\/tribe_events"}],"author":[{"embeddable":true,"href":"https:\/\/ikth.de\/startseite\/wp-json\/wp\/v2\/users\/7"}],"replies":[{"embeddable":true,"href":"https:\/\/ikth.de\/startseite\/wp-json\/wp\/v2\/comments?post=7289"}],"version-history":[{"count":1,"href":"https:\/\/ikth.de\/startseite\/wp-json\/wp\/v2\/tribe_events\/7289\/revisions"}],"predecessor-version":[{"id":7290,"href":"https:\/\/ikth.de\/startseite\/wp-json\/wp\/v2\/tribe_events\/7289\/revisions\/7290"}],"wp:attachment":[{"href":"https:\/\/ikth.de\/startseite\/wp-json\/wp\/v2\/media?parent=7289"}],"wp:term":[{"taxonomy":"post_tag","embeddable":true,"href":"https:\/\/ikth.de\/startseite\/wp-json\/wp\/v2\/tags?post=7289"},{"taxonomy":"tribe_events_cat","embeddable":true,"href":"https:\/\/ikth.de\/startseite\/wp-json\/wp\/v2\/tribe_events_cat?post=7289"}],"curies":[{"name":"wp","href":"https:\/\/api.w.org\/{rel}","templated":true}]}}

Fokus Dach-PV-Systeme: Wie sich das volle Potenzial von gebäudeintegrierter Photovoltaik entfalten lässt

<p><strong>Prof. Dr.-Ing. Susanne Rexroth, Architektin und Professorin im Fachbereich Ingenieurwissenschaften</strong></p>
<p>Gebäudeintegrierte Photovoltaik kann heute das, was lange utopisch schien: nämlich Bestandteil und nicht Fremdkörper einer architektonischen Hülle sein. Damit ist sie die wohl vielseitigste Antwort auf den stetig wachsenden Bedarf an erneuerbaren Energien. Informieren Sie sich in der nächsten Veranstaltung unserer Webinar-Reihe Wienerberger Wissen über Grundlagen und den aktuellen Forschungsstand zur integrierten Dach- und Fassadenphotovoltaik. Als Referentin begrüßen wir diesmal Prof. Dr.-Ing. Susanne Rexroth von der HTW Berlin.</p>
<p>Hinweis: Diese Veranstaltung beginnt bereits um <strong>12:30 Uhr</strong></p>
<p>&nbsp;</p>
<p><strong>Die Veranstaltung ist durch die IKTh mit 2 WB-Stunden anerkannt.</strong></p>
<p>&nbsp;</p>
<p><a href="https://wienerberger-wissen.de/online-fortbildungen/fokus-dach-pv-systeme-wie-sich-das-volle-potenzial-von-gebaeudeintegrierter-photovoltaik-entfalten-laesst-2/" target="_blank" rel="noopener"><strong>Weitere Informationen zur Veranstaltung</strong></a></p>

<p>Prof. Dr.-Ing. Susanne Rexroth, Architektin und Professorin im Fachbereich Ingenieurwissenschaften Gebäudeintegrierte Photovoltaik kann heute das, was lange utopisch schien: nämlich Bestandteil und nicht Fremdkörper einer architektonischen Hülle sein. Damit ist&hellip;</p>

<!-- This site is optimized with the Yoast SEO plugin v26.4 - https://yoast.com/wordpress/plugins/seo/ -->
<title>Fokus Dach-PV-Systeme: Wie sich das volle Potenzial von gebäudeintegrierter Photovoltaik entfalten lässt - Ingenieurkammer Thüringen</title>
<meta name="robots" content="index, follow, max-snippet:-1, max-image-preview:large, max-video-preview:-1" />
<link rel="canonical" href="https://ikth.de/startseite/event/fokus-dach-pv-systeme-wie-sich-das-volle-potenzial-von-gebaeudeintegrierter-photovoltaik-entfalten-laesst/" />
<meta property="og:locale" content="de_DE" />
<meta property="og:type" content="article" />
<meta property="og:title" content="Fokus Dach-PV-Systeme: Wie sich das volle Potenzial von gebäudeintegrierter Photovoltaik entfalten lässt - Ingenieurkammer Thüringen" />
<meta property="og:description" content="Prof. Dr.-Ing. Susanne Rexroth, Architektin und Professorin im Fachbereich Ingenieurwissenschaften Gebäudeintegrierte Photovoltaik kann heute das, was lange utopisch schien: nämlich Bestandteil und nicht Fremdkörper einer architektonischen Hülle sein. Damit ist&hellip;" />
<meta property="og:url" content="https://ikth.de/startseite/event/fokus-dach-pv-systeme-wie-sich-das-volle-potenzial-von-gebaeudeintegrierter-photovoltaik-entfalten-laesst/" />
<meta property="og:site_name" content="Ingenieurkammer Thüringen" />
<meta name="twitter:card" content="summary_large_image" />
<meta name="twitter:label1" content="Geschätzte Lesezeit" />
	<meta name="twitter:data1" content="1 Minute" />
<script type="application/ld+json" class="yoast-schema-graph">{"@context":"https://schema.org","@graph":[{"@type":"WebPage","@id":"https://ikth.de/startseite/event/fokus-dach-pv-systeme-wie-sich-das-volle-potenzial-von-gebaeudeintegrierter-photovoltaik-entfalten-laesst/","url":"https://ikth.de/startseite/event/fokus-dach-pv-systeme-wie-sich-das-volle-potenzial-von-gebaeudeintegrierter-photovoltaik-entfalten-laesst/","name":"Fokus Dach-PV-Systeme: Wie sich das volle Potenzial von gebäudeintegrierter Photovoltaik entfalten lässt - Ingenieurkammer Thüringen","isPartOf":{"@id":"https://ikth.de/startseite/#website"},"datePublished":"2024-07-29T07:18:38+00:00","breadcrumb":{"@id":"https://ikth.de/startseite/event/fokus-dach-pv-systeme-wie-sich-das-volle-potenzial-von-gebaeudeintegrierter-photovoltaik-entfalten-laesst/#breadcrumb"},"inLanguage":"de","potentialAction":[{"@type":"ReadAction","target":["https://ikth.de/startseite/event/fokus-dach-pv-systeme-wie-sich-das-volle-potenzial-von-gebaeudeintegrierter-photovoltaik-entfalten-laesst/"]}]},{"@type":"BreadcrumbList","@id":"https://ikth.de/startseite/event/fokus-dach-pv-systeme-wie-sich-das-volle-potenzial-von-gebaeudeintegrierter-photovoltaik-entfalten-laesst/#breadcrumb","itemListElement":[{"@type":"ListItem","position":1,"name":"Startseite","item":"https://ikth.de/startseite/"},{"@type":"ListItem","position":2,"name":"Veranstaltungen","item":"https://ikth.de/startseite/veranstaltungen/"},{"@type":"ListItem","position":3,"name":"Fokus Dach-PV-Systeme: Wie sich das volle Potenzial von gebäudeintegrierter Photovoltaik entfalten lässt"}]},{"@type":"WebSite","@id":"https://ikth.de/startseite/#website","url":"https://ikth.de/startseite/","name":"Ingenieurkammer Thüringen","description":"","potentialAction":[{"@type":"SearchAction","target":{"@type":"EntryPoint","urlTemplate":"https://ikth.de/startseite/?s={search_term_string}"},"query-input":{"@type":"PropertyValueSpecification","valueRequired":true,"valueName":"search_term_string"}}],"inLanguage":"de"}]}</script>
<!-- / Yoast SEO plugin. -->

Fokus Dach-PV-Systeme: Wie sich das volle Potenzial von gebäudeintegrierter Photovoltaik entfalten lässt - Ingenieurkammer Thüringen

Prof. Dr.-Ing. Susanne Rexroth, Architektin und Professorin im Fachbereich Ingenieurwissenschaften Gebäudeintegrierte Photovoltaik kann heute das, was lange utopisch schien: nämlich Bestandteil und nicht Fremdkörper einer architektonischen Hülle sein. Damit ist&hellip;

Ingenieurkammer Thüringen
