{"id":6968,"date":"2024-05-15T15:08:58","date_gmt":"2024-05-15T13:08:58","guid":{"rendered":"https:\/\/ikth.de\/startseite\/?post_type=tribe_events&#038;p=6968"},"modified":"2024-05-15T15:12:43","modified_gmt":"2024-05-15T13:12:43","slug":"planer-symposium-perfektes-arbeitsklima-zeitgemaesse-planung-im-gewerbe-und-buerobau","status":"publish","type":"tribe_events","link":"https:\/\/ikth.de\/startseite\/event\/planer-symposium-perfektes-arbeitsklima-zeitgemaesse-planung-im-gewerbe-und-buerobau\/","title":{"rendered":"Planer Symposium \u2013 Perfektes Arbeitsklima, zeitgem\u00e4\u00dfe Planung im Gewerbe und B\u00fcrobau"},"content":{"rendered":"<h2>Auf folgende Inhalte kannst Du Dich freuen:<\/h2>\n<h4>Im Lauf der Fortbildung:<\/h4>\n<p><strong>Durach GmbH<\/strong><\/p>\n<ul>\n<li>Abgrenzung Bau- und Raumakustik<\/li>\n<li>Grundlagen<\/li>\n<li>Vorteile &amp; Argumente<\/li>\n<li>Fokus Nachhallzeit<\/li>\n<li>Regelwerke \u2013 DIN 18041:2016, VDI 2569:2019, ASR A3.7<\/li>\n<li>Absorber Ausf\u00fchrung &amp; Materialien<\/li>\n<li>Positionierung von Absorbern<\/li>\n<li>Pr\u00fcfzeugnisse und Vergleichbarkeit<\/li>\n<li>Fazit<\/li>\n<\/ul>\n<p><strong>Zehnder Group Deutschland GmbH<\/strong><\/p>\n<ul>\n<li>Schad(Stoffe) in Innenr\u00e4umen \u2013 Angelegt an die Technischen Regeln f\u00fcr Arbeitsst\u00e4tten<\/li>\n<li>Energieeffiziente L\u00fcftung \u2013 Energieeffizienz im Einklang mit frischer Luft<\/li>\n<li>M\u00f6glichkeiten der Bel\u00fcftung \u2013 M\u00f6glichkeiten der Bel\u00fcftung von Wohngeb\u00e4uden in Praxisbeispiele<\/li>\n<\/ul>\n<p><strong>OBO Bettermann Holding GmbH &amp; Co. KG<\/strong><\/p>\n<ul>\n<li>perfektes Arbeitsklima im Gewerbe und B\u00fcrobau<\/li>\n<li>Zukunftsf\u00e4hige Kabelverlegesysteme<\/li>\n<li>Kabelverlegsysteme in der Architektur<\/li>\n<li>Projekt-Beispiele Neubau<\/li>\n<li>Projektbeispiele Bestandsbau<\/li>\n<li>Anforderungen an Kabelverlegesysteme heutzutage<\/li>\n<li>Brandschutz<\/li>\n<li>Denkmalschutz<\/li>\n<li>Umweltschutz\/Nachhaltigkeit<\/li>\n<\/ul>\n<p>&nbsp;<\/p>\n<p><a href=\"https:\/\/www.wirliebenbau.de\/planer-symposium-perfektes-arbeitsklima-zeitgemaesse-planung-im-gewerbe-und-buerobau\/\" target=\"_blank\" rel=\"noopener\"><strong>Weitere Informationen<\/strong><\/a><\/p>\n<p>&nbsp;<\/p>\n<p><strong>Die Veranstaltung ist durch die IKTh mit 3 WB-Stunden anerkannt.<\/strong><\/p>\n","protected":false},"excerpt":{"rendered":"<p>Auf folgende Inhalte kannst Du Dich freuen: Im Lauf der Fortbildung: Durach GmbH Abgrenzung Bau- und Raumakustik Grundlagen Vorteile &amp; Argumente Fokus Nachhallzeit Regelwerke \u2013 DIN 18041:2016, VDI 2569:2019, ASR&hellip;<\/p>\n","protected":false},"author":7,"featured_media":0,"comment_status":"open","ping_status":"closed","template":"","meta":{"_acf_changed":false,"footnotes":""},"tags":[],"tribe_events_cat":[305,42],"class_list":["post-6968","tribe_events","type-tribe_events","status-publish","hentry","tribe_events_cat-bauwesen","tribe_events_cat-online-veranstaltung","cat_bauwesen","cat_online-veranstaltung","description-off"],"acf":[],"yoast_head":"<!-- This site is optimized with the Yoast SEO plugin v26.4 - https:\/\/yoast.com\/wordpress\/plugins\/seo\/ -->\n<title>Planer Symposium \u2013 Perfektes Arbeitsklima, zeitgem\u00e4\u00dfe Planung im Gewerbe und B\u00fcrobau - Ingenieurkammer Th\u00fcringen<\/title>\n<meta name=\"robots\" content=\"index, follow, max-snippet:-1, max-image-preview:large, max-video-preview:-1\" \/>\n<link rel=\"canonical\" href=\"https:\/\/ikth.de\/startseite\/event\/planer-symposium-perfektes-arbeitsklima-zeitgemaesse-planung-im-gewerbe-und-buerobau\/\" \/>\n<meta property=\"og:locale\" content=\"de_DE\" \/>\n<meta property=\"og:type\" content=\"article\" \/>\n<meta property=\"og:title\" content=\"Planer Symposium \u2013 Perfektes Arbeitsklima, zeitgem\u00e4\u00dfe Planung im Gewerbe und B\u00fcrobau - Ingenieurkammer Th\u00fcringen\" \/>\n<meta property=\"og:description\" content=\"Auf folgende Inhalte kannst Du Dich freuen: Im Lauf der Fortbildung: Durach GmbH Abgrenzung Bau- und Raumakustik Grundlagen Vorteile &amp; Argumente Fokus Nachhallzeit Regelwerke \u2013 DIN 18041:2016, VDI 2569:2019, ASR&hellip;\" \/>\n<meta property=\"og:url\" content=\"https:\/\/ikth.de\/startseite\/event\/planer-symposium-perfektes-arbeitsklima-zeitgemaesse-planung-im-gewerbe-und-buerobau\/\" \/>\n<meta property=\"og:site_name\" content=\"Ingenieurkammer Th\u00fcringen\" \/>\n<meta property=\"article:modified_time\" content=\"2024-05-15T13:12:43+00:00\" \/>\n<meta name=\"twitter:card\" content=\"summary_large_image\" \/>\n<meta name=\"twitter:label1\" content=\"Gesch\u00e4tzte Lesezeit\" \/>\n\t<meta name=\"twitter:data1\" content=\"1\u00a0Minute\" \/>\n<script type=\"application\/ld+json\" class=\"yoast-schema-graph\">{\"@context\":\"https:\/\/schema.org\",\"@graph\":[{\"@type\":\"WebPage\",\"@id\":\"https:\/\/ikth.de\/startseite\/event\/planer-symposium-perfektes-arbeitsklima-zeitgemaesse-planung-im-gewerbe-und-buerobau\/\",\"url\":\"https:\/\/ikth.de\/startseite\/event\/planer-symposium-perfektes-arbeitsklima-zeitgemaesse-planung-im-gewerbe-und-buerobau\/\",\"name\":\"Planer Symposium \u2013 Perfektes Arbeitsklima, zeitgem\u00e4\u00dfe Planung im Gewerbe und B\u00fcrobau - Ingenieurkammer Th\u00fcringen\",\"isPartOf\":{\"@id\":\"https:\/\/ikth.de\/startseite\/#website\"},\"datePublished\":\"2024-05-15T13:08:58+00:00\",\"dateModified\":\"2024-05-15T13:12:43+00:00\",\"breadcrumb\":{\"@id\":\"https:\/\/ikth.de\/startseite\/event\/planer-symposium-perfektes-arbeitsklima-zeitgemaesse-planung-im-gewerbe-und-buerobau\/#breadcrumb\"},\"inLanguage\":\"de\",\"potentialAction\":[{\"@type\":\"ReadAction\",\"target\":[\"https:\/\/ikth.de\/startseite\/event\/planer-symposium-perfektes-arbeitsklima-zeitgemaesse-planung-im-gewerbe-und-buerobau\/\"]}]},{\"@type\":\"BreadcrumbList\",\"@id\":\"https:\/\/ikth.de\/startseite\/event\/planer-symposium-perfektes-arbeitsklima-zeitgemaesse-planung-im-gewerbe-und-buerobau\/#breadcrumb\",\"itemListElement\":[{\"@type\":\"ListItem\",\"position\":1,\"name\":\"Startseite\",\"item\":\"https:\/\/ikth.de\/startseite\/\"},{\"@type\":\"ListItem\",\"position\":2,\"name\":\"Veranstaltungen\",\"item\":\"https:\/\/ikth.de\/startseite\/veranstaltungen\/\"},{\"@type\":\"ListItem\",\"position\":3,\"name\":\"Planer Symposium \u2013 Perfektes Arbeitsklima, zeitgem\u00e4\u00dfe Planung im Gewerbe und B\u00fcrobau\"}]},{\"@type\":\"WebSite\",\"@id\":\"https:\/\/ikth.de\/startseite\/#website\",\"url\":\"https:\/\/ikth.de\/startseite\/\",\"name\":\"Ingenieurkammer Th\u00fcringen\",\"description\":\"\",\"potentialAction\":[{\"@type\":\"SearchAction\",\"target\":{\"@type\":\"EntryPoint\",\"urlTemplate\":\"https:\/\/ikth.de\/startseite\/?s={search_term_string}\"},\"query-input\":{\"@type\":\"PropertyValueSpecification\",\"valueRequired\":true,\"valueName\":\"search_term_string\"}}],\"inLanguage\":\"de\"}]}<\/script>\n<!-- \/ Yoast SEO plugin. -->","yoast_head_json":{"title":"Planer Symposium \u2013 Perfektes Arbeitsklima, zeitgem\u00e4\u00dfe Planung im Gewerbe und B\u00fcrobau - Ingenieurkammer Th\u00fcringen","robots":{"index":"index","follow":"follow","max-snippet":"max-snippet:-1","max-image-preview":"max-image-preview:large","max-video-preview":"max-video-preview:-1"},"canonical":"https:\/\/ikth.de\/startseite\/event\/planer-symposium-perfektes-arbeitsklima-zeitgemaesse-planung-im-gewerbe-und-buerobau\/","og_locale":"de_DE","og_type":"article","og_title":"Planer Symposium \u2013 Perfektes Arbeitsklima, zeitgem\u00e4\u00dfe Planung im Gewerbe und B\u00fcrobau - Ingenieurkammer Th\u00fcringen","og_description":"Auf folgende Inhalte kannst Du Dich freuen: Im Lauf der Fortbildung: Durach GmbH Abgrenzung Bau- und Raumakustik Grundlagen Vorteile &amp; Argumente Fokus Nachhallzeit Regelwerke \u2013 DIN 18041:2016, VDI 2569:2019, ASR&hellip;","og_url":"https:\/\/ikth.de\/startseite\/event\/planer-symposium-perfektes-arbeitsklima-zeitgemaesse-planung-im-gewerbe-und-buerobau\/","og_site_name":"Ingenieurkammer Th\u00fcringen","article_modified_time":"2024-05-15T13:12:43+00:00","twitter_card":"summary_large_image","twitter_misc":{"Gesch\u00e4tzte Lesezeit":"1\u00a0Minute"},"schema":{"@context":"https:\/\/schema.org","@graph":[{"@type":"WebPage","@id":"https:\/\/ikth.de\/startseite\/event\/planer-symposium-perfektes-arbeitsklima-zeitgemaesse-planung-im-gewerbe-und-buerobau\/","url":"https:\/\/ikth.de\/startseite\/event\/planer-symposium-perfektes-arbeitsklima-zeitgemaesse-planung-im-gewerbe-und-buerobau\/","name":"Planer Symposium \u2013 Perfektes Arbeitsklima, zeitgem\u00e4\u00dfe Planung im Gewerbe und B\u00fcrobau - Ingenieurkammer Th\u00fcringen","isPartOf":{"@id":"https:\/\/ikth.de\/startseite\/#website"},"datePublished":"2024-05-15T13:08:58+00:00","dateModified":"2024-05-15T13:12:43+00:00","breadcrumb":{"@id":"https:\/\/ikth.de\/startseite\/event\/planer-symposium-perfektes-arbeitsklima-zeitgemaesse-planung-im-gewerbe-und-buerobau\/#breadcrumb"},"inLanguage":"de","potentialAction":[{"@type":"ReadAction","target":["https:\/\/ikth.de\/startseite\/event\/planer-symposium-perfektes-arbeitsklima-zeitgemaesse-planung-im-gewerbe-und-buerobau\/"]}]},{"@type":"BreadcrumbList","@id":"https:\/\/ikth.de\/startseite\/event\/planer-symposium-perfektes-arbeitsklima-zeitgemaesse-planung-im-gewerbe-und-buerobau\/#breadcrumb","itemListElement":[{"@type":"ListItem","position":1,"name":"Startseite","item":"https:\/\/ikth.de\/startseite\/"},{"@type":"ListItem","position":2,"name":"Veranstaltungen","item":"https:\/\/ikth.de\/startseite\/veranstaltungen\/"},{"@type":"ListItem","position":3,"name":"Planer Symposium \u2013 Perfektes Arbeitsklima, zeitgem\u00e4\u00dfe Planung im Gewerbe und B\u00fcrobau"}]},{"@type":"WebSite","@id":"https:\/\/ikth.de\/startseite\/#website","url":"https:\/\/ikth.de\/startseite\/","name":"Ingenieurkammer Th\u00fcringen","description":"","potentialAction":[{"@type":"SearchAction","target":{"@type":"EntryPoint","urlTemplate":"https:\/\/ikth.de\/startseite\/?s={search_term_string}"},"query-input":{"@type":"PropertyValueSpecification","valueRequired":true,"valueName":"search_term_string"}}],"inLanguage":"de"}]}},"_links":{"self":[{"href":"https:\/\/ikth.de\/startseite\/wp-json\/wp\/v2\/tribe_events\/6968","targetHints":{"allow":["GET"]}}],"collection":[{"href":"https:\/\/ikth.de\/startseite\/wp-json\/wp\/v2\/tribe_events"}],"about":[{"href":"https:\/\/ikth.de\/startseite\/wp-json\/wp\/v2\/types\/tribe_events"}],"author":[{"embeddable":true,"href":"https:\/\/ikth.de\/startseite\/wp-json\/wp\/v2\/users\/7"}],"replies":[{"embeddable":true,"href":"https:\/\/ikth.de\/startseite\/wp-json\/wp\/v2\/comments?post=6968"}],"version-history":[{"count":2,"href":"https:\/\/ikth.de\/startseite\/wp-json\/wp\/v2\/tribe_events\/6968\/revisions"}],"predecessor-version":[{"id":6971,"href":"https:\/\/ikth.de\/startseite\/wp-json\/wp\/v2\/tribe_events\/6968\/revisions\/6971"}],"wp:attachment":[{"href":"https:\/\/ikth.de\/startseite\/wp-json\/wp\/v2\/media?parent=6968"}],"wp:term":[{"taxonomy":"post_tag","embeddable":true,"href":"https:\/\/ikth.de\/startseite\/wp-json\/wp\/v2\/tags?post=6968"},{"taxonomy":"tribe_events_cat","embeddable":true,"href":"https:\/\/ikth.de\/startseite\/wp-json\/wp\/v2\/tribe_events_cat?post=6968"}],"curies":[{"name":"wp","href":"https:\/\/api.w.org\/{rel}","templated":true}]}}

Planer Symposium – Perfektes Arbeitsklima, zeitgemäße Planung im Gewerbe und Bürobau

<h2>Auf folgende Inhalte kannst Du Dich freuen:</h2>
<h4>Im Lauf der Fortbildung:</h4>
<p><strong>Durach GmbH</strong></p>
<ul>
<li>Abgrenzung Bau- und Raumakustik</li>
<li>Grundlagen</li>
<li>Vorteile &amp; Argumente</li>
<li>Fokus Nachhallzeit</li>
<li>Regelwerke – DIN 18041:2016, VDI 2569:2019, ASR A3.7</li>
<li>Absorber Ausführung &amp; Materialien</li>
<li>Positionierung von Absorbern</li>
<li>Prüfzeugnisse und Vergleichbarkeit</li>
<li>Fazit</li>
</ul>
<p><strong>Zehnder Group Deutschland GmbH</strong></p>
<ul>
<li>Schad(Stoffe) in Innenräumen – Angelegt an die Technischen Regeln für Arbeitsstätten</li>
<li>Energieeffiziente Lüftung – Energieeffizienz im Einklang mit frischer Luft</li>
<li>Möglichkeiten der Belüftung – Möglichkeiten der Belüftung von Wohngebäuden in Praxisbeispiele</li>
</ul>
<p><strong>OBO Bettermann Holding GmbH &amp; Co. KG</strong></p>
<ul>
<li>perfektes Arbeitsklima im Gewerbe und Bürobau</li>
<li>Zukunftsfähige Kabelverlegesysteme</li>
<li>Kabelverlegsysteme in der Architektur</li>
<li>Projekt-Beispiele Neubau</li>
<li>Projektbeispiele Bestandsbau</li>
<li>Anforderungen an Kabelverlegesysteme heutzutage</li>
<li>Brandschutz</li>
<li>Denkmalschutz</li>
<li>Umweltschutz/Nachhaltigkeit</li>
</ul>
<p>&nbsp;</p>
<p><a href="https://www.wirliebenbau.de/planer-symposium-perfektes-arbeitsklima-zeitgemaesse-planung-im-gewerbe-und-buerobau/" target="_blank" rel="noopener"><strong>Weitere Informationen</strong></a></p>
<p>&nbsp;</p>
<p><strong>Die Veranstaltung ist durch die IKTh mit 3 WB-Stunden anerkannt.</strong></p>

<!-- This site is optimized with the Yoast SEO plugin v26.4 - https://yoast.com/wordpress/plugins/seo/ -->
<title>Planer Symposium – Perfektes Arbeitsklima, zeitgemäße Planung im Gewerbe und Bürobau - Ingenieurkammer Thüringen</title>
<meta name="robots" content="index, follow, max-snippet:-1, max-image-preview:large, max-video-preview:-1" />
<link rel="canonical" href="https://ikth.de/startseite/event/planer-symposium-perfektes-arbeitsklima-zeitgemaesse-planung-im-gewerbe-und-buerobau/" />
<meta property="og:locale" content="de_DE" />
<meta property="og:type" content="article" />
<meta property="og:title" content="Planer Symposium – Perfektes Arbeitsklima, zeitgemäße Planung im Gewerbe und Bürobau - Ingenieurkammer Thüringen" />
<meta property="og:description" content="Auf folgende Inhalte kannst Du Dich freuen: Im Lauf der Fortbildung: Durach GmbH Abgrenzung Bau- und Raumakustik Grundlagen Vorteile &amp; Argumente Fokus Nachhallzeit Regelwerke – DIN 18041:2016, VDI 2569:2019, ASR&hellip;" />
<meta property="og:url" content="https://ikth.de/startseite/event/planer-symposium-perfektes-arbeitsklima-zeitgemaesse-planung-im-gewerbe-und-buerobau/" />
<meta property="og:site_name" content="Ingenieurkammer Thüringen" />
<meta property="article:modified_time" content="2024-05-15T13:12:43+00:00" />
<meta name="twitter:card" content="summary_large_image" />
<meta name="twitter:label1" content="Geschätzte Lesezeit" />
	<meta name="twitter:data1" content="1 Minute" />
<script type="application/ld+json" class="yoast-schema-graph">{"@context":"https://schema.org","@graph":[{"@type":"WebPage","@id":"https://ikth.de/startseite/event/planer-symposium-perfektes-arbeitsklima-zeitgemaesse-planung-im-gewerbe-und-buerobau/","url":"https://ikth.de/startseite/event/planer-symposium-perfektes-arbeitsklima-zeitgemaesse-planung-im-gewerbe-und-buerobau/","name":"Planer Symposium – Perfektes Arbeitsklima, zeitgemäße Planung im Gewerbe und Bürobau - Ingenieurkammer Thüringen","isPartOf":{"@id":"https://ikth.de/startseite/#website"},"datePublished":"2024-05-15T13:08:58+00:00","dateModified":"2024-05-15T13:12:43+00:00","breadcrumb":{"@id":"https://ikth.de/startseite/event/planer-symposium-perfektes-arbeitsklima-zeitgemaesse-planung-im-gewerbe-und-buerobau/#breadcrumb"},"inLanguage":"de","potentialAction":[{"@type":"ReadAction","target":["https://ikth.de/startseite/event/planer-symposium-perfektes-arbeitsklima-zeitgemaesse-planung-im-gewerbe-und-buerobau/"]}]},{"@type":"BreadcrumbList","@id":"https://ikth.de/startseite/event/planer-symposium-perfektes-arbeitsklima-zeitgemaesse-planung-im-gewerbe-und-buerobau/#breadcrumb","itemListElement":[{"@type":"ListItem","position":1,"name":"Startseite","item":"https://ikth.de/startseite/"},{"@type":"ListItem","position":2,"name":"Veranstaltungen","item":"https://ikth.de/startseite/veranstaltungen/"},{"@type":"ListItem","position":3,"name":"Planer Symposium – Perfektes Arbeitsklima, zeitgemäße Planung im Gewerbe und Bürobau"}]},{"@type":"WebSite","@id":"https://ikth.de/startseite/#website","url":"https://ikth.de/startseite/","name":"Ingenieurkammer Thüringen","description":"","potentialAction":[{"@type":"SearchAction","target":{"@type":"EntryPoint","urlTemplate":"https://ikth.de/startseite/?s={search_term_string}"},"query-input":{"@type":"PropertyValueSpecification","valueRequired":true,"valueName":"search_term_string"}}],"inLanguage":"de"}]}</script>
<!-- / Yoast SEO plugin. -->

Planer Symposium – Perfektes Arbeitsklima, zeitgemäße Planung im Gewerbe und Bürobau - Ingenieurkammer Thüringen

Ingenieurkammer Thüringen
