{"id":6624,"date":"2024-04-18T08:05:22","date_gmt":"2024-04-18T06:05:22","guid":{"rendered":"https:\/\/ikth.de\/startseite\/?post_type=tribe_events&#038;p=6624"},"modified":"2024-04-18T08:06:08","modified_gmt":"2024-04-18T06:06:08","slug":"starkerregentag-forum-regenwassermanagement-2024","status":"publish","type":"tribe_events","link":"https:\/\/ikth.de\/startseite\/event\/starkerregentag-forum-regenwassermanagement-2024\/","title":{"rendered":"&#8222;Stark(er)Regentag\u201c  &#8211; Forum RegenwasserManagement 2024"},"content":{"rendered":"<table class=\"Formatvorlage1 table\">\n<tbody>\n<tr>\n<td><strong>Zeit<\/strong><\/td>\n<td><strong>Seminarinhalte<\/strong><\/td>\n<td><strong>Referenten<\/strong><\/td>\n<\/tr>\n<tr>\n<td>08:30 \u2013 09:00<\/td>\n<td><strong>Einleitung, Organisatorisches &amp; Vorstellung der Referenten<\/strong><\/td>\n<td><\/td>\n<\/tr>\n<tr>\n<td>09:00 \u2013 09:45<\/td>\n<td><strong>Dauerregen oder D\u00fcrre \u2013 was ist das neue \u201eNormal\u201c?<\/strong><\/p>\n<ul class=\"list -unordered\">\n<li class=\"list__item\">Wieso Extreme zunehmen, wenn es immer w\u00e4rmer wird<\/li>\n<li class=\"list__item\">Welche Szenarien uns in der Zukunft erwarten<\/li>\n<\/ul>\n<\/td>\n<td>Dr. Katja Horneffer<\/td>\n<\/tr>\n<tr>\n<td>09:45 \u2013 10:30<\/td>\n<td><strong>Digitalisierung von Wasserstr\u00f6men<\/strong><\/p>\n<ul class=\"list -unordered\">\n<li class=\"list__item\">Messdaten in Wert setzen<\/li>\n<li class=\"list__item\">Vom Monitoring zur nachhaltigen Infrastrukturplanung<\/li>\n<li class=\"list__item\">Urbane Wasserstr\u00f6me im Griff haben<\/li>\n<\/ul>\n<\/td>\n<td>Christian Pohl<br \/>\nDHI WASY GmbH<\/td>\n<\/tr>\n<tr>\n<td>10:30 \u2013 11:15<\/td>\n<td><strong>B\u00fcrger warnen \u2013 Werte sch\u00fctzen \u2013 von Haftung entlasten<\/strong><\/p>\n<ul class=\"list -unordered\">\n<li class=\"list__item\">Wie kommt die Kommune bei Starkregen \u201evor die Lage\u201c?<\/li>\n<li class=\"list__item\">Nutzen und Funktion des Fr\u00fchwarnsystems<\/li>\n<li class=\"list__item\">Umsetzung auch in Ihrer Kommune<\/li>\n<\/ul>\n<\/td>\n<td>Spekter GmbH<\/td>\n<\/tr>\n<tr>\n<td>11:15 \u2013 12:00<\/td>\n<td><strong>Dachbegr\u00fcnung \u2013 \u00f6kologische Regenwasserbewirtschaftung<\/strong><\/p>\n<ul class=\"list -unordered\">\n<li class=\"list__item\">Gute Gr\u00fcnde f\u00fcr die Dachbegr\u00fcnung<\/li>\n<li class=\"list__item\">Das Retentionsgr\u00fcndach als Baustein einer wassersensiblen Stadt<\/li>\n<li class=\"list__item\">Gr\u00fcndachprojekte weltweit \u2013 das Auge plant mit<\/li>\n<\/ul>\n<\/td>\n<td>Dieter Schenk<br \/>\nZinCo GmbH<\/td>\n<\/tr>\n<tr>\n<td>12:00 &#8211; 13:00<\/td>\n<td><strong>Pause<\/strong><\/td>\n<td><\/td>\n<\/tr>\n<tr>\n<td>13:00 \u2013 13:45<\/td>\n<td><strong>Starkregenmanagement in Zeiten des Klimawandels<\/strong><\/p>\n<ul class=\"list -unordered\">\n<li class=\"list__item\">Kommunales Starkregenrisikomanagement<\/li>\n<li class=\"list__item\">Hydrodynamische Kanalnetze als zentraler Bestandteil des Schwammstadtkonzeptes<\/li>\n<li class=\"list__item\">\u00dcberflutungsschutz auf dem Grundst\u00fcck<\/li>\n<\/ul>\n<\/td>\n<td>Hagen G\u00fcssow<br \/>\nREHAU Industries<\/td>\n<\/tr>\n<tr>\n<td>13:45 \u2013 14:30<\/td>\n<td><strong>Regenwasser nutzen und die Umwelt schonen \u2013 Vorstellung eines Gro\u00dfprojektes<\/strong><\/p>\n<ul class=\"list -unordered\">\n<li class=\"list__item\">Ermittlung notwendiges R\u00fcckhaltevolumen \/ Vergleich Bedarf und vorhandene Ressource<\/li>\n<li class=\"list__item\">Planungsprozess einer unterirdischen Regenwassernutzungsanlage mit 1500 m\u00b3<\/li>\n<li class=\"list__item\">Bauliche Umsetzung innerhalb von 6 Monaten bei rund 8.500 m\u00b3 Erdbewegungen<\/li>\n<\/ul>\n<\/td>\n<td>Franziska Gelhard<br \/>\nAndreas Zacherl<br \/>\nGBI Kommunale Infrastruktur GmbH &amp; Co. KG<\/td>\n<\/tr>\n<tr>\n<td>14:30 \u2013 15:15<\/td>\n<td><strong>Gesamtwirtschaftlicher und nachhaltiger Denkansatz<\/strong><\/p>\n<ul class=\"list -unordered\">\n<li class=\"list__item\">Von der Produktion \u00fcber Einbau und Betrieb bis zum Materialr\u00fccklauf \u2013 so sieht Kreislaufwirtschaft aus \u2013 und das zertifiziert<\/li>\n<\/ul>\n<\/td>\n<td>Hagen G\u00fcssow<br \/>\nREHAU Industries<\/td>\n<\/tr>\n<tr>\n<td>15:15 \u2013 16:00<\/td>\n<td><strong>Aktuelles aus der Normung<\/strong><\/p>\n<ul class=\"list -unordered\">\n<li class=\"list__item\">DWA-A 138 und A 102<\/li>\n<\/ul>\n<\/td>\n<td>Prof. Dr. H. Sieker<br \/>\nIngenieurgesellschaft Prof. Dr. Sieker mbH<\/td>\n<\/tr>\n<\/tbody>\n<\/table>\n<p>&nbsp;<\/p>\n<p>&nbsp;<\/p>\n<p><strong>Die Veranstaltung ist durch die IKTh mit 8 WB-Stunden anerkannt.<\/strong><\/p>\n<p>&nbsp;<\/p>\n<p><strong><a href=\"https:\/\/www.rehau.com\/de-de\/forum-regenwassermanagement-2024-agenda\" target=\"_blank\" rel=\"noopener\">Weitere Informationen<\/a><\/strong><\/p>\n","protected":false},"excerpt":{"rendered":"<p>Zeit Seminarinhalte Referenten 08:30 \u2013 09:00 Einleitung, Organisatorisches &amp; Vorstellung der Referenten 09:00 \u2013 09:45 Dauerregen oder D\u00fcrre \u2013 was ist das neue \u201eNormal\u201c? Wieso Extreme zunehmen, wenn es immer&hellip;<\/p>\n","protected":false},"author":7,"featured_media":0,"comment_status":"open","ping_status":"closed","template":"","meta":{"_acf_changed":false,"footnotes":""},"tags":[],"tribe_events_cat":[294,293],"class_list":["post-6624","tribe_events","type-tribe_events","status-publish","hentry","tribe_events_cat-tagung","tribe_events_cat-wasserwirtschaft","cat_tagung","cat_wasserwirtschaft","description-off"],"acf":[],"yoast_head":"<!-- This site is optimized with the Yoast SEO plugin v26.4 - https:\/\/yoast.com\/wordpress\/plugins\/seo\/ -->\n<title>&quot;Stark(er)Regentag\u201c - Forum RegenwasserManagement 2024 - Ingenieurkammer Th\u00fcringen<\/title>\n<meta name=\"robots\" content=\"index, follow, max-snippet:-1, max-image-preview:large, max-video-preview:-1\" \/>\n<link rel=\"canonical\" href=\"https:\/\/ikth.de\/startseite\/event\/starkerregentag-forum-regenwassermanagement-2024\/\" \/>\n<meta property=\"og:locale\" content=\"de_DE\" \/>\n<meta property=\"og:type\" content=\"article\" \/>\n<meta property=\"og:title\" content=\"&quot;Stark(er)Regentag\u201c - Forum RegenwasserManagement 2024 - Ingenieurkammer Th\u00fcringen\" \/>\n<meta property=\"og:description\" content=\"Zeit Seminarinhalte Referenten 08:30 \u2013 09:00 Einleitung, Organisatorisches &amp; Vorstellung der Referenten 09:00 \u2013 09:45 Dauerregen oder D\u00fcrre \u2013 was ist das neue \u201eNormal\u201c? Wieso Extreme zunehmen, wenn es immer&hellip;\" \/>\n<meta property=\"og:url\" content=\"https:\/\/ikth.de\/startseite\/event\/starkerregentag-forum-regenwassermanagement-2024\/\" \/>\n<meta property=\"og:site_name\" content=\"Ingenieurkammer Th\u00fcringen\" \/>\n<meta property=\"article:modified_time\" content=\"2024-04-18T06:06:08+00:00\" \/>\n<meta name=\"twitter:card\" content=\"summary_large_image\" \/>\n<meta name=\"twitter:label1\" content=\"Gesch\u00e4tzte Lesezeit\" \/>\n\t<meta name=\"twitter:data1\" content=\"2\u00a0Minuten\" \/>\n<script type=\"application\/ld+json\" class=\"yoast-schema-graph\">{\"@context\":\"https:\/\/schema.org\",\"@graph\":[{\"@type\":\"WebPage\",\"@id\":\"https:\/\/ikth.de\/startseite\/event\/starkerregentag-forum-regenwassermanagement-2024\/\",\"url\":\"https:\/\/ikth.de\/startseite\/event\/starkerregentag-forum-regenwassermanagement-2024\/\",\"name\":\"\\\"Stark(er)Regentag\u201c - Forum RegenwasserManagement 2024 - Ingenieurkammer Th\u00fcringen\",\"isPartOf\":{\"@id\":\"https:\/\/ikth.de\/startseite\/#website\"},\"datePublished\":\"2024-04-18T06:05:22+00:00\",\"dateModified\":\"2024-04-18T06:06:08+00:00\",\"breadcrumb\":{\"@id\":\"https:\/\/ikth.de\/startseite\/event\/starkerregentag-forum-regenwassermanagement-2024\/#breadcrumb\"},\"inLanguage\":\"de\",\"potentialAction\":[{\"@type\":\"ReadAction\",\"target\":[\"https:\/\/ikth.de\/startseite\/event\/starkerregentag-forum-regenwassermanagement-2024\/\"]}]},{\"@type\":\"BreadcrumbList\",\"@id\":\"https:\/\/ikth.de\/startseite\/event\/starkerregentag-forum-regenwassermanagement-2024\/#breadcrumb\",\"itemListElement\":[{\"@type\":\"ListItem\",\"position\":1,\"name\":\"Startseite\",\"item\":\"https:\/\/ikth.de\/startseite\/\"},{\"@type\":\"ListItem\",\"position\":2,\"name\":\"Veranstaltungen\",\"item\":\"https:\/\/ikth.de\/startseite\/veranstaltungen\/\"},{\"@type\":\"ListItem\",\"position\":3,\"name\":\"&#8222;Stark(er)Regentag\u201c &#8211; Forum RegenwasserManagement 2024\"}]},{\"@type\":\"WebSite\",\"@id\":\"https:\/\/ikth.de\/startseite\/#website\",\"url\":\"https:\/\/ikth.de\/startseite\/\",\"name\":\"Ingenieurkammer Th\u00fcringen\",\"description\":\"\",\"potentialAction\":[{\"@type\":\"SearchAction\",\"target\":{\"@type\":\"EntryPoint\",\"urlTemplate\":\"https:\/\/ikth.de\/startseite\/?s={search_term_string}\"},\"query-input\":{\"@type\":\"PropertyValueSpecification\",\"valueRequired\":true,\"valueName\":\"search_term_string\"}}],\"inLanguage\":\"de\"}]}<\/script>\n<!-- \/ Yoast SEO plugin. -->","yoast_head_json":{"title":"\"Stark(er)Regentag\u201c - Forum RegenwasserManagement 2024 - Ingenieurkammer Th\u00fcringen","robots":{"index":"index","follow":"follow","max-snippet":"max-snippet:-1","max-image-preview":"max-image-preview:large","max-video-preview":"max-video-preview:-1"},"canonical":"https:\/\/ikth.de\/startseite\/event\/starkerregentag-forum-regenwassermanagement-2024\/","og_locale":"de_DE","og_type":"article","og_title":"\"Stark(er)Regentag\u201c - Forum RegenwasserManagement 2024 - Ingenieurkammer Th\u00fcringen","og_description":"Zeit Seminarinhalte Referenten 08:30 \u2013 09:00 Einleitung, Organisatorisches &amp; Vorstellung der Referenten 09:00 \u2013 09:45 Dauerregen oder D\u00fcrre \u2013 was ist das neue \u201eNormal\u201c? Wieso Extreme zunehmen, wenn es immer&hellip;","og_url":"https:\/\/ikth.de\/startseite\/event\/starkerregentag-forum-regenwassermanagement-2024\/","og_site_name":"Ingenieurkammer Th\u00fcringen","article_modified_time":"2024-04-18T06:06:08+00:00","twitter_card":"summary_large_image","twitter_misc":{"Gesch\u00e4tzte Lesezeit":"2\u00a0Minuten"},"schema":{"@context":"https:\/\/schema.org","@graph":[{"@type":"WebPage","@id":"https:\/\/ikth.de\/startseite\/event\/starkerregentag-forum-regenwassermanagement-2024\/","url":"https:\/\/ikth.de\/startseite\/event\/starkerregentag-forum-regenwassermanagement-2024\/","name":"\"Stark(er)Regentag\u201c - Forum RegenwasserManagement 2024 - Ingenieurkammer Th\u00fcringen","isPartOf":{"@id":"https:\/\/ikth.de\/startseite\/#website"},"datePublished":"2024-04-18T06:05:22+00:00","dateModified":"2024-04-18T06:06:08+00:00","breadcrumb":{"@id":"https:\/\/ikth.de\/startseite\/event\/starkerregentag-forum-regenwassermanagement-2024\/#breadcrumb"},"inLanguage":"de","potentialAction":[{"@type":"ReadAction","target":["https:\/\/ikth.de\/startseite\/event\/starkerregentag-forum-regenwassermanagement-2024\/"]}]},{"@type":"BreadcrumbList","@id":"https:\/\/ikth.de\/startseite\/event\/starkerregentag-forum-regenwassermanagement-2024\/#breadcrumb","itemListElement":[{"@type":"ListItem","position":1,"name":"Startseite","item":"https:\/\/ikth.de\/startseite\/"},{"@type":"ListItem","position":2,"name":"Veranstaltungen","item":"https:\/\/ikth.de\/startseite\/veranstaltungen\/"},{"@type":"ListItem","position":3,"name":"&#8222;Stark(er)Regentag\u201c &#8211; Forum RegenwasserManagement 2024"}]},{"@type":"WebSite","@id":"https:\/\/ikth.de\/startseite\/#website","url":"https:\/\/ikth.de\/startseite\/","name":"Ingenieurkammer Th\u00fcringen","description":"","potentialAction":[{"@type":"SearchAction","target":{"@type":"EntryPoint","urlTemplate":"https:\/\/ikth.de\/startseite\/?s={search_term_string}"},"query-input":{"@type":"PropertyValueSpecification","valueRequired":true,"valueName":"search_term_string"}}],"inLanguage":"de"}]}},"_links":{"self":[{"href":"https:\/\/ikth.de\/startseite\/wp-json\/wp\/v2\/tribe_events\/6624","targetHints":{"allow":["GET"]}}],"collection":[{"href":"https:\/\/ikth.de\/startseite\/wp-json\/wp\/v2\/tribe_events"}],"about":[{"href":"https:\/\/ikth.de\/startseite\/wp-json\/wp\/v2\/types\/tribe_events"}],"author":[{"embeddable":true,"href":"https:\/\/ikth.de\/startseite\/wp-json\/wp\/v2\/users\/7"}],"replies":[{"embeddable":true,"href":"https:\/\/ikth.de\/startseite\/wp-json\/wp\/v2\/comments?post=6624"}],"version-history":[{"count":2,"href":"https:\/\/ikth.de\/startseite\/wp-json\/wp\/v2\/tribe_events\/6624\/revisions"}],"predecessor-version":[{"id":6627,"href":"https:\/\/ikth.de\/startseite\/wp-json\/wp\/v2\/tribe_events\/6624\/revisions\/6627"}],"wp:attachment":[{"href":"https:\/\/ikth.de\/startseite\/wp-json\/wp\/v2\/media?parent=6624"}],"wp:term":[{"taxonomy":"post_tag","embeddable":true,"href":"https:\/\/ikth.de\/startseite\/wp-json\/wp\/v2\/tags?post=6624"},{"taxonomy":"tribe_events_cat","embeddable":true,"href":"https:\/\/ikth.de\/startseite\/wp-json\/wp\/v2\/tribe_events_cat?post=6624"}],"curies":[{"name":"wp","href":"https:\/\/api.w.org\/{rel}","templated":true}]}}

<table class="Formatvorlage1 table">
<tbody>
<tr>
<td><strong>Zeit</strong></td>
<td><strong>Seminarinhalte</strong></td>
<td><strong>Referenten</strong></td>
</tr>
<tr>
<td>08:30 – 09:00</td>
<td><strong>Einleitung, Organisatorisches &amp; Vorstellung der Referenten</strong></td>
<td></td>
</tr>
<tr>
<td>09:00 – 09:45</td>
<td><strong>Dauerregen oder Dürre – was ist das neue „Normal“?</strong></p>
<ul class="list -unordered">
<li class="list__item">Wieso Extreme zunehmen, wenn es immer wärmer wird</li>
<li class="list__item">Welche Szenarien uns in der Zukunft erwarten</li>
</ul>
</td>
<td>Dr. Katja Horneffer</td>
</tr>
<tr>
<td>09:45 – 10:30</td>
<td><strong>Digitalisierung von Wasserströmen</strong></p>
<ul class="list -unordered">
<li class="list__item">Messdaten in Wert setzen</li>
<li class="list__item">Vom Monitoring zur nachhaltigen Infrastrukturplanung</li>
<li class="list__item">Urbane Wasserströme im Griff haben</li>
</ul>
</td>
<td>Christian Pohl<br />
DHI WASY GmbH</td>
</tr>
<tr>
<td>10:30 – 11:15</td>
<td><strong>Bürger warnen – Werte schützen – von Haftung entlasten</strong></p>
<ul class="list -unordered">
<li class="list__item">Wie kommt die Kommune bei Starkregen „vor die Lage“?</li>
<li class="list__item">Nutzen und Funktion des Frühwarnsystems</li>
<li class="list__item">Umsetzung auch in Ihrer Kommune</li>
</ul>
</td>
<td>Spekter GmbH</td>
</tr>
<tr>
<td>11:15 – 12:00</td>
<td><strong>Dachbegrünung – ökologische Regenwasserbewirtschaftung</strong></p>
<ul class="list -unordered">
<li class="list__item">Gute Gründe für die Dachbegrünung</li>
<li class="list__item">Das Retentionsgründach als Baustein einer wassersensiblen Stadt</li>
<li class="list__item">Gründachprojekte weltweit – das Auge plant mit</li>
</ul>
</td>
<td>Dieter Schenk<br />
ZinCo GmbH</td>
</tr>
<tr>
<td>12:00 &#8211; 13:00</td>
<td><strong>Pause</strong></td>
<td></td>
</tr>
<tr>
<td>13:00 – 13:45</td>
<td><strong>Starkregenmanagement in Zeiten des Klimawandels</strong></p>
<ul class="list -unordered">
<li class="list__item">Kommunales Starkregenrisikomanagement</li>
<li class="list__item">Hydrodynamische Kanalnetze als zentraler Bestandteil des Schwammstadtkonzeptes</li>
<li class="list__item">Überflutungsschutz auf dem Grundstück</li>
</ul>
</td>
<td>Hagen Güssow<br />
REHAU Industries</td>
</tr>
<tr>
<td>13:45 – 14:30</td>
<td><strong>Regenwasser nutzen und die Umwelt schonen – Vorstellung eines Großprojektes</strong></p>
<ul class="list -unordered">
<li class="list__item">Ermittlung notwendiges Rückhaltevolumen / Vergleich Bedarf und vorhandene Ressource</li>
<li class="list__item">Planungsprozess einer unterirdischen Regenwassernutzungsanlage mit 1500 m³</li>
<li class="list__item">Bauliche Umsetzung innerhalb von 6 Monaten bei rund 8.500 m³ Erdbewegungen</li>
</ul>
</td>
<td>Franziska Gelhard<br />
Andreas Zacherl<br />
GBI Kommunale Infrastruktur GmbH &amp; Co. KG</td>
</tr>
<tr>
<td>14:30 – 15:15</td>
<td><strong>Gesamtwirtschaftlicher und nachhaltiger Denkansatz</strong></p>
<ul class="list -unordered">
<li class="list__item">Von der Produktion über Einbau und Betrieb bis zum Materialrücklauf – so sieht Kreislaufwirtschaft aus – und das zertifiziert</li>
</ul>
</td>
<td>Hagen Güssow<br />
REHAU Industries</td>
</tr>
<tr>
<td>15:15 – 16:00</td>
<td><strong>Aktuelles aus der Normung</strong></p>
<ul class="list -unordered">
<li class="list__item">DWA-A 138 und A 102</li>
</ul>
</td>
<td>Prof. Dr. H. Sieker<br />
Ingenieurgesellschaft Prof. Dr. Sieker mbH</td>
</tr>
</tbody>
</table>
<p>&nbsp;</p>
<p>&nbsp;</p>
<p><strong>Die Veranstaltung ist durch die IKTh mit 8 WB-Stunden anerkannt.</strong></p>
<p>&nbsp;</p>
<p><strong><a href="https://www.rehau.com/de-de/forum-regenwassermanagement-2024-agenda" target="_blank" rel="noopener">Weitere Informationen</a></strong></p>

<p>Zeit Seminarinhalte Referenten 08:30 – 09:00 Einleitung, Organisatorisches &amp; Vorstellung der Referenten 09:00 – 09:45 Dauerregen oder Dürre – was ist das neue „Normal“? Wieso Extreme zunehmen, wenn es immer&hellip;</p>

<!-- This site is optimized with the Yoast SEO plugin v26.4 - https://yoast.com/wordpress/plugins/seo/ -->
<title>&quot;Stark(er)Regentag“ - Forum RegenwasserManagement 2024 - Ingenieurkammer Thüringen</title>
<meta name="robots" content="index, follow, max-snippet:-1, max-image-preview:large, max-video-preview:-1" />
<link rel="canonical" href="https://ikth.de/startseite/event/starkerregentag-forum-regenwassermanagement-2024/" />
<meta property="og:locale" content="de_DE" />
<meta property="og:type" content="article" />
<meta property="og:title" content="&quot;Stark(er)Regentag“ - Forum RegenwasserManagement 2024 - Ingenieurkammer Thüringen" />
<meta property="og:description" content="Zeit Seminarinhalte Referenten 08:30 – 09:00 Einleitung, Organisatorisches &amp; Vorstellung der Referenten 09:00 – 09:45 Dauerregen oder Dürre – was ist das neue „Normal“? Wieso Extreme zunehmen, wenn es immer&hellip;" />
<meta property="og:url" content="https://ikth.de/startseite/event/starkerregentag-forum-regenwassermanagement-2024/" />
<meta property="og:site_name" content="Ingenieurkammer Thüringen" />
<meta property="article:modified_time" content="2024-04-18T06:06:08+00:00" />
<meta name="twitter:card" content="summary_large_image" />
<meta name="twitter:label1" content="Geschätzte Lesezeit" />
	<meta name="twitter:data1" content="2 Minuten" />
<script type="application/ld+json" class="yoast-schema-graph">{"@context":"https://schema.org","@graph":[{"@type":"WebPage","@id":"https://ikth.de/startseite/event/starkerregentag-forum-regenwassermanagement-2024/","url":"https://ikth.de/startseite/event/starkerregentag-forum-regenwassermanagement-2024/","name":"\"Stark(er)Regentag“ - Forum RegenwasserManagement 2024 - Ingenieurkammer Thüringen","isPartOf":{"@id":"https://ikth.de/startseite/#website"},"datePublished":"2024-04-18T06:05:22+00:00","dateModified":"2024-04-18T06:06:08+00:00","breadcrumb":{"@id":"https://ikth.de/startseite/event/starkerregentag-forum-regenwassermanagement-2024/#breadcrumb"},"inLanguage":"de","potentialAction":[{"@type":"ReadAction","target":["https://ikth.de/startseite/event/starkerregentag-forum-regenwassermanagement-2024/"]}]},{"@type":"BreadcrumbList","@id":"https://ikth.de/startseite/event/starkerregentag-forum-regenwassermanagement-2024/#breadcrumb","itemListElement":[{"@type":"ListItem","position":1,"name":"Startseite","item":"https://ikth.de/startseite/"},{"@type":"ListItem","position":2,"name":"Veranstaltungen","item":"https://ikth.de/startseite/veranstaltungen/"},{"@type":"ListItem","position":3,"name":"&#8222;Stark(er)Regentag“ &#8211; Forum RegenwasserManagement 2024"}]},{"@type":"WebSite","@id":"https://ikth.de/startseite/#website","url":"https://ikth.de/startseite/","name":"Ingenieurkammer Thüringen","description":"","potentialAction":[{"@type":"SearchAction","target":{"@type":"EntryPoint","urlTemplate":"https://ikth.de/startseite/?s={search_term_string}"},"query-input":{"@type":"PropertyValueSpecification","valueRequired":true,"valueName":"search_term_string"}}],"inLanguage":"de"}]}</script>
<!-- / Yoast SEO plugin. -->

"Stark(er)Regentag“ - Forum RegenwasserManagement 2024 - Ingenieurkammer Thüringen

Zeit Seminarinhalte Referenten 08:30 – 09:00 Einleitung, Organisatorisches &amp; Vorstellung der Referenten 09:00 – 09:45 Dauerregen oder Dürre – was ist das neue „Normal“? Wieso Extreme zunehmen, wenn es immer&hellip;

Ingenieurkammer Thüringen
