{"id":6593,"date":"2024-04-02T10:34:30","date_gmt":"2024-04-02T08:34:30","guid":{"rendered":"https:\/\/ikth.de\/startseite\/?post_type=tribe_events&#038;p=6593"},"modified":"2024-04-02T10:43:33","modified_gmt":"2024-04-02T08:43:33","slug":"planer-symposium-verkehrsflaechen-der-strassen-und-wegebau","status":"publish","type":"tribe_events","link":"https:\/\/ikth.de\/startseite\/event\/planer-symposium-verkehrsflaechen-der-strassen-und-wegebau\/","title":{"rendered":"Planer Symposium \u2013 Verkehrsfl\u00e4chen \u2013 Der Stra\u00dfen- und Wegebau"},"content":{"rendered":"<div class=\"elementor-element elementor-element-271309c8 elementor-widget elementor-widget-heading\" data-id=\"271309c8\" data-element_type=\"widget\" data-widget_type=\"heading.default\">\n<div class=\"elementor-widget-container\">\n<h2 class=\"elementor-heading-title elementor-size-default\">Auf folgende Inhalte kannst Du Dich freuen:<\/h2>\n<\/div>\n<\/div>\n<div class=\"elementor-element elementor-element-519e1035 elementor-widget elementor-widget-text-editor\" data-id=\"519e1035\" data-element_type=\"widget\" data-widget_type=\"text-editor.default\">\n<div class=\"elementor-widget-container\">\n<h3>Im Lauf der Fortbildung:<\/h3>\n<\/div>\n<\/div>\n<p>&nbsp;<\/p>\n<p><strong>Deutscher Naturwerkstein Verband e.V.<\/strong><\/p>\n<ul>\n<li>Naturstein f\u00fcr den Stra\u00dfen- und Wegebau<\/li>\n<li>Entstehung der Natursteine<\/li>\n<li>Gewinnung und Bearbeitung von Naturstein<\/li>\n<li>Produktnormen f\u00fcr Naturstein im Stra\u00dfenbau<\/li>\n<li>Hinweise zur Bauausf\u00fchrung<\/li>\n<li>Hinweise zur Entw\u00e4sserung<\/li>\n<li>Nachhaltigkeitsstudie f\u00fcr den Stra\u00dfen- und Wegebau<\/li>\n<\/ul>\n<p>&nbsp;<\/p>\n<p><strong>H\u00f6rmann KG Verkaufsgesellschaft<\/strong><\/p>\n<ul>\n<li>Zufahrtkontrollsysteme:<\/li>\n<li>Schranken<\/li>\n<li>Poller<\/li>\n<li>Hochsicherheitssperren<\/li>\n<li>Bezahltes Parken<\/li>\n<\/ul>\n<p>&nbsp;<\/p>\n<p><strong>IBS GmbH<\/strong><\/p>\n<ul>\n<li>Verwertung mineralischer Abf\u00e4lle nach Ersatzbaustoffverordnung<\/li>\n<li>Ersatzbaustoffverordnung auf das HGT-in-situ Verfahren im Oberbau<\/li>\n<\/ul>\n<p><em>TYPISCHE PROBLEME<\/em><\/p>\n<ul>\n<li>Baugrund (oft schlecht oder zu wenig tragf\u00e4hig)<\/li>\n<li>Zeitdruck (die Baustelle soll schon fertig sein, bevor sie angefangen hat)<\/li>\n<li>Kostendruck (harter Wettbewerb, kaum M\u00f6glichkeiten f\u00fcr Ertr\u00e4ge)<\/li>\n<li>Ressourcen (weit weg oder schwierig und teuer heranzuschaffen, sollten geschont werden)<br \/>\nL\u00d6SUNG<\/li>\n<\/ul>\n<p>&nbsp;<\/p>\n<p><strong>Die Veranstaltung ist durch die IKTh mit 3 WB-Stunden anerkannt.<\/strong><\/p>\n<p>&nbsp;<\/p>\n<p><a href=\"https:\/\/www.wirliebenbau.de\/planer-symposium-verkehrsflaechen-der-strassen-und-wegebau\/\" target=\"_blank\" rel=\"noopener\"><strong>Weitere Informationen<\/strong><\/a><\/p>\n","protected":false},"excerpt":{"rendered":"<p>Auf folgende Inhalte kannst Du Dich freuen: Im Lauf der Fortbildung: &nbsp; Deutscher Naturwerkstein Verband e.V. Naturstein f\u00fcr den Stra\u00dfen- und Wegebau Entstehung der Natursteine Gewinnung und Bearbeitung von Naturstein&hellip;<\/p>\n","protected":false},"author":7,"featured_media":0,"comment_status":"open","ping_status":"closed","template":"","meta":{"_acf_changed":false,"footnotes":""},"tags":[],"tribe_events_cat":[305,42],"class_list":["post-6593","tribe_events","type-tribe_events","status-publish","hentry","tribe_events_cat-bauwesen","tribe_events_cat-online-veranstaltung","cat_bauwesen","cat_online-veranstaltung","description-off"],"acf":[],"yoast_head":"<!-- This site is optimized with the Yoast SEO plugin v26.4 - https:\/\/yoast.com\/wordpress\/plugins\/seo\/ -->\n<title>Planer Symposium \u2013 Verkehrsfl\u00e4chen \u2013 Der Stra\u00dfen- und Wegebau - Ingenieurkammer Th\u00fcringen<\/title>\n<meta name=\"robots\" content=\"index, follow, max-snippet:-1, max-image-preview:large, max-video-preview:-1\" \/>\n<link rel=\"canonical\" href=\"https:\/\/ikth.de\/startseite\/event\/planer-symposium-verkehrsflaechen-der-strassen-und-wegebau\/\" \/>\n<meta property=\"og:locale\" content=\"de_DE\" \/>\n<meta property=\"og:type\" content=\"article\" \/>\n<meta property=\"og:title\" content=\"Planer Symposium \u2013 Verkehrsfl\u00e4chen \u2013 Der Stra\u00dfen- und Wegebau - Ingenieurkammer Th\u00fcringen\" \/>\n<meta property=\"og:description\" content=\"Auf folgende Inhalte kannst Du Dich freuen: Im Lauf der Fortbildung: &nbsp; Deutscher Naturwerkstein Verband e.V. Naturstein f\u00fcr den Stra\u00dfen- und Wegebau Entstehung der Natursteine Gewinnung und Bearbeitung von Naturstein&hellip;\" \/>\n<meta property=\"og:url\" content=\"https:\/\/ikth.de\/startseite\/event\/planer-symposium-verkehrsflaechen-der-strassen-und-wegebau\/\" \/>\n<meta property=\"og:site_name\" content=\"Ingenieurkammer Th\u00fcringen\" \/>\n<meta property=\"article:modified_time\" content=\"2024-04-02T08:43:33+00:00\" \/>\n<meta name=\"twitter:card\" content=\"summary_large_image\" \/>\n<meta name=\"twitter:label1\" content=\"Gesch\u00e4tzte Lesezeit\" \/>\n\t<meta name=\"twitter:data1\" content=\"1\u00a0Minute\" \/>\n<script type=\"application\/ld+json\" class=\"yoast-schema-graph\">{\"@context\":\"https:\/\/schema.org\",\"@graph\":[{\"@type\":\"WebPage\",\"@id\":\"https:\/\/ikth.de\/startseite\/event\/planer-symposium-verkehrsflaechen-der-strassen-und-wegebau\/\",\"url\":\"https:\/\/ikth.de\/startseite\/event\/planer-symposium-verkehrsflaechen-der-strassen-und-wegebau\/\",\"name\":\"Planer Symposium \u2013 Verkehrsfl\u00e4chen \u2013 Der Stra\u00dfen- und Wegebau - Ingenieurkammer Th\u00fcringen\",\"isPartOf\":{\"@id\":\"https:\/\/ikth.de\/startseite\/#website\"},\"datePublished\":\"2024-04-02T08:34:30+00:00\",\"dateModified\":\"2024-04-02T08:43:33+00:00\",\"breadcrumb\":{\"@id\":\"https:\/\/ikth.de\/startseite\/event\/planer-symposium-verkehrsflaechen-der-strassen-und-wegebau\/#breadcrumb\"},\"inLanguage\":\"de\",\"potentialAction\":[{\"@type\":\"ReadAction\",\"target\":[\"https:\/\/ikth.de\/startseite\/event\/planer-symposium-verkehrsflaechen-der-strassen-und-wegebau\/\"]}]},{\"@type\":\"BreadcrumbList\",\"@id\":\"https:\/\/ikth.de\/startseite\/event\/planer-symposium-verkehrsflaechen-der-strassen-und-wegebau\/#breadcrumb\",\"itemListElement\":[{\"@type\":\"ListItem\",\"position\":1,\"name\":\"Startseite\",\"item\":\"https:\/\/ikth.de\/startseite\/\"},{\"@type\":\"ListItem\",\"position\":2,\"name\":\"Veranstaltungen\",\"item\":\"https:\/\/ikth.de\/startseite\/veranstaltungen\/\"},{\"@type\":\"ListItem\",\"position\":3,\"name\":\"Planer Symposium \u2013 Verkehrsfl\u00e4chen \u2013 Der Stra\u00dfen- und Wegebau\"}]},{\"@type\":\"WebSite\",\"@id\":\"https:\/\/ikth.de\/startseite\/#website\",\"url\":\"https:\/\/ikth.de\/startseite\/\",\"name\":\"Ingenieurkammer Th\u00fcringen\",\"description\":\"\",\"potentialAction\":[{\"@type\":\"SearchAction\",\"target\":{\"@type\":\"EntryPoint\",\"urlTemplate\":\"https:\/\/ikth.de\/startseite\/?s={search_term_string}\"},\"query-input\":{\"@type\":\"PropertyValueSpecification\",\"valueRequired\":true,\"valueName\":\"search_term_string\"}}],\"inLanguage\":\"de\"}]}<\/script>\n<!-- \/ Yoast SEO plugin. -->","yoast_head_json":{"title":"Planer Symposium \u2013 Verkehrsfl\u00e4chen \u2013 Der Stra\u00dfen- und Wegebau - Ingenieurkammer Th\u00fcringen","robots":{"index":"index","follow":"follow","max-snippet":"max-snippet:-1","max-image-preview":"max-image-preview:large","max-video-preview":"max-video-preview:-1"},"canonical":"https:\/\/ikth.de\/startseite\/event\/planer-symposium-verkehrsflaechen-der-strassen-und-wegebau\/","og_locale":"de_DE","og_type":"article","og_title":"Planer Symposium \u2013 Verkehrsfl\u00e4chen \u2013 Der Stra\u00dfen- und Wegebau - Ingenieurkammer Th\u00fcringen","og_description":"Auf folgende Inhalte kannst Du Dich freuen: Im Lauf der Fortbildung: &nbsp; Deutscher Naturwerkstein Verband e.V. Naturstein f\u00fcr den Stra\u00dfen- und Wegebau Entstehung der Natursteine Gewinnung und Bearbeitung von Naturstein&hellip;","og_url":"https:\/\/ikth.de\/startseite\/event\/planer-symposium-verkehrsflaechen-der-strassen-und-wegebau\/","og_site_name":"Ingenieurkammer Th\u00fcringen","article_modified_time":"2024-04-02T08:43:33+00:00","twitter_card":"summary_large_image","twitter_misc":{"Gesch\u00e4tzte Lesezeit":"1\u00a0Minute"},"schema":{"@context":"https:\/\/schema.org","@graph":[{"@type":"WebPage","@id":"https:\/\/ikth.de\/startseite\/event\/planer-symposium-verkehrsflaechen-der-strassen-und-wegebau\/","url":"https:\/\/ikth.de\/startseite\/event\/planer-symposium-verkehrsflaechen-der-strassen-und-wegebau\/","name":"Planer Symposium \u2013 Verkehrsfl\u00e4chen \u2013 Der Stra\u00dfen- und Wegebau - Ingenieurkammer Th\u00fcringen","isPartOf":{"@id":"https:\/\/ikth.de\/startseite\/#website"},"datePublished":"2024-04-02T08:34:30+00:00","dateModified":"2024-04-02T08:43:33+00:00","breadcrumb":{"@id":"https:\/\/ikth.de\/startseite\/event\/planer-symposium-verkehrsflaechen-der-strassen-und-wegebau\/#breadcrumb"},"inLanguage":"de","potentialAction":[{"@type":"ReadAction","target":["https:\/\/ikth.de\/startseite\/event\/planer-symposium-verkehrsflaechen-der-strassen-und-wegebau\/"]}]},{"@type":"BreadcrumbList","@id":"https:\/\/ikth.de\/startseite\/event\/planer-symposium-verkehrsflaechen-der-strassen-und-wegebau\/#breadcrumb","itemListElement":[{"@type":"ListItem","position":1,"name":"Startseite","item":"https:\/\/ikth.de\/startseite\/"},{"@type":"ListItem","position":2,"name":"Veranstaltungen","item":"https:\/\/ikth.de\/startseite\/veranstaltungen\/"},{"@type":"ListItem","position":3,"name":"Planer Symposium \u2013 Verkehrsfl\u00e4chen \u2013 Der Stra\u00dfen- und Wegebau"}]},{"@type":"WebSite","@id":"https:\/\/ikth.de\/startseite\/#website","url":"https:\/\/ikth.de\/startseite\/","name":"Ingenieurkammer Th\u00fcringen","description":"","potentialAction":[{"@type":"SearchAction","target":{"@type":"EntryPoint","urlTemplate":"https:\/\/ikth.de\/startseite\/?s={search_term_string}"},"query-input":{"@type":"PropertyValueSpecification","valueRequired":true,"valueName":"search_term_string"}}],"inLanguage":"de"}]}},"_links":{"self":[{"href":"https:\/\/ikth.de\/startseite\/wp-json\/wp\/v2\/tribe_events\/6593","targetHints":{"allow":["GET"]}}],"collection":[{"href":"https:\/\/ikth.de\/startseite\/wp-json\/wp\/v2\/tribe_events"}],"about":[{"href":"https:\/\/ikth.de\/startseite\/wp-json\/wp\/v2\/types\/tribe_events"}],"author":[{"embeddable":true,"href":"https:\/\/ikth.de\/startseite\/wp-json\/wp\/v2\/users\/7"}],"replies":[{"embeddable":true,"href":"https:\/\/ikth.de\/startseite\/wp-json\/wp\/v2\/comments?post=6593"}],"version-history":[{"count":3,"href":"https:\/\/ikth.de\/startseite\/wp-json\/wp\/v2\/tribe_events\/6593\/revisions"}],"predecessor-version":[{"id":6598,"href":"https:\/\/ikth.de\/startseite\/wp-json\/wp\/v2\/tribe_events\/6593\/revisions\/6598"}],"wp:attachment":[{"href":"https:\/\/ikth.de\/startseite\/wp-json\/wp\/v2\/media?parent=6593"}],"wp:term":[{"taxonomy":"post_tag","embeddable":true,"href":"https:\/\/ikth.de\/startseite\/wp-json\/wp\/v2\/tags?post=6593"},{"taxonomy":"tribe_events_cat","embeddable":true,"href":"https:\/\/ikth.de\/startseite\/wp-json\/wp\/v2\/tribe_events_cat?post=6593"}],"curies":[{"name":"wp","href":"https:\/\/api.w.org\/{rel}","templated":true}]}}

Planer Symposium – Verkehrsflächen – Der Straßen- und Wegebau

<div class="elementor-element elementor-element-271309c8 elementor-widget elementor-widget-heading" data-id="271309c8" data-element_type="widget" data-widget_type="heading.default">
<div class="elementor-widget-container">
<h2 class="elementor-heading-title elementor-size-default">Auf folgende Inhalte kannst Du Dich freuen:</h2>
</div>
</div>
<div class="elementor-element elementor-element-519e1035 elementor-widget elementor-widget-text-editor" data-id="519e1035" data-element_type="widget" data-widget_type="text-editor.default">
<div class="elementor-widget-container">
<h3>Im Lauf der Fortbildung:</h3>
</div>
</div>
<p>&nbsp;</p>
<p><strong>Deutscher Naturwerkstein Verband e.V.</strong></p>
<ul>
<li>Naturstein für den Straßen- und Wegebau</li>
<li>Entstehung der Natursteine</li>
<li>Gewinnung und Bearbeitung von Naturstein</li>
<li>Produktnormen für Naturstein im Straßenbau</li>
<li>Hinweise zur Bauausführung</li>
<li>Hinweise zur Entwässerung</li>
<li>Nachhaltigkeitsstudie für den Straßen- und Wegebau</li>
</ul>
<p>&nbsp;</p>
<p><strong>Hörmann KG Verkaufsgesellschaft</strong></p>
<ul>
<li>Zufahrtkontrollsysteme:</li>
<li>Schranken</li>
<li>Poller</li>
<li>Hochsicherheitssperren</li>
<li>Bezahltes Parken</li>
</ul>
<p>&nbsp;</p>
<p><strong>IBS GmbH</strong></p>
<ul>
<li>Verwertung mineralischer Abfälle nach Ersatzbaustoffverordnung</li>
<li>Ersatzbaustoffverordnung auf das HGT-in-situ Verfahren im Oberbau</li>
</ul>
<p><em>TYPISCHE PROBLEME</em></p>
<ul>
<li>Baugrund (oft schlecht oder zu wenig tragfähig)</li>
<li>Zeitdruck (die Baustelle soll schon fertig sein, bevor sie angefangen hat)</li>
<li>Kostendruck (harter Wettbewerb, kaum Möglichkeiten für Erträge)</li>
<li>Ressourcen (weit weg oder schwierig und teuer heranzuschaffen, sollten geschont werden)<br />
LÖSUNG</li>
</ul>
<p>&nbsp;</p>
<p><strong>Die Veranstaltung ist durch die IKTh mit 3 WB-Stunden anerkannt.</strong></p>
<p>&nbsp;</p>
<p><a href="https://www.wirliebenbau.de/planer-symposium-verkehrsflaechen-der-strassen-und-wegebau/" target="_blank" rel="noopener"><strong>Weitere Informationen</strong></a></p>

<p>Auf folgende Inhalte kannst Du Dich freuen: Im Lauf der Fortbildung: &nbsp; Deutscher Naturwerkstein Verband e.V. Naturstein für den Straßen- und Wegebau Entstehung der Natursteine Gewinnung und Bearbeitung von Naturstein&hellip;</p>

<!-- This site is optimized with the Yoast SEO plugin v26.4 - https://yoast.com/wordpress/plugins/seo/ -->
<title>Planer Symposium – Verkehrsflächen – Der Straßen- und Wegebau - Ingenieurkammer Thüringen</title>
<meta name="robots" content="index, follow, max-snippet:-1, max-image-preview:large, max-video-preview:-1" />
<link rel="canonical" href="https://ikth.de/startseite/event/planer-symposium-verkehrsflaechen-der-strassen-und-wegebau/" />
<meta property="og:locale" content="de_DE" />
<meta property="og:type" content="article" />
<meta property="og:title" content="Planer Symposium – Verkehrsflächen – Der Straßen- und Wegebau - Ingenieurkammer Thüringen" />
<meta property="og:description" content="Auf folgende Inhalte kannst Du Dich freuen: Im Lauf der Fortbildung: &nbsp; Deutscher Naturwerkstein Verband e.V. Naturstein für den Straßen- und Wegebau Entstehung der Natursteine Gewinnung und Bearbeitung von Naturstein&hellip;" />
<meta property="og:url" content="https://ikth.de/startseite/event/planer-symposium-verkehrsflaechen-der-strassen-und-wegebau/" />
<meta property="og:site_name" content="Ingenieurkammer Thüringen" />
<meta property="article:modified_time" content="2024-04-02T08:43:33+00:00" />
<meta name="twitter:card" content="summary_large_image" />
<meta name="twitter:label1" content="Geschätzte Lesezeit" />
	<meta name="twitter:data1" content="1 Minute" />
<script type="application/ld+json" class="yoast-schema-graph">{"@context":"https://schema.org","@graph":[{"@type":"WebPage","@id":"https://ikth.de/startseite/event/planer-symposium-verkehrsflaechen-der-strassen-und-wegebau/","url":"https://ikth.de/startseite/event/planer-symposium-verkehrsflaechen-der-strassen-und-wegebau/","name":"Planer Symposium – Verkehrsflächen – Der Straßen- und Wegebau - Ingenieurkammer Thüringen","isPartOf":{"@id":"https://ikth.de/startseite/#website"},"datePublished":"2024-04-02T08:34:30+00:00","dateModified":"2024-04-02T08:43:33+00:00","breadcrumb":{"@id":"https://ikth.de/startseite/event/planer-symposium-verkehrsflaechen-der-strassen-und-wegebau/#breadcrumb"},"inLanguage":"de","potentialAction":[{"@type":"ReadAction","target":["https://ikth.de/startseite/event/planer-symposium-verkehrsflaechen-der-strassen-und-wegebau/"]}]},{"@type":"BreadcrumbList","@id":"https://ikth.de/startseite/event/planer-symposium-verkehrsflaechen-der-strassen-und-wegebau/#breadcrumb","itemListElement":[{"@type":"ListItem","position":1,"name":"Startseite","item":"https://ikth.de/startseite/"},{"@type":"ListItem","position":2,"name":"Veranstaltungen","item":"https://ikth.de/startseite/veranstaltungen/"},{"@type":"ListItem","position":3,"name":"Planer Symposium – Verkehrsflächen – Der Straßen- und Wegebau"}]},{"@type":"WebSite","@id":"https://ikth.de/startseite/#website","url":"https://ikth.de/startseite/","name":"Ingenieurkammer Thüringen","description":"","potentialAction":[{"@type":"SearchAction","target":{"@type":"EntryPoint","urlTemplate":"https://ikth.de/startseite/?s={search_term_string}"},"query-input":{"@type":"PropertyValueSpecification","valueRequired":true,"valueName":"search_term_string"}}],"inLanguage":"de"}]}</script>
<!-- / Yoast SEO plugin. -->

Planer Symposium – Verkehrsflächen – Der Straßen- und Wegebau - Ingenieurkammer Thüringen

Auf folgende Inhalte kannst Du Dich freuen: Im Lauf der Fortbildung: &nbsp; Deutscher Naturwerkstein Verband e.V. Naturstein für den Straßen- und Wegebau Entstehung der Natursteine Gewinnung und Bearbeitung von Naturstein&hellip;

Ingenieurkammer Thüringen
