{"id":5522,"date":"2023-07-26T14:05:16","date_gmt":"2023-07-26T12:05:16","guid":{"rendered":"https:\/\/ikth.de\/startseite\/?post_type=tribe_events&#038;p=5522"},"modified":"2023-07-26T14:05:16","modified_gmt":"2023-07-26T12:05:16","slug":"online-veranstaltung-waermepumpen-in-der-sanierung","status":"publish","type":"tribe_events","link":"https:\/\/ikth.de\/startseite\/event\/online-veranstaltung-waermepumpen-in-der-sanierung\/","title":{"rendered":"Online Veranstaltung \u2013 W\u00e4rmepumpen in der Sanierung"},"content":{"rendered":"<p>In Zusammenarbeit mit unserem Partner <a href=\"https:\/\/www.wirliebenbau.de\/industriepartner\/glen-dimplex-deutschland-gmbh\/\" target=\"_blank\" rel=\"noopener\">Dimplex<\/a> bieten wir diese online Fortbildung f\u00fcr Architekten, Ingenieure und Energieberater an. Nicht nur im Bereich von Neubauten sind W\u00e4rmepumpen klar auf dem Vormarsch, sondern auch bei Sanierungen werden Heizungen immer h\u00e4ufiger auf effiziente W\u00e4rmepumpen umgestellt. Zugleich ist eine W\u00e4rmepumpe wunderbar geeignet f\u00fcr einen Energiemix im Wohnbereich, zum Beispiel im Verbund der Heizungsanlage mit Photovoltaik oder Solarthermie. Wir gehen in dieser Fortbildung intensiv alle relevanten Faktoren durch, die bei einem Sanierungsfall ber\u00fccksichtigt werden m\u00fcssen \u2013 ausgehend von den Besonderheiten der jeweiligen W\u00e4rmepumpentypen. Das Projekt beginnt mit der Berechnung der Heizlast nach DIN 12831. Es muss ermittelt werden, welche W\u00e4rmequellen in Frage kommen, also Luft, Luft\/Wasser oder Sole. Bei der Erdw\u00e4rme- oder Grundwassernutzung muss gepr\u00fcft werden, ob es vor Ort m\u00f6glich ist, die Grabungsarbeiten f\u00fcr die Sonde bzw. Kollektoren durchzuf\u00fchren. Gekl\u00e4rt sein muss ebenfalls, ob die W\u00e4rmepumpe auch f\u00fcr die Bereitung der Trinkwassererw\u00e4rmung herangezogen werden soll.<\/p>\n<p>Im Laufe der Fortbildung:<\/p>\n<table class=\"fortbildungs-beschreibung-tabelle\" width=\"1011\">\n<tbody>\n<tr>\n<td>\n<ul>\n<li>Grenzen der W\u00e4rmepumpentechnik<\/li>\n<li>W\u00e4rmepumpen und Heizk\u00f6rper \u2013 Geht das?<\/li>\n<li>Photovoltaik und W\u00e4rmepumpe \u2013 Der ideale Partner?<\/li>\n<\/ul>\n<\/td>\n<td>\n<ul>\n<li>Wie wirtschaftlich sind W\u00e4rmepumpen heute?<\/li>\n<li>Was bedeutet eigentlich Effizienz bei W\u00e4rmepumpen?<\/li>\n<\/ul>\n<\/td>\n<\/tr>\n<\/tbody>\n<\/table>\n<p>&nbsp;<\/p>\n<h3>Die Veranstaltung ist mit zwei Weiterbildungsstunden durch die IKTh anerkannt<\/h3>\n<p><a href=\"https:\/\/www.wirliebenbau.de\/online-veranstaltung-waermepumpen-in-der-sanierung\/\">zur Veranstaltung<\/a><\/p>\n<p>&nbsp;<\/p>\n","protected":false},"excerpt":{"rendered":"<p>In Zusammenarbeit mit unserem Partner Dimplex bieten wir diese online Fortbildung f\u00fcr Architekten, Ingenieure und Energieberater an. Nicht nur im Bereich von Neubauten sind W\u00e4rmepumpen klar auf dem Vormarsch, sondern&hellip;<\/p>\n","protected":false},"author":7,"featured_media":0,"comment_status":"open","ping_status":"closed","template":"","meta":{"_acf_changed":false,"footnotes":""},"tags":[],"tribe_events_cat":[305,303],"class_list":["post-5522","tribe_events","type-tribe_events","status-publish","hentry","tribe_events_cat-bauwesen","tribe_events_cat-din","cat_bauwesen","cat_din","description-off"],"acf":[],"yoast_head":"<!-- This site is optimized with the Yoast SEO plugin v26.4 - https:\/\/yoast.com\/wordpress\/plugins\/seo\/ -->\n<title>Online Veranstaltung \u2013 W\u00e4rmepumpen in der Sanierung - Ingenieurkammer Th\u00fcringen<\/title>\n<meta name=\"robots\" content=\"index, follow, max-snippet:-1, max-image-preview:large, max-video-preview:-1\" \/>\n<link rel=\"canonical\" href=\"https:\/\/ikth.de\/startseite\/event\/online-veranstaltung-waermepumpen-in-der-sanierung\/\" \/>\n<meta property=\"og:locale\" content=\"de_DE\" \/>\n<meta property=\"og:type\" content=\"article\" \/>\n<meta property=\"og:title\" content=\"Online Veranstaltung \u2013 W\u00e4rmepumpen in der Sanierung - Ingenieurkammer Th\u00fcringen\" \/>\n<meta property=\"og:description\" content=\"In Zusammenarbeit mit unserem Partner Dimplex bieten wir diese online Fortbildung f\u00fcr Architekten, Ingenieure und Energieberater an. Nicht nur im Bereich von Neubauten sind W\u00e4rmepumpen klar auf dem Vormarsch, sondern&hellip;\" \/>\n<meta property=\"og:url\" content=\"https:\/\/ikth.de\/startseite\/event\/online-veranstaltung-waermepumpen-in-der-sanierung\/\" \/>\n<meta property=\"og:site_name\" content=\"Ingenieurkammer Th\u00fcringen\" \/>\n<meta name=\"twitter:card\" content=\"summary_large_image\" \/>\n<meta name=\"twitter:label1\" content=\"Gesch\u00e4tzte Lesezeit\" \/>\n\t<meta name=\"twitter:data1\" content=\"2\u00a0Minuten\" \/>\n<script type=\"application\/ld+json\" class=\"yoast-schema-graph\">{\"@context\":\"https:\/\/schema.org\",\"@graph\":[{\"@type\":\"WebPage\",\"@id\":\"https:\/\/ikth.de\/startseite\/event\/online-veranstaltung-waermepumpen-in-der-sanierung\/\",\"url\":\"https:\/\/ikth.de\/startseite\/event\/online-veranstaltung-waermepumpen-in-der-sanierung\/\",\"name\":\"Online Veranstaltung \u2013 W\u00e4rmepumpen in der Sanierung - Ingenieurkammer Th\u00fcringen\",\"isPartOf\":{\"@id\":\"https:\/\/ikth.de\/startseite\/#website\"},\"datePublished\":\"2023-07-26T12:05:16+00:00\",\"breadcrumb\":{\"@id\":\"https:\/\/ikth.de\/startseite\/event\/online-veranstaltung-waermepumpen-in-der-sanierung\/#breadcrumb\"},\"inLanguage\":\"de\",\"potentialAction\":[{\"@type\":\"ReadAction\",\"target\":[\"https:\/\/ikth.de\/startseite\/event\/online-veranstaltung-waermepumpen-in-der-sanierung\/\"]}]},{\"@type\":\"BreadcrumbList\",\"@id\":\"https:\/\/ikth.de\/startseite\/event\/online-veranstaltung-waermepumpen-in-der-sanierung\/#breadcrumb\",\"itemListElement\":[{\"@type\":\"ListItem\",\"position\":1,\"name\":\"Startseite\",\"item\":\"https:\/\/ikth.de\/startseite\/\"},{\"@type\":\"ListItem\",\"position\":2,\"name\":\"Veranstaltungen\",\"item\":\"https:\/\/ikth.de\/startseite\/veranstaltungen\/\"},{\"@type\":\"ListItem\",\"position\":3,\"name\":\"Online Veranstaltung \u2013 W\u00e4rmepumpen in der Sanierung\"}]},{\"@type\":\"WebSite\",\"@id\":\"https:\/\/ikth.de\/startseite\/#website\",\"url\":\"https:\/\/ikth.de\/startseite\/\",\"name\":\"Ingenieurkammer Th\u00fcringen\",\"description\":\"\",\"potentialAction\":[{\"@type\":\"SearchAction\",\"target\":{\"@type\":\"EntryPoint\",\"urlTemplate\":\"https:\/\/ikth.de\/startseite\/?s={search_term_string}\"},\"query-input\":{\"@type\":\"PropertyValueSpecification\",\"valueRequired\":true,\"valueName\":\"search_term_string\"}}],\"inLanguage\":\"de\"}]}<\/script>\n<!-- \/ Yoast SEO plugin. -->","yoast_head_json":{"title":"Online Veranstaltung \u2013 W\u00e4rmepumpen in der Sanierung - Ingenieurkammer Th\u00fcringen","robots":{"index":"index","follow":"follow","max-snippet":"max-snippet:-1","max-image-preview":"max-image-preview:large","max-video-preview":"max-video-preview:-1"},"canonical":"https:\/\/ikth.de\/startseite\/event\/online-veranstaltung-waermepumpen-in-der-sanierung\/","og_locale":"de_DE","og_type":"article","og_title":"Online Veranstaltung \u2013 W\u00e4rmepumpen in der Sanierung - Ingenieurkammer Th\u00fcringen","og_description":"In Zusammenarbeit mit unserem Partner Dimplex bieten wir diese online Fortbildung f\u00fcr Architekten, Ingenieure und Energieberater an. Nicht nur im Bereich von Neubauten sind W\u00e4rmepumpen klar auf dem Vormarsch, sondern&hellip;","og_url":"https:\/\/ikth.de\/startseite\/event\/online-veranstaltung-waermepumpen-in-der-sanierung\/","og_site_name":"Ingenieurkammer Th\u00fcringen","twitter_card":"summary_large_image","twitter_misc":{"Gesch\u00e4tzte Lesezeit":"2\u00a0Minuten"},"schema":{"@context":"https:\/\/schema.org","@graph":[{"@type":"WebPage","@id":"https:\/\/ikth.de\/startseite\/event\/online-veranstaltung-waermepumpen-in-der-sanierung\/","url":"https:\/\/ikth.de\/startseite\/event\/online-veranstaltung-waermepumpen-in-der-sanierung\/","name":"Online Veranstaltung \u2013 W\u00e4rmepumpen in der Sanierung - Ingenieurkammer Th\u00fcringen","isPartOf":{"@id":"https:\/\/ikth.de\/startseite\/#website"},"datePublished":"2023-07-26T12:05:16+00:00","breadcrumb":{"@id":"https:\/\/ikth.de\/startseite\/event\/online-veranstaltung-waermepumpen-in-der-sanierung\/#breadcrumb"},"inLanguage":"de","potentialAction":[{"@type":"ReadAction","target":["https:\/\/ikth.de\/startseite\/event\/online-veranstaltung-waermepumpen-in-der-sanierung\/"]}]},{"@type":"BreadcrumbList","@id":"https:\/\/ikth.de\/startseite\/event\/online-veranstaltung-waermepumpen-in-der-sanierung\/#breadcrumb","itemListElement":[{"@type":"ListItem","position":1,"name":"Startseite","item":"https:\/\/ikth.de\/startseite\/"},{"@type":"ListItem","position":2,"name":"Veranstaltungen","item":"https:\/\/ikth.de\/startseite\/veranstaltungen\/"},{"@type":"ListItem","position":3,"name":"Online Veranstaltung \u2013 W\u00e4rmepumpen in der Sanierung"}]},{"@type":"WebSite","@id":"https:\/\/ikth.de\/startseite\/#website","url":"https:\/\/ikth.de\/startseite\/","name":"Ingenieurkammer Th\u00fcringen","description":"","potentialAction":[{"@type":"SearchAction","target":{"@type":"EntryPoint","urlTemplate":"https:\/\/ikth.de\/startseite\/?s={search_term_string}"},"query-input":{"@type":"PropertyValueSpecification","valueRequired":true,"valueName":"search_term_string"}}],"inLanguage":"de"}]}},"_links":{"self":[{"href":"https:\/\/ikth.de\/startseite\/wp-json\/wp\/v2\/tribe_events\/5522","targetHints":{"allow":["GET"]}}],"collection":[{"href":"https:\/\/ikth.de\/startseite\/wp-json\/wp\/v2\/tribe_events"}],"about":[{"href":"https:\/\/ikth.de\/startseite\/wp-json\/wp\/v2\/types\/tribe_events"}],"author":[{"embeddable":true,"href":"https:\/\/ikth.de\/startseite\/wp-json\/wp\/v2\/users\/7"}],"replies":[{"embeddable":true,"href":"https:\/\/ikth.de\/startseite\/wp-json\/wp\/v2\/comments?post=5522"}],"version-history":[{"count":1,"href":"https:\/\/ikth.de\/startseite\/wp-json\/wp\/v2\/tribe_events\/5522\/revisions"}],"predecessor-version":[{"id":5523,"href":"https:\/\/ikth.de\/startseite\/wp-json\/wp\/v2\/tribe_events\/5522\/revisions\/5523"}],"wp:attachment":[{"href":"https:\/\/ikth.de\/startseite\/wp-json\/wp\/v2\/media?parent=5522"}],"wp:term":[{"taxonomy":"post_tag","embeddable":true,"href":"https:\/\/ikth.de\/startseite\/wp-json\/wp\/v2\/tags?post=5522"},{"taxonomy":"tribe_events_cat","embeddable":true,"href":"https:\/\/ikth.de\/startseite\/wp-json\/wp\/v2\/tribe_events_cat?post=5522"}],"curies":[{"name":"wp","href":"https:\/\/api.w.org\/{rel}","templated":true}]}}

Online Veranstaltung – Wärmepumpen in der Sanierung

<p>In Zusammenarbeit mit unserem Partner <a href="https://www.wirliebenbau.de/industriepartner/glen-dimplex-deutschland-gmbh/" target="_blank" rel="noopener">Dimplex</a> bieten wir diese online Fortbildung für Architekten, Ingenieure und Energieberater an. Nicht nur im Bereich von Neubauten sind Wärmepumpen klar auf dem Vormarsch, sondern auch bei Sanierungen werden Heizungen immer häufiger auf effiziente Wärmepumpen umgestellt. Zugleich ist eine Wärmepumpe wunderbar geeignet für einen Energiemix im Wohnbereich, zum Beispiel im Verbund der Heizungsanlage mit Photovoltaik oder Solarthermie. Wir gehen in dieser Fortbildung intensiv alle relevanten Faktoren durch, die bei einem Sanierungsfall berücksichtigt werden müssen – ausgehend von den Besonderheiten der jeweiligen Wärmepumpentypen. Das Projekt beginnt mit der Berechnung der Heizlast nach DIN 12831. Es muss ermittelt werden, welche Wärmequellen in Frage kommen, also Luft, Luft/Wasser oder Sole. Bei der Erdwärme- oder Grundwassernutzung muss geprüft werden, ob es vor Ort möglich ist, die Grabungsarbeiten für die Sonde bzw. Kollektoren durchzuführen. Geklärt sein muss ebenfalls, ob die Wärmepumpe auch für die Bereitung der Trinkwassererwärmung herangezogen werden soll.</p>
<p>Im Laufe der Fortbildung:</p>
<table class="fortbildungs-beschreibung-tabelle" width="1011">
<tbody>
<tr>
<td>
<ul>
<li>Grenzen der Wärmepumpentechnik</li>
<li>Wärmepumpen und Heizkörper – Geht das?</li>
<li>Photovoltaik und Wärmepumpe – Der ideale Partner?</li>
</ul>
</td>
<td>
<ul>
<li>Wie wirtschaftlich sind Wärmepumpen heute?</li>
<li>Was bedeutet eigentlich Effizienz bei Wärmepumpen?</li>
</ul>
</td>
</tr>
</tbody>
</table>
<p>&nbsp;</p>
<h3>Die Veranstaltung ist mit zwei Weiterbildungsstunden durch die IKTh anerkannt</h3>
<p><a href="https://www.wirliebenbau.de/online-veranstaltung-waermepumpen-in-der-sanierung/">zur Veranstaltung</a></p>
<p>&nbsp;</p>

<p>In Zusammenarbeit mit unserem Partner Dimplex bieten wir diese online Fortbildung für Architekten, Ingenieure und Energieberater an. Nicht nur im Bereich von Neubauten sind Wärmepumpen klar auf dem Vormarsch, sondern&hellip;</p>

<!-- This site is optimized with the Yoast SEO plugin v26.4 - https://yoast.com/wordpress/plugins/seo/ -->
<title>Online Veranstaltung – Wärmepumpen in der Sanierung - Ingenieurkammer Thüringen</title>
<meta name="robots" content="index, follow, max-snippet:-1, max-image-preview:large, max-video-preview:-1" />
<link rel="canonical" href="https://ikth.de/startseite/event/online-veranstaltung-waermepumpen-in-der-sanierung/" />
<meta property="og:locale" content="de_DE" />
<meta property="og:type" content="article" />
<meta property="og:title" content="Online Veranstaltung – Wärmepumpen in der Sanierung - Ingenieurkammer Thüringen" />
<meta property="og:description" content="In Zusammenarbeit mit unserem Partner Dimplex bieten wir diese online Fortbildung für Architekten, Ingenieure und Energieberater an. Nicht nur im Bereich von Neubauten sind Wärmepumpen klar auf dem Vormarsch, sondern&hellip;" />
<meta property="og:url" content="https://ikth.de/startseite/event/online-veranstaltung-waermepumpen-in-der-sanierung/" />
<meta property="og:site_name" content="Ingenieurkammer Thüringen" />
<meta name="twitter:card" content="summary_large_image" />
<meta name="twitter:label1" content="Geschätzte Lesezeit" />
	<meta name="twitter:data1" content="2 Minuten" />
<script type="application/ld+json" class="yoast-schema-graph">{"@context":"https://schema.org","@graph":[{"@type":"WebPage","@id":"https://ikth.de/startseite/event/online-veranstaltung-waermepumpen-in-der-sanierung/","url":"https://ikth.de/startseite/event/online-veranstaltung-waermepumpen-in-der-sanierung/","name":"Online Veranstaltung – Wärmepumpen in der Sanierung - Ingenieurkammer Thüringen","isPartOf":{"@id":"https://ikth.de/startseite/#website"},"datePublished":"2023-07-26T12:05:16+00:00","breadcrumb":{"@id":"https://ikth.de/startseite/event/online-veranstaltung-waermepumpen-in-der-sanierung/#breadcrumb"},"inLanguage":"de","potentialAction":[{"@type":"ReadAction","target":["https://ikth.de/startseite/event/online-veranstaltung-waermepumpen-in-der-sanierung/"]}]},{"@type":"BreadcrumbList","@id":"https://ikth.de/startseite/event/online-veranstaltung-waermepumpen-in-der-sanierung/#breadcrumb","itemListElement":[{"@type":"ListItem","position":1,"name":"Startseite","item":"https://ikth.de/startseite/"},{"@type":"ListItem","position":2,"name":"Veranstaltungen","item":"https://ikth.de/startseite/veranstaltungen/"},{"@type":"ListItem","position":3,"name":"Online Veranstaltung – Wärmepumpen in der Sanierung"}]},{"@type":"WebSite","@id":"https://ikth.de/startseite/#website","url":"https://ikth.de/startseite/","name":"Ingenieurkammer Thüringen","description":"","potentialAction":[{"@type":"SearchAction","target":{"@type":"EntryPoint","urlTemplate":"https://ikth.de/startseite/?s={search_term_string}"},"query-input":{"@type":"PropertyValueSpecification","valueRequired":true,"valueName":"search_term_string"}}],"inLanguage":"de"}]}</script>
<!-- / Yoast SEO plugin. -->

Online Veranstaltung – Wärmepumpen in der Sanierung - Ingenieurkammer Thüringen

In Zusammenarbeit mit unserem Partner Dimplex bieten wir diese online Fortbildung für Architekten, Ingenieure und Energieberater an. Nicht nur im Bereich von Neubauten sind Wärmepumpen klar auf dem Vormarsch, sondern&hellip;

Ingenieurkammer Thüringen
