{"id":4761,"date":"2023-02-21T14:52:30","date_gmt":"2023-02-21T13:52:30","guid":{"rendered":"https:\/\/ikth.de\/startseite\/?post_type=tribe_events&#038;p=4761"},"modified":"2023-02-21T14:52:30","modified_gmt":"2023-02-21T13:52:30","slug":"brandschutz-praktisch-bauteildurchdringungen-von-der-planung-bis-zur-abrechnung-2","status":"publish","type":"tribe_events","link":"https:\/\/ikth.de\/startseite\/event\/brandschutz-praktisch-bauteildurchdringungen-von-der-planung-bis-zur-abrechnung-2\/2023-05-25\/","title":{"rendered":"Brandschutz praktisch \u2013 Bauteildurchdringungen von der Planung bis zur Abrechnung"},"content":{"rendered":"<h3>Die Veranstaltung ist mit 2 Weiterbildungsstunden anerkannt.<\/h3>\n<p>Die online Fortbildung mit unserem Partner <a href=\"https:\/\/www.wirliebenbau.de\/industriepartner\/knauf-insulation-technical-solutions-gmbh\/\" target=\"_blank\" rel=\"noopener\">Knauf Insulation<\/a> richtet sich an Ingenieure und Energieberater. Sie ist deutschlandweit von den Ingenieurkammern sowie der DENA akkreditiert. Wir erfahren in dieser Veranstaltung Schritt f\u00fcr Schritt alles Notwendige f\u00fcr s\u00e4mtliche Planungs-, Bau- sowie Abrechnungsphasen, von den Baubestimmungen \u00fcber die M\u00f6glichkeiten der Isolierung aus Gr\u00fcnden des Brandschutzes sowie Rohrabschottungen, gerade auch von Kunststoffrohren, nach GEG. Ebenso \u00fcber \u00c4nderungen w\u00e4hrend der Bauphase und notwendige Abweichungen von der Ausschreibung. Einen intensiven Blick werfen wir auch auf die Brandpr\u00fcfung und den Komplex Abnahme von Brandschutzsystemen.<\/p>\n<p>&nbsp;<\/p>\n","protected":false},"excerpt":{"rendered":"<p>Die Veranstaltung ist mit 2 Weiterbildungsstunden anerkannt. Die online Fortbildung mit unserem Partner Knauf Insulation richtet sich an Ingenieure und Energieberater. Sie ist deutschlandweit von den Ingenieurkammern sowie der DENA&hellip;<\/p>\n","protected":false},"author":7,"featured_media":0,"comment_status":"open","ping_status":"closed","template":"","meta":{"_acf_changed":false,"footnotes":""},"tags":[],"tribe_events_cat":[295],"class_list":["post-4761","tribe_events","type-tribe_events","status-publish","hentry","tribe_events_cat-brandschutz","cat_brandschutz","tribe-recurring-event","tribe-recurring-event-parent","description-off"],"acf":[],"yoast_head":"<!-- This site is optimized with the Yoast SEO plugin v26.4 - https:\/\/yoast.com\/wordpress\/plugins\/seo\/ -->\n<title>Brandschutz praktisch \u2013 Bauteildurchdringungen von der Planung bis zur Abrechnung - Ingenieurkammer Th\u00fcringen<\/title>\n<meta name=\"robots\" content=\"index, follow, max-snippet:-1, max-image-preview:large, max-video-preview:-1\" \/>\n<link rel=\"canonical\" href=\"https:\/\/ikth.de\/startseite\/event\/brandschutz-praktisch-bauteildurchdringungen-von-der-planung-bis-zur-abrechnung-2\/2023-05-25\/\" \/>\n<meta property=\"og:locale\" content=\"de_DE\" \/>\n<meta property=\"og:type\" content=\"article\" \/>\n<meta property=\"og:title\" content=\"Brandschutz praktisch \u2013 Bauteildurchdringungen von der Planung bis zur Abrechnung - Ingenieurkammer Th\u00fcringen\" \/>\n<meta property=\"og:description\" content=\"Die Veranstaltung ist mit 2 Weiterbildungsstunden anerkannt. Die online Fortbildung mit unserem Partner Knauf Insulation richtet sich an Ingenieure und Energieberater. Sie ist deutschlandweit von den Ingenieurkammern sowie der DENA&hellip;\" \/>\n<meta property=\"og:url\" content=\"https:\/\/ikth.de\/startseite\/event\/brandschutz-praktisch-bauteildurchdringungen-von-der-planung-bis-zur-abrechnung-2\/2023-05-25\/\" \/>\n<meta property=\"og:site_name\" content=\"Ingenieurkammer Th\u00fcringen\" \/>\n<meta name=\"twitter:card\" content=\"summary_large_image\" \/>\n<meta name=\"twitter:label1\" content=\"Gesch\u00e4tzte Lesezeit\" \/>\n\t<meta name=\"twitter:data1\" content=\"1\u00a0Minute\" \/>\n<script type=\"application\/ld+json\" class=\"yoast-schema-graph\">{\"@context\":\"https:\/\/schema.org\",\"@graph\":[{\"@type\":\"WebPage\",\"@id\":\"https:\/\/ikth.de\/startseite\/event\/brandschutz-praktisch-bauteildurchdringungen-von-der-planung-bis-zur-abrechnung-2\/2023-05-25\/\",\"url\":\"https:\/\/ikth.de\/startseite\/event\/brandschutz-praktisch-bauteildurchdringungen-von-der-planung-bis-zur-abrechnung-2\/2023-05-25\/\",\"name\":\"Brandschutz praktisch \u2013 Bauteildurchdringungen von der Planung bis zur Abrechnung - Ingenieurkammer Th\u00fcringen\",\"isPartOf\":{\"@id\":\"https:\/\/ikth.de\/startseite\/#website\"},\"datePublished\":\"2023-02-21T13:52:30+00:00\",\"breadcrumb\":{\"@id\":\"https:\/\/ikth.de\/startseite\/event\/brandschutz-praktisch-bauteildurchdringungen-von-der-planung-bis-zur-abrechnung-2\/2023-05-25\/#breadcrumb\"},\"inLanguage\":\"de\",\"potentialAction\":[{\"@type\":\"ReadAction\",\"target\":[\"https:\/\/ikth.de\/startseite\/event\/brandschutz-praktisch-bauteildurchdringungen-von-der-planung-bis-zur-abrechnung-2\/2023-05-25\/\"]}]},{\"@type\":\"BreadcrumbList\",\"@id\":\"https:\/\/ikth.de\/startseite\/event\/brandschutz-praktisch-bauteildurchdringungen-von-der-planung-bis-zur-abrechnung-2\/2023-05-25\/#breadcrumb\",\"itemListElement\":[{\"@type\":\"ListItem\",\"position\":1,\"name\":\"Startseite\",\"item\":\"https:\/\/ikth.de\/startseite\/\"},{\"@type\":\"ListItem\",\"position\":2,\"name\":\"Veranstaltungen\",\"item\":\"https:\/\/ikth.de\/startseite\/veranstaltungen\/\"},{\"@type\":\"ListItem\",\"position\":3,\"name\":\"Brandschutz praktisch \u2013 Bauteildurchdringungen von der Planung bis zur Abrechnung\"}]},{\"@type\":\"WebSite\",\"@id\":\"https:\/\/ikth.de\/startseite\/#website\",\"url\":\"https:\/\/ikth.de\/startseite\/\",\"name\":\"Ingenieurkammer Th\u00fcringen\",\"description\":\"\",\"potentialAction\":[{\"@type\":\"SearchAction\",\"target\":{\"@type\":\"EntryPoint\",\"urlTemplate\":\"https:\/\/ikth.de\/startseite\/?s={search_term_string}\"},\"query-input\":{\"@type\":\"PropertyValueSpecification\",\"valueRequired\":true,\"valueName\":\"search_term_string\"}}],\"inLanguage\":\"de\"}]}<\/script>\n<!-- \/ Yoast SEO plugin. -->","yoast_head_json":{"title":"Brandschutz praktisch \u2013 Bauteildurchdringungen von der Planung bis zur Abrechnung - Ingenieurkammer Th\u00fcringen","robots":{"index":"index","follow":"follow","max-snippet":"max-snippet:-1","max-image-preview":"max-image-preview:large","max-video-preview":"max-video-preview:-1"},"canonical":"https:\/\/ikth.de\/startseite\/event\/brandschutz-praktisch-bauteildurchdringungen-von-der-planung-bis-zur-abrechnung-2\/2023-05-25\/","og_locale":"de_DE","og_type":"article","og_title":"Brandschutz praktisch \u2013 Bauteildurchdringungen von der Planung bis zur Abrechnung - Ingenieurkammer Th\u00fcringen","og_description":"Die Veranstaltung ist mit 2 Weiterbildungsstunden anerkannt. Die online Fortbildung mit unserem Partner Knauf Insulation richtet sich an Ingenieure und Energieberater. Sie ist deutschlandweit von den Ingenieurkammern sowie der DENA&hellip;","og_url":"https:\/\/ikth.de\/startseite\/event\/brandschutz-praktisch-bauteildurchdringungen-von-der-planung-bis-zur-abrechnung-2\/2023-05-25\/","og_site_name":"Ingenieurkammer Th\u00fcringen","twitter_card":"summary_large_image","twitter_misc":{"Gesch\u00e4tzte Lesezeit":"1\u00a0Minute"},"schema":{"@context":"https:\/\/schema.org","@graph":[{"@type":"WebPage","@id":"https:\/\/ikth.de\/startseite\/event\/brandschutz-praktisch-bauteildurchdringungen-von-der-planung-bis-zur-abrechnung-2\/2023-05-25\/","url":"https:\/\/ikth.de\/startseite\/event\/brandschutz-praktisch-bauteildurchdringungen-von-der-planung-bis-zur-abrechnung-2\/2023-05-25\/","name":"Brandschutz praktisch \u2013 Bauteildurchdringungen von der Planung bis zur Abrechnung - Ingenieurkammer Th\u00fcringen","isPartOf":{"@id":"https:\/\/ikth.de\/startseite\/#website"},"datePublished":"2023-02-21T13:52:30+00:00","breadcrumb":{"@id":"https:\/\/ikth.de\/startseite\/event\/brandschutz-praktisch-bauteildurchdringungen-von-der-planung-bis-zur-abrechnung-2\/2023-05-25\/#breadcrumb"},"inLanguage":"de","potentialAction":[{"@type":"ReadAction","target":["https:\/\/ikth.de\/startseite\/event\/brandschutz-praktisch-bauteildurchdringungen-von-der-planung-bis-zur-abrechnung-2\/2023-05-25\/"]}]},{"@type":"BreadcrumbList","@id":"https:\/\/ikth.de\/startseite\/event\/brandschutz-praktisch-bauteildurchdringungen-von-der-planung-bis-zur-abrechnung-2\/2023-05-25\/#breadcrumb","itemListElement":[{"@type":"ListItem","position":1,"name":"Startseite","item":"https:\/\/ikth.de\/startseite\/"},{"@type":"ListItem","position":2,"name":"Veranstaltungen","item":"https:\/\/ikth.de\/startseite\/veranstaltungen\/"},{"@type":"ListItem","position":3,"name":"Brandschutz praktisch \u2013 Bauteildurchdringungen von der Planung bis zur Abrechnung"}]},{"@type":"WebSite","@id":"https:\/\/ikth.de\/startseite\/#website","url":"https:\/\/ikth.de\/startseite\/","name":"Ingenieurkammer Th\u00fcringen","description":"","potentialAction":[{"@type":"SearchAction","target":{"@type":"EntryPoint","urlTemplate":"https:\/\/ikth.de\/startseite\/?s={search_term_string}"},"query-input":{"@type":"PropertyValueSpecification","valueRequired":true,"valueName":"search_term_string"}}],"inLanguage":"de"}]}},"_links":{"self":[{"href":"https:\/\/ikth.de\/startseite\/wp-json\/wp\/v2\/tribe_events\/4761","targetHints":{"allow":["GET"]}}],"collection":[{"href":"https:\/\/ikth.de\/startseite\/wp-json\/wp\/v2\/tribe_events"}],"about":[{"href":"https:\/\/ikth.de\/startseite\/wp-json\/wp\/v2\/types\/tribe_events"}],"author":[{"embeddable":true,"href":"https:\/\/ikth.de\/startseite\/wp-json\/wp\/v2\/users\/7"}],"replies":[{"embeddable":true,"href":"https:\/\/ikth.de\/startseite\/wp-json\/wp\/v2\/comments?post=4761"}],"version-history":[{"count":1,"href":"https:\/\/ikth.de\/startseite\/wp-json\/wp\/v2\/tribe_events\/4761\/revisions"}],"predecessor-version":[{"id":4762,"href":"https:\/\/ikth.de\/startseite\/wp-json\/wp\/v2\/tribe_events\/4761\/revisions\/4762"}],"wp:attachment":[{"href":"https:\/\/ikth.de\/startseite\/wp-json\/wp\/v2\/media?parent=4761"}],"wp:term":[{"taxonomy":"post_tag","embeddable":true,"href":"https:\/\/ikth.de\/startseite\/wp-json\/wp\/v2\/tags?post=4761"},{"taxonomy":"tribe_events_cat","embeddable":true,"href":"https:\/\/ikth.de\/startseite\/wp-json\/wp\/v2\/tribe_events_cat?post=4761"}],"curies":[{"name":"wp","href":"https:\/\/api.w.org\/{rel}","templated":true}]}}

<h3>Die Veranstaltung ist mit 2 Weiterbildungsstunden anerkannt.</h3>
<p>Die online Fortbildung mit unserem Partner <a href="https://www.wirliebenbau.de/industriepartner/knauf-insulation-technical-solutions-gmbh/" target="_blank" rel="noopener">Knauf Insulation</a> richtet sich an Ingenieure und Energieberater. Sie ist deutschlandweit von den Ingenieurkammern sowie der DENA akkreditiert. Wir erfahren in dieser Veranstaltung Schritt für Schritt alles Notwendige für sämtliche Planungs-, Bau- sowie Abrechnungsphasen, von den Baubestimmungen über die Möglichkeiten der Isolierung aus Gründen des Brandschutzes sowie Rohrabschottungen, gerade auch von Kunststoffrohren, nach GEG. Ebenso über Änderungen während der Bauphase und notwendige Abweichungen von der Ausschreibung. Einen intensiven Blick werfen wir auch auf die Brandprüfung und den Komplex Abnahme von Brandschutzsystemen.</p>
<p>&nbsp;</p>

<!-- This site is optimized with the Yoast SEO plugin v26.4 - https://yoast.com/wordpress/plugins/seo/ -->
<title>Brandschutz praktisch – Bauteildurchdringungen von der Planung bis zur Abrechnung - Ingenieurkammer Thüringen</title>
<meta name="robots" content="index, follow, max-snippet:-1, max-image-preview:large, max-video-preview:-1" />
<link rel="canonical" href="https://ikth.de/startseite/event/brandschutz-praktisch-bauteildurchdringungen-von-der-planung-bis-zur-abrechnung-2/2023-05-25/" />
<meta property="og:locale" content="de_DE" />
<meta property="og:type" content="article" />
<meta property="og:title" content="Brandschutz praktisch – Bauteildurchdringungen von der Planung bis zur Abrechnung - Ingenieurkammer Thüringen" />
<meta property="og:description" content="Die Veranstaltung ist mit 2 Weiterbildungsstunden anerkannt. Die online Fortbildung mit unserem Partner Knauf Insulation richtet sich an Ingenieure und Energieberater. Sie ist deutschlandweit von den Ingenieurkammern sowie der DENA&hellip;" />
<meta property="og:url" content="https://ikth.de/startseite/event/brandschutz-praktisch-bauteildurchdringungen-von-der-planung-bis-zur-abrechnung-2/2023-05-25/" />
<meta property="og:site_name" content="Ingenieurkammer Thüringen" />
<meta name="twitter:card" content="summary_large_image" />
<meta name="twitter:label1" content="Geschätzte Lesezeit" />
	<meta name="twitter:data1" content="1 Minute" />
<script type="application/ld+json" class="yoast-schema-graph">{"@context":"https://schema.org","@graph":[{"@type":"WebPage","@id":"https://ikth.de/startseite/event/brandschutz-praktisch-bauteildurchdringungen-von-der-planung-bis-zur-abrechnung-2/2023-05-25/","url":"https://ikth.de/startseite/event/brandschutz-praktisch-bauteildurchdringungen-von-der-planung-bis-zur-abrechnung-2/2023-05-25/","name":"Brandschutz praktisch – Bauteildurchdringungen von der Planung bis zur Abrechnung - Ingenieurkammer Thüringen","isPartOf":{"@id":"https://ikth.de/startseite/#website"},"datePublished":"2023-02-21T13:52:30+00:00","breadcrumb":{"@id":"https://ikth.de/startseite/event/brandschutz-praktisch-bauteildurchdringungen-von-der-planung-bis-zur-abrechnung-2/2023-05-25/#breadcrumb"},"inLanguage":"de","potentialAction":[{"@type":"ReadAction","target":["https://ikth.de/startseite/event/brandschutz-praktisch-bauteildurchdringungen-von-der-planung-bis-zur-abrechnung-2/2023-05-25/"]}]},{"@type":"BreadcrumbList","@id":"https://ikth.de/startseite/event/brandschutz-praktisch-bauteildurchdringungen-von-der-planung-bis-zur-abrechnung-2/2023-05-25/#breadcrumb","itemListElement":[{"@type":"ListItem","position":1,"name":"Startseite","item":"https://ikth.de/startseite/"},{"@type":"ListItem","position":2,"name":"Veranstaltungen","item":"https://ikth.de/startseite/veranstaltungen/"},{"@type":"ListItem","position":3,"name":"Brandschutz praktisch – Bauteildurchdringungen von der Planung bis zur Abrechnung"}]},{"@type":"WebSite","@id":"https://ikth.de/startseite/#website","url":"https://ikth.de/startseite/","name":"Ingenieurkammer Thüringen","description":"","potentialAction":[{"@type":"SearchAction","target":{"@type":"EntryPoint","urlTemplate":"https://ikth.de/startseite/?s={search_term_string}"},"query-input":{"@type":"PropertyValueSpecification","valueRequired":true,"valueName":"search_term_string"}}],"inLanguage":"de"}]}</script>
<!-- / Yoast SEO plugin. -->

Brandschutz praktisch – Bauteildurchdringungen von der Planung bis zur Abrechnung - Ingenieurkammer Thüringen

Ingenieurkammer Thüringen
