{"id":46425,"date":"2026-04-30T12:29:03","date_gmt":"2026-04-30T10:29:03","guid":{"rendered":"https:\/\/ikth.de\/startseite\/?post_type=tribe_events&#038;p=46425"},"modified":"2026-04-30T12:29:03","modified_gmt":"2026-04-30T10:29:03","slug":"fassade-im-wandel-nachhaltige-konstruktionen-fuer-moderne-gebaeudehuellen","status":"publish","type":"tribe_events","link":"https:\/\/ikth.de\/startseite\/event\/fassade-im-wandel-nachhaltige-konstruktionen-fuer-moderne-gebaeudehuellen\/","title":{"rendered":"Fassade im Wandel: Nachhaltige Konstruktionen f\u00fcr moderne Geb\u00e4udeh\u00fcllen"},"content":{"rendered":"<div class=\"wpb-content-wrapper\"><p>[vc_row][vc_column][vc_column_text css=&#8220;&#8220;]<\/p>\n<div class=\"elementor-element elementor-element-8da698a elementor-widget elementor-widget-heading\" data-id=\"8da698a\" data-element_type=\"widget\" data-widget_type=\"heading.default\">\n<div class=\"elementor-widget-container\">\n<h2 class=\"elementor-heading-title elementor-size-default\">Auf folgende Inhalte kannst Du Dich freuen:<\/h2>\n<\/div>\n<\/div>\n<div class=\"elementor-element elementor-element-43db69fb elementor-widget elementor-widget-text-editor\" data-id=\"43db69fb\" data-element_type=\"widget\" data-widget_type=\"text-editor.default\">\n<div class=\"elementor-widget-container\">\n<p><strong data-start=\"134\" data-end=\"234\">Gewinne Sicherheit in der Planung moderner Fassaden \u2013 Sei bei unserer Fortbildung dabei!<\/strong><\/p>\n<p data-start=\"1561\" data-end=\"1917\"><a href=\"https:\/\/www.wirliebenbau.de\/industriepartner\/bemo-systems-gmbh\/\" target=\"_blank\" rel=\"noopener\">BEMO<\/a>\u00a0ordnet die vorgeh\u00e4ngte hinterl\u00fcftete Fassade (VHF) als zukunftsf\u00e4higes System f\u00fcr moderne Geb\u00e4udeh\u00fcllen ein. Im Fokus stehen konstruktive Grundlagen, gestalterische M\u00f6glichkeiten sowie der Einsatz der VHF in der Altbausanierung. Erg\u00e4nzend werden Nachhaltigkeitsaspekte wie Materialwahl, R\u00fcckbaubarkeit und Lebenszyklusbetrachtung thematisiert.<\/p>\n<p data-start=\"1561\" data-end=\"1917\"><a href=\"https:\/\/www.wirliebenbau.de\/industriepartner\/deutscher-naturwerkstein-verband-e-v\/\" target=\"_blank\" rel=\"noopener\">DNV<\/a>\u00a0gibt einen kompakten \u00dcberblick \u00fcber Naturstein als nachhaltigen Baustoff \u2013 von geologischen Grundlagen bis zu materialtypischen Vorteilen. Thematisiert werden Auswahl und Bemusterung, Einsatzm\u00f6glichkeiten als Au\u00dfenwandbekleidung sowie konstruktive Anforderungen nach DIN 18516-1 und DIN 18516-3. Erg\u00e4nzend werden Hinweise zu Natursteinmauerwerk, hinterl\u00fcfteten Fassaden und zur \u00d6kobilanz von Natursteinfassaden eingeordnet.<\/p>\n<p data-start=\"1561\" data-end=\"1917\"><a href=\"https:\/\/www.wirliebenbau.de\/industriepartner\/roma-kg\/\" target=\"_blank\" rel=\"noopener\">ROMA<\/a> stellt nachhaltige Sonnenschutzl\u00f6sungen f\u00fcr moderne Geb\u00e4udeh\u00fcllen in den Mittelpunkt. Thematisiert werden messbare Umweltkennwerte wie EPDs, sommerlicher Hitzeschutz, Schallemissionen sowie Lebensdauer und Wartungsaufwand. Zudem geht es um ressourcenschonende L\u00f6sungen im Bereich sicherheitsrelevanter Anforderungen und die systemgerechte Integration in unterschiedliche Fassadentypen mit bauphysikalisch sicheren Anschlussdetails.<\/p>\n<p data-start=\"1561\" data-end=\"1917\">Weitere Informationen sowie Anmeldung finden Sie unter:\u00a0<a href=\"https:\/\/www.wirliebenbau.de\/planer-symposium-fassade-im-wandel-nachhaltige-konstruktionen-fuer-moderne-gebaeudehuellen\/\" target=\"_blank\" rel=\"noopener\">https:\/\/www.wirliebenbau.de\/planer-symposium-fassade-im-wandel-nachhaltige-konstruktionen-fuer-moderne-gebaeudehuellen\/<\/a><\/p>\n<h2>Diese Veranstaltung wird mit 3 Weiterbildungsstunden anerkannt.<\/h2>\n<\/div>\n<\/div>\n<p>[\/vc_column_text][\/vc_column][\/vc_row]<\/p>\n<\/div>","protected":false},"excerpt":{"rendered":"<p>[vc_row][vc_column][vc_column_text css=&#8220;&#8220;] Auf folgende Inhalte kannst Du Dich freuen: Gewinne Sicherheit in der Planung moderner Fassaden \u2013 Sei bei unserer Fortbildung dabei! BEMO\u00a0ordnet die vorgeh\u00e4ngte hinterl\u00fcftete Fassade (VHF) als zukunftsf\u00e4higes&hellip;<\/p>\n","protected":false},"author":12,"featured_media":0,"comment_status":"open","ping_status":"closed","template":"","meta":{"_acf_changed":false,"footnotes":""},"tags":[],"tribe_events_cat":[305,304,42],"class_list":["post-46425","tribe_events","type-tribe_events","status-publish","hentry","tribe_events_cat-bauwesen","tribe_events_cat-nachhaltigkeit","tribe_events_cat-online-veranstaltung","cat_bauwesen","cat_nachhaltigkeit","cat_online-veranstaltung","description-off"],"acf":[],"yoast_head":"<!-- This site is optimized with the Yoast SEO plugin v26.4 - https:\/\/yoast.com\/wordpress\/plugins\/seo\/ -->\n<title>Fassade im Wandel: Nachhaltige Konstruktionen f\u00fcr moderne Geb\u00e4udeh\u00fcllen - Ingenieurkammer Th\u00fcringen<\/title>\n<meta name=\"robots\" content=\"index, follow, max-snippet:-1, max-image-preview:large, max-video-preview:-1\" \/>\n<link rel=\"canonical\" href=\"https:\/\/ikth.de\/startseite\/event\/fassade-im-wandel-nachhaltige-konstruktionen-fuer-moderne-gebaeudehuellen\/2026-05-08\/\" \/>\n<meta property=\"og:locale\" content=\"de_DE\" \/>\n<meta property=\"og:type\" content=\"article\" \/>\n<meta property=\"og:title\" content=\"Fassade im Wandel: Nachhaltige Konstruktionen f\u00fcr moderne Geb\u00e4udeh\u00fcllen - Ingenieurkammer Th\u00fcringen\" \/>\n<meta property=\"og:description\" content=\"[vc_row][vc_column][vc_column_text css=&#8220;&#8220;] Auf folgende Inhalte kannst Du Dich freuen: Gewinne Sicherheit in der Planung moderner Fassaden \u2013 Sei bei unserer Fortbildung dabei! BEMO\u00a0ordnet die vorgeh\u00e4ngte hinterl\u00fcftete Fassade (VHF) als zukunftsf\u00e4higes&hellip;\" \/>\n<meta property=\"og:url\" content=\"https:\/\/ikth.de\/startseite\/event\/fassade-im-wandel-nachhaltige-konstruktionen-fuer-moderne-gebaeudehuellen\/2026-05-08\/\" \/>\n<meta property=\"og:site_name\" content=\"Ingenieurkammer Th\u00fcringen\" \/>\n<meta name=\"twitter:card\" content=\"summary_large_image\" \/>\n<meta name=\"twitter:label1\" content=\"Gesch\u00e4tzte Lesezeit\" \/>\n\t<meta name=\"twitter:data1\" content=\"1\u00a0Minute\" \/>\n<script type=\"application\/ld+json\" class=\"yoast-schema-graph\">{\"@context\":\"https:\/\/schema.org\",\"@graph\":[{\"@type\":\"WebPage\",\"@id\":\"https:\/\/ikth.de\/startseite\/event\/fassade-im-wandel-nachhaltige-konstruktionen-fuer-moderne-gebaeudehuellen\/2026-05-08\/\",\"url\":\"https:\/\/ikth.de\/startseite\/event\/fassade-im-wandel-nachhaltige-konstruktionen-fuer-moderne-gebaeudehuellen\/2026-05-08\/\",\"name\":\"Fassade im Wandel: Nachhaltige Konstruktionen f\u00fcr moderne Geb\u00e4udeh\u00fcllen - Ingenieurkammer Th\u00fcringen\",\"isPartOf\":{\"@id\":\"https:\/\/ikth.de\/startseite\/#website\"},\"datePublished\":\"2026-04-30T10:29:03+00:00\",\"breadcrumb\":{\"@id\":\"https:\/\/ikth.de\/startseite\/event\/fassade-im-wandel-nachhaltige-konstruktionen-fuer-moderne-gebaeudehuellen\/2026-05-08\/#breadcrumb\"},\"inLanguage\":\"de\",\"potentialAction\":[{\"@type\":\"ReadAction\",\"target\":[\"https:\/\/ikth.de\/startseite\/event\/fassade-im-wandel-nachhaltige-konstruktionen-fuer-moderne-gebaeudehuellen\/2026-05-08\/\"]}]},{\"@type\":\"BreadcrumbList\",\"@id\":\"https:\/\/ikth.de\/startseite\/event\/fassade-im-wandel-nachhaltige-konstruktionen-fuer-moderne-gebaeudehuellen\/2026-05-08\/#breadcrumb\",\"itemListElement\":[{\"@type\":\"ListItem\",\"position\":1,\"name\":\"Startseite\",\"item\":\"https:\/\/ikth.de\/startseite\/\"},{\"@type\":\"ListItem\",\"position\":2,\"name\":\"Veranstaltungen\",\"item\":\"https:\/\/ikth.de\/startseite\/veranstaltungen\/\"},{\"@type\":\"ListItem\",\"position\":3,\"name\":\"Fassade im Wandel: Nachhaltige Konstruktionen f\u00fcr moderne Geb\u00e4udeh\u00fcllen\"}]},{\"@type\":\"WebSite\",\"@id\":\"https:\/\/ikth.de\/startseite\/#website\",\"url\":\"https:\/\/ikth.de\/startseite\/\",\"name\":\"Ingenieurkammer Th\u00fcringen\",\"description\":\"\",\"potentialAction\":[{\"@type\":\"SearchAction\",\"target\":{\"@type\":\"EntryPoint\",\"urlTemplate\":\"https:\/\/ikth.de\/startseite\/?s={search_term_string}\"},\"query-input\":{\"@type\":\"PropertyValueSpecification\",\"valueRequired\":true,\"valueName\":\"search_term_string\"}}],\"inLanguage\":\"de\"}]}<\/script>\n<!-- \/ Yoast SEO plugin. -->","yoast_head_json":{"title":"Fassade im Wandel: Nachhaltige Konstruktionen f\u00fcr moderne Geb\u00e4udeh\u00fcllen - Ingenieurkammer Th\u00fcringen","robots":{"index":"index","follow":"follow","max-snippet":"max-snippet:-1","max-image-preview":"max-image-preview:large","max-video-preview":"max-video-preview:-1"},"canonical":"https:\/\/ikth.de\/startseite\/event\/fassade-im-wandel-nachhaltige-konstruktionen-fuer-moderne-gebaeudehuellen\/2026-05-08\/","og_locale":"de_DE","og_type":"article","og_title":"Fassade im Wandel: Nachhaltige Konstruktionen f\u00fcr moderne Geb\u00e4udeh\u00fcllen - Ingenieurkammer Th\u00fcringen","og_description":"[vc_row][vc_column][vc_column_text css=&#8220;&#8220;] Auf folgende Inhalte kannst Du Dich freuen: Gewinne Sicherheit in der Planung moderner Fassaden \u2013 Sei bei unserer Fortbildung dabei! BEMO\u00a0ordnet die vorgeh\u00e4ngte hinterl\u00fcftete Fassade (VHF) als zukunftsf\u00e4higes&hellip;","og_url":"https:\/\/ikth.de\/startseite\/event\/fassade-im-wandel-nachhaltige-konstruktionen-fuer-moderne-gebaeudehuellen\/2026-05-08\/","og_site_name":"Ingenieurkammer Th\u00fcringen","twitter_card":"summary_large_image","twitter_misc":{"Gesch\u00e4tzte Lesezeit":"1\u00a0Minute"},"schema":{"@context":"https:\/\/schema.org","@graph":[{"@type":"WebPage","@id":"https:\/\/ikth.de\/startseite\/event\/fassade-im-wandel-nachhaltige-konstruktionen-fuer-moderne-gebaeudehuellen\/2026-05-08\/","url":"https:\/\/ikth.de\/startseite\/event\/fassade-im-wandel-nachhaltige-konstruktionen-fuer-moderne-gebaeudehuellen\/2026-05-08\/","name":"Fassade im Wandel: Nachhaltige Konstruktionen f\u00fcr moderne Geb\u00e4udeh\u00fcllen - Ingenieurkammer Th\u00fcringen","isPartOf":{"@id":"https:\/\/ikth.de\/startseite\/#website"},"datePublished":"2026-04-30T10:29:03+00:00","breadcrumb":{"@id":"https:\/\/ikth.de\/startseite\/event\/fassade-im-wandel-nachhaltige-konstruktionen-fuer-moderne-gebaeudehuellen\/2026-05-08\/#breadcrumb"},"inLanguage":"de","potentialAction":[{"@type":"ReadAction","target":["https:\/\/ikth.de\/startseite\/event\/fassade-im-wandel-nachhaltige-konstruktionen-fuer-moderne-gebaeudehuellen\/2026-05-08\/"]}]},{"@type":"BreadcrumbList","@id":"https:\/\/ikth.de\/startseite\/event\/fassade-im-wandel-nachhaltige-konstruktionen-fuer-moderne-gebaeudehuellen\/2026-05-08\/#breadcrumb","itemListElement":[{"@type":"ListItem","position":1,"name":"Startseite","item":"https:\/\/ikth.de\/startseite\/"},{"@type":"ListItem","position":2,"name":"Veranstaltungen","item":"https:\/\/ikth.de\/startseite\/veranstaltungen\/"},{"@type":"ListItem","position":3,"name":"Fassade im Wandel: Nachhaltige Konstruktionen f\u00fcr moderne Geb\u00e4udeh\u00fcllen"}]},{"@type":"WebSite","@id":"https:\/\/ikth.de\/startseite\/#website","url":"https:\/\/ikth.de\/startseite\/","name":"Ingenieurkammer Th\u00fcringen","description":"","potentialAction":[{"@type":"SearchAction","target":{"@type":"EntryPoint","urlTemplate":"https:\/\/ikth.de\/startseite\/?s={search_term_string}"},"query-input":{"@type":"PropertyValueSpecification","valueRequired":true,"valueName":"search_term_string"}}],"inLanguage":"de"}]}},"_links":{"self":[{"href":"https:\/\/ikth.de\/startseite\/wp-json\/wp\/v2\/tribe_events\/46425","targetHints":{"allow":["GET"]}}],"collection":[{"href":"https:\/\/ikth.de\/startseite\/wp-json\/wp\/v2\/tribe_events"}],"about":[{"href":"https:\/\/ikth.de\/startseite\/wp-json\/wp\/v2\/types\/tribe_events"}],"author":[{"embeddable":true,"href":"https:\/\/ikth.de\/startseite\/wp-json\/wp\/v2\/users\/12"}],"replies":[{"embeddable":true,"href":"https:\/\/ikth.de\/startseite\/wp-json\/wp\/v2\/comments?post=46425"}],"version-history":[{"count":1,"href":"https:\/\/ikth.de\/startseite\/wp-json\/wp\/v2\/tribe_events\/46425\/revisions"}],"predecessor-version":[{"id":46430,"href":"https:\/\/ikth.de\/startseite\/wp-json\/wp\/v2\/tribe_events\/46425\/revisions\/46430"}],"wp:attachment":[{"href":"https:\/\/ikth.de\/startseite\/wp-json\/wp\/v2\/media?parent=46425"}],"wp:term":[{"taxonomy":"post_tag","embeddable":true,"href":"https:\/\/ikth.de\/startseite\/wp-json\/wp\/v2\/tags?post=46425"},{"taxonomy":"tribe_events_cat","embeddable":true,"href":"https:\/\/ikth.de\/startseite\/wp-json\/wp\/v2\/tribe_events_cat?post=46425"}],"curies":[{"name":"wp","href":"https:\/\/api.w.org\/{rel}","templated":true}]}}

Fassade im Wandel: Nachhaltige Konstruktionen für moderne Gebäudehüllen

<div class="wpb-content-wrapper"><p>[vc_row][vc_column][vc_column_text css=&#8220;&#8220;]</p>
<div class="elementor-element elementor-element-8da698a elementor-widget elementor-widget-heading" data-id="8da698a" data-element_type="widget" data-widget_type="heading.default">
<div class="elementor-widget-container">
<h2 class="elementor-heading-title elementor-size-default">Auf folgende Inhalte kannst Du Dich freuen:</h2>
</div>
</div>
<div class="elementor-element elementor-element-43db69fb elementor-widget elementor-widget-text-editor" data-id="43db69fb" data-element_type="widget" data-widget_type="text-editor.default">
<div class="elementor-widget-container">
<p><strong data-start="134" data-end="234">Gewinne Sicherheit in der Planung moderner Fassaden – Sei bei unserer Fortbildung dabei!</strong></p>
<p data-start="1561" data-end="1917"><a href="https://www.wirliebenbau.de/industriepartner/bemo-systems-gmbh/" target="_blank" rel="noopener">BEMO</a> ordnet die vorgehängte hinterlüftete Fassade (VHF) als zukunftsfähiges System für moderne Gebäudehüllen ein. Im Fokus stehen konstruktive Grundlagen, gestalterische Möglichkeiten sowie der Einsatz der VHF in der Altbausanierung. Ergänzend werden Nachhaltigkeitsaspekte wie Materialwahl, Rückbaubarkeit und Lebenszyklusbetrachtung thematisiert.</p>
<p data-start="1561" data-end="1917"><a href="https://www.wirliebenbau.de/industriepartner/deutscher-naturwerkstein-verband-e-v/" target="_blank" rel="noopener">DNV</a> gibt einen kompakten Überblick über Naturstein als nachhaltigen Baustoff – von geologischen Grundlagen bis zu materialtypischen Vorteilen. Thematisiert werden Auswahl und Bemusterung, Einsatzmöglichkeiten als Außenwandbekleidung sowie konstruktive Anforderungen nach DIN 18516-1 und DIN 18516-3. Ergänzend werden Hinweise zu Natursteinmauerwerk, hinterlüfteten Fassaden und zur Ökobilanz von Natursteinfassaden eingeordnet.</p>
<p data-start="1561" data-end="1917"><a href="https://www.wirliebenbau.de/industriepartner/roma-kg/" target="_blank" rel="noopener">ROMA</a> stellt nachhaltige Sonnenschutzlösungen für moderne Gebäudehüllen in den Mittelpunkt. Thematisiert werden messbare Umweltkennwerte wie EPDs, sommerlicher Hitzeschutz, Schallemissionen sowie Lebensdauer und Wartungsaufwand. Zudem geht es um ressourcenschonende Lösungen im Bereich sicherheitsrelevanter Anforderungen und die systemgerechte Integration in unterschiedliche Fassadentypen mit bauphysikalisch sicheren Anschlussdetails.</p>
<p data-start="1561" data-end="1917">Weitere Informationen sowie Anmeldung finden Sie unter: <a href="https://www.wirliebenbau.de/planer-symposium-fassade-im-wandel-nachhaltige-konstruktionen-fuer-moderne-gebaeudehuellen/" target="_blank" rel="noopener">https://www.wirliebenbau.de/planer-symposium-fassade-im-wandel-nachhaltige-konstruktionen-fuer-moderne-gebaeudehuellen/</a></p>
<h2>Diese Veranstaltung wird mit 3 Weiterbildungsstunden anerkannt.</h2>
</div>
</div>
<p>[/vc_column_text][/vc_column][/vc_row]</p>
</div>

<p>[vc_row][vc_column][vc_column_text css=&#8220;&#8220;] Auf folgende Inhalte kannst Du Dich freuen: Gewinne Sicherheit in der Planung moderner Fassaden – Sei bei unserer Fortbildung dabei! BEMO ordnet die vorgehängte hinterlüftete Fassade (VHF) als zukunftsfähiges&hellip;</p>

<!-- This site is optimized with the Yoast SEO plugin v26.4 - https://yoast.com/wordpress/plugins/seo/ -->
<title>Fassade im Wandel: Nachhaltige Konstruktionen für moderne Gebäudehüllen - Ingenieurkammer Thüringen</title>
<meta name="robots" content="index, follow, max-snippet:-1, max-image-preview:large, max-video-preview:-1" />
<link rel="canonical" href="https://ikth.de/startseite/event/fassade-im-wandel-nachhaltige-konstruktionen-fuer-moderne-gebaeudehuellen/2026-05-08/" />
<meta property="og:locale" content="de_DE" />
<meta property="og:type" content="article" />
<meta property="og:title" content="Fassade im Wandel: Nachhaltige Konstruktionen für moderne Gebäudehüllen - Ingenieurkammer Thüringen" />
<meta property="og:description" content="[vc_row][vc_column][vc_column_text css=&#8220;&#8220;] Auf folgende Inhalte kannst Du Dich freuen: Gewinne Sicherheit in der Planung moderner Fassaden – Sei bei unserer Fortbildung dabei! BEMO ordnet die vorgehängte hinterlüftete Fassade (VHF) als zukunftsfähiges&hellip;" />
<meta property="og:url" content="https://ikth.de/startseite/event/fassade-im-wandel-nachhaltige-konstruktionen-fuer-moderne-gebaeudehuellen/2026-05-08/" />
<meta property="og:site_name" content="Ingenieurkammer Thüringen" />
<meta name="twitter:card" content="summary_large_image" />
<meta name="twitter:label1" content="Geschätzte Lesezeit" />
	<meta name="twitter:data1" content="1 Minute" />
<script type="application/ld+json" class="yoast-schema-graph">{"@context":"https://schema.org","@graph":[{"@type":"WebPage","@id":"https://ikth.de/startseite/event/fassade-im-wandel-nachhaltige-konstruktionen-fuer-moderne-gebaeudehuellen/2026-05-08/","url":"https://ikth.de/startseite/event/fassade-im-wandel-nachhaltige-konstruktionen-fuer-moderne-gebaeudehuellen/2026-05-08/","name":"Fassade im Wandel: Nachhaltige Konstruktionen für moderne Gebäudehüllen - Ingenieurkammer Thüringen","isPartOf":{"@id":"https://ikth.de/startseite/#website"},"datePublished":"2026-04-30T10:29:03+00:00","breadcrumb":{"@id":"https://ikth.de/startseite/event/fassade-im-wandel-nachhaltige-konstruktionen-fuer-moderne-gebaeudehuellen/2026-05-08/#breadcrumb"},"inLanguage":"de","potentialAction":[{"@type":"ReadAction","target":["https://ikth.de/startseite/event/fassade-im-wandel-nachhaltige-konstruktionen-fuer-moderne-gebaeudehuellen/2026-05-08/"]}]},{"@type":"BreadcrumbList","@id":"https://ikth.de/startseite/event/fassade-im-wandel-nachhaltige-konstruktionen-fuer-moderne-gebaeudehuellen/2026-05-08/#breadcrumb","itemListElement":[{"@type":"ListItem","position":1,"name":"Startseite","item":"https://ikth.de/startseite/"},{"@type":"ListItem","position":2,"name":"Veranstaltungen","item":"https://ikth.de/startseite/veranstaltungen/"},{"@type":"ListItem","position":3,"name":"Fassade im Wandel: Nachhaltige Konstruktionen für moderne Gebäudehüllen"}]},{"@type":"WebSite","@id":"https://ikth.de/startseite/#website","url":"https://ikth.de/startseite/","name":"Ingenieurkammer Thüringen","description":"","potentialAction":[{"@type":"SearchAction","target":{"@type":"EntryPoint","urlTemplate":"https://ikth.de/startseite/?s={search_term_string}"},"query-input":{"@type":"PropertyValueSpecification","valueRequired":true,"valueName":"search_term_string"}}],"inLanguage":"de"}]}</script>
<!-- / Yoast SEO plugin. -->

Fassade im Wandel: Nachhaltige Konstruktionen für moderne Gebäudehüllen - Ingenieurkammer Thüringen

[vc_row][vc_column][vc_column_text css=&#8220;&#8220;] Auf folgende Inhalte kannst Du Dich freuen: Gewinne Sicherheit in der Planung moderner Fassaden – Sei bei unserer Fortbildung dabei! BEMO ordnet die vorgehängte hinterlüftete Fassade (VHF) als zukunftsfähiges&hellip;

Ingenieurkammer Thüringen
