{"id":4542,"date":"2022-11-08T09:02:55","date_gmt":"2022-11-08T08:02:55","guid":{"rendered":"https:\/\/ikth.de\/startseite\/?post_type=tribe_events&#038;p=4542"},"modified":"2022-11-08T09:02:55","modified_gmt":"2022-11-08T08:02:55","slug":"5-tagung-nutzerorientierte-bausanierung","status":"publish","type":"tribe_events","link":"https:\/\/ikth.de\/startseite\/event\/5-tagung-nutzerorientierte-bausanierung\/","title":{"rendered":"5. Tagung Nutzerorientierte Bausanierung"},"content":{"rendered":"<p><a href=\"https:\/\/www.uni-weimar.de\/de\/bauingenieurwesen\/professuren\/bauchemie-und-polymere-werkstoffe\/5-tagung-nutzerorientierte-bausanierung\/\">weiterf\u00fchrende Informationen<\/a><\/p>\n<p>Die Veranstaltung ist mit in Summe 14,5 Weiterbildungsstunden \u00e1 45 min. anerkannt. (1. Tag = 7,5 WB-Stunden und 2. Tag = 7 WB-Stunden)<\/p>\n","protected":false},"excerpt":{"rendered":"<p>weiterf\u00fchrende Informationen Die Veranstaltung ist mit in Summe 14,5 Weiterbildungsstunden \u00e1 45 min. anerkannt. (1. Tag = 7,5 WB-Stunden und 2. Tag = 7 WB-Stunden)<\/p>\n","protected":false},"author":7,"featured_media":0,"comment_status":"open","ping_status":"closed","template":"","meta":{"_acf_changed":false,"footnotes":""},"tags":[],"tribe_events_cat":[305,290,296,162,310],"class_list":["post-4542","tribe_events","type-tribe_events","status-publish","hentry","tribe_events_cat-bauwesen","tribe_events_cat-bim","tribe_events_cat-energieberatung","tribe_events_cat-kongress","tribe_events_cat-sanierung","cat_bauwesen","cat_bim","cat_energieberatung","cat_kongress","cat_sanierung","description-off"],"acf":[],"yoast_head":"<!-- This site is optimized with the Yoast SEO plugin v26.4 - https:\/\/yoast.com\/wordpress\/plugins\/seo\/ -->\n<title>5. Tagung Nutzerorientierte Bausanierung - Ingenieurkammer Th\u00fcringen<\/title>\n<meta name=\"robots\" content=\"index, follow, max-snippet:-1, max-image-preview:large, max-video-preview:-1\" \/>\n<link rel=\"canonical\" href=\"https:\/\/ikth.de\/startseite\/event\/5-tagung-nutzerorientierte-bausanierung\/\" \/>\n<meta property=\"og:locale\" content=\"de_DE\" \/>\n<meta property=\"og:type\" content=\"article\" \/>\n<meta property=\"og:title\" content=\"5. Tagung Nutzerorientierte Bausanierung - Ingenieurkammer Th\u00fcringen\" \/>\n<meta property=\"og:description\" content=\"weiterf\u00fchrende Informationen Die Veranstaltung ist mit in Summe 14,5 Weiterbildungsstunden \u00e1 45 min. anerkannt. (1. Tag = 7,5 WB-Stunden und 2. Tag = 7 WB-Stunden)\" \/>\n<meta property=\"og:url\" content=\"https:\/\/ikth.de\/startseite\/event\/5-tagung-nutzerorientierte-bausanierung\/\" \/>\n<meta property=\"og:site_name\" content=\"Ingenieurkammer Th\u00fcringen\" \/>\n<meta name=\"twitter:card\" content=\"summary_large_image\" \/>\n<meta name=\"twitter:label1\" content=\"Gesch\u00e4tzte Lesezeit\" \/>\n\t<meta name=\"twitter:data1\" content=\"1\u00a0Minute\" \/>\n<script type=\"application\/ld+json\" class=\"yoast-schema-graph\">{\"@context\":\"https:\/\/schema.org\",\"@graph\":[{\"@type\":\"WebPage\",\"@id\":\"https:\/\/ikth.de\/startseite\/event\/5-tagung-nutzerorientierte-bausanierung\/\",\"url\":\"https:\/\/ikth.de\/startseite\/event\/5-tagung-nutzerorientierte-bausanierung\/\",\"name\":\"5. Tagung Nutzerorientierte Bausanierung - Ingenieurkammer Th\u00fcringen\",\"isPartOf\":{\"@id\":\"https:\/\/ikth.de\/startseite\/#website\"},\"datePublished\":\"2022-11-08T08:02:55+00:00\",\"breadcrumb\":{\"@id\":\"https:\/\/ikth.de\/startseite\/event\/5-tagung-nutzerorientierte-bausanierung\/#breadcrumb\"},\"inLanguage\":\"de\",\"potentialAction\":[{\"@type\":\"ReadAction\",\"target\":[\"https:\/\/ikth.de\/startseite\/event\/5-tagung-nutzerorientierte-bausanierung\/\"]}]},{\"@type\":\"BreadcrumbList\",\"@id\":\"https:\/\/ikth.de\/startseite\/event\/5-tagung-nutzerorientierte-bausanierung\/#breadcrumb\",\"itemListElement\":[{\"@type\":\"ListItem\",\"position\":1,\"name\":\"Startseite\",\"item\":\"https:\/\/ikth.de\/startseite\/\"},{\"@type\":\"ListItem\",\"position\":2,\"name\":\"Veranstaltungen\",\"item\":\"https:\/\/ikth.de\/startseite\/veranstaltungen\/\"},{\"@type\":\"ListItem\",\"position\":3,\"name\":\"5. Tagung Nutzerorientierte Bausanierung\"}]},{\"@type\":\"WebSite\",\"@id\":\"https:\/\/ikth.de\/startseite\/#website\",\"url\":\"https:\/\/ikth.de\/startseite\/\",\"name\":\"Ingenieurkammer Th\u00fcringen\",\"description\":\"\",\"potentialAction\":[{\"@type\":\"SearchAction\",\"target\":{\"@type\":\"EntryPoint\",\"urlTemplate\":\"https:\/\/ikth.de\/startseite\/?s={search_term_string}\"},\"query-input\":{\"@type\":\"PropertyValueSpecification\",\"valueRequired\":true,\"valueName\":\"search_term_string\"}}],\"inLanguage\":\"de\"}]}<\/script>\n<!-- \/ Yoast SEO plugin. -->","yoast_head_json":{"title":"5. Tagung Nutzerorientierte Bausanierung - Ingenieurkammer Th\u00fcringen","robots":{"index":"index","follow":"follow","max-snippet":"max-snippet:-1","max-image-preview":"max-image-preview:large","max-video-preview":"max-video-preview:-1"},"canonical":"https:\/\/ikth.de\/startseite\/event\/5-tagung-nutzerorientierte-bausanierung\/","og_locale":"de_DE","og_type":"article","og_title":"5. Tagung Nutzerorientierte Bausanierung - Ingenieurkammer Th\u00fcringen","og_description":"weiterf\u00fchrende Informationen Die Veranstaltung ist mit in Summe 14,5 Weiterbildungsstunden \u00e1 45 min. anerkannt. (1. Tag = 7,5 WB-Stunden und 2. Tag = 7 WB-Stunden)","og_url":"https:\/\/ikth.de\/startseite\/event\/5-tagung-nutzerorientierte-bausanierung\/","og_site_name":"Ingenieurkammer Th\u00fcringen","twitter_card":"summary_large_image","twitter_misc":{"Gesch\u00e4tzte Lesezeit":"1\u00a0Minute"},"schema":{"@context":"https:\/\/schema.org","@graph":[{"@type":"WebPage","@id":"https:\/\/ikth.de\/startseite\/event\/5-tagung-nutzerorientierte-bausanierung\/","url":"https:\/\/ikth.de\/startseite\/event\/5-tagung-nutzerorientierte-bausanierung\/","name":"5. Tagung Nutzerorientierte Bausanierung - Ingenieurkammer Th\u00fcringen","isPartOf":{"@id":"https:\/\/ikth.de\/startseite\/#website"},"datePublished":"2022-11-08T08:02:55+00:00","breadcrumb":{"@id":"https:\/\/ikth.de\/startseite\/event\/5-tagung-nutzerorientierte-bausanierung\/#breadcrumb"},"inLanguage":"de","potentialAction":[{"@type":"ReadAction","target":["https:\/\/ikth.de\/startseite\/event\/5-tagung-nutzerorientierte-bausanierung\/"]}]},{"@type":"BreadcrumbList","@id":"https:\/\/ikth.de\/startseite\/event\/5-tagung-nutzerorientierte-bausanierung\/#breadcrumb","itemListElement":[{"@type":"ListItem","position":1,"name":"Startseite","item":"https:\/\/ikth.de\/startseite\/"},{"@type":"ListItem","position":2,"name":"Veranstaltungen","item":"https:\/\/ikth.de\/startseite\/veranstaltungen\/"},{"@type":"ListItem","position":3,"name":"5. Tagung Nutzerorientierte Bausanierung"}]},{"@type":"WebSite","@id":"https:\/\/ikth.de\/startseite\/#website","url":"https:\/\/ikth.de\/startseite\/","name":"Ingenieurkammer Th\u00fcringen","description":"","potentialAction":[{"@type":"SearchAction","target":{"@type":"EntryPoint","urlTemplate":"https:\/\/ikth.de\/startseite\/?s={search_term_string}"},"query-input":{"@type":"PropertyValueSpecification","valueRequired":true,"valueName":"search_term_string"}}],"inLanguage":"de"}]}},"_links":{"self":[{"href":"https:\/\/ikth.de\/startseite\/wp-json\/wp\/v2\/tribe_events\/4542","targetHints":{"allow":["GET"]}}],"collection":[{"href":"https:\/\/ikth.de\/startseite\/wp-json\/wp\/v2\/tribe_events"}],"about":[{"href":"https:\/\/ikth.de\/startseite\/wp-json\/wp\/v2\/types\/tribe_events"}],"author":[{"embeddable":true,"href":"https:\/\/ikth.de\/startseite\/wp-json\/wp\/v2\/users\/7"}],"replies":[{"embeddable":true,"href":"https:\/\/ikth.de\/startseite\/wp-json\/wp\/v2\/comments?post=4542"}],"version-history":[{"count":1,"href":"https:\/\/ikth.de\/startseite\/wp-json\/wp\/v2\/tribe_events\/4542\/revisions"}],"predecessor-version":[{"id":4543,"href":"https:\/\/ikth.de\/startseite\/wp-json\/wp\/v2\/tribe_events\/4542\/revisions\/4543"}],"wp:attachment":[{"href":"https:\/\/ikth.de\/startseite\/wp-json\/wp\/v2\/media?parent=4542"}],"wp:term":[{"taxonomy":"post_tag","embeddable":true,"href":"https:\/\/ikth.de\/startseite\/wp-json\/wp\/v2\/tags?post=4542"},{"taxonomy":"tribe_events_cat","embeddable":true,"href":"https:\/\/ikth.de\/startseite\/wp-json\/wp\/v2\/tribe_events_cat?post=4542"}],"curies":[{"name":"wp","href":"https:\/\/api.w.org\/{rel}","templated":true}]}}

<p><a href="https://www.uni-weimar.de/de/bauingenieurwesen/professuren/bauchemie-und-polymere-werkstoffe/5-tagung-nutzerorientierte-bausanierung/">weiterführende Informationen</a></p>
<p>Die Veranstaltung ist mit in Summe 14,5 Weiterbildungsstunden á 45 min. anerkannt. (1. Tag = 7,5 WB-Stunden und 2. Tag = 7 WB-Stunden)</p>

<p>weiterführende Informationen Die Veranstaltung ist mit in Summe 14,5 Weiterbildungsstunden á 45 min. anerkannt. (1. Tag = 7,5 WB-Stunden und 2. Tag = 7 WB-Stunden)</p>

<!-- This site is optimized with the Yoast SEO plugin v26.4 - https://yoast.com/wordpress/plugins/seo/ -->
<title>5. Tagung Nutzerorientierte Bausanierung - Ingenieurkammer Thüringen</title>
<meta name="robots" content="index, follow, max-snippet:-1, max-image-preview:large, max-video-preview:-1" />
<link rel="canonical" href="https://ikth.de/startseite/event/5-tagung-nutzerorientierte-bausanierung/" />
<meta property="og:locale" content="de_DE" />
<meta property="og:type" content="article" />
<meta property="og:title" content="5. Tagung Nutzerorientierte Bausanierung - Ingenieurkammer Thüringen" />
<meta property="og:description" content="weiterführende Informationen Die Veranstaltung ist mit in Summe 14,5 Weiterbildungsstunden á 45 min. anerkannt. (1. Tag = 7,5 WB-Stunden und 2. Tag = 7 WB-Stunden)" />
<meta property="og:url" content="https://ikth.de/startseite/event/5-tagung-nutzerorientierte-bausanierung/" />
<meta property="og:site_name" content="Ingenieurkammer Thüringen" />
<meta name="twitter:card" content="summary_large_image" />
<meta name="twitter:label1" content="Geschätzte Lesezeit" />
	<meta name="twitter:data1" content="1 Minute" />
<script type="application/ld+json" class="yoast-schema-graph">{"@context":"https://schema.org","@graph":[{"@type":"WebPage","@id":"https://ikth.de/startseite/event/5-tagung-nutzerorientierte-bausanierung/","url":"https://ikth.de/startseite/event/5-tagung-nutzerorientierte-bausanierung/","name":"5. Tagung Nutzerorientierte Bausanierung - Ingenieurkammer Thüringen","isPartOf":{"@id":"https://ikth.de/startseite/#website"},"datePublished":"2022-11-08T08:02:55+00:00","breadcrumb":{"@id":"https://ikth.de/startseite/event/5-tagung-nutzerorientierte-bausanierung/#breadcrumb"},"inLanguage":"de","potentialAction":[{"@type":"ReadAction","target":["https://ikth.de/startseite/event/5-tagung-nutzerorientierte-bausanierung/"]}]},{"@type":"BreadcrumbList","@id":"https://ikth.de/startseite/event/5-tagung-nutzerorientierte-bausanierung/#breadcrumb","itemListElement":[{"@type":"ListItem","position":1,"name":"Startseite","item":"https://ikth.de/startseite/"},{"@type":"ListItem","position":2,"name":"Veranstaltungen","item":"https://ikth.de/startseite/veranstaltungen/"},{"@type":"ListItem","position":3,"name":"5. Tagung Nutzerorientierte Bausanierung"}]},{"@type":"WebSite","@id":"https://ikth.de/startseite/#website","url":"https://ikth.de/startseite/","name":"Ingenieurkammer Thüringen","description":"","potentialAction":[{"@type":"SearchAction","target":{"@type":"EntryPoint","urlTemplate":"https://ikth.de/startseite/?s={search_term_string}"},"query-input":{"@type":"PropertyValueSpecification","valueRequired":true,"valueName":"search_term_string"}}],"inLanguage":"de"}]}</script>
<!-- / Yoast SEO plugin. -->

5. Tagung Nutzerorientierte Bausanierung - Ingenieurkammer Thüringen

weiterführende Informationen Die Veranstaltung ist mit in Summe 14,5 Weiterbildungsstunden á 45 min. anerkannt. (1. Tag = 7,5 WB-Stunden und 2. Tag = 7 WB-Stunden)

Ingenieurkammer Thüringen
