{"id":45210,"date":"2026-04-28T15:44:50","date_gmt":"2026-04-28T13:44:50","guid":{"rendered":"https:\/\/ikth.de\/startseite\/?post_type=tribe_events&#038;p=45210"},"modified":"2026-04-28T15:44:50","modified_gmt":"2026-04-28T13:44:50","slug":"neue-standards-im-bildungsbau-tuertechnik-raumklima-und-keramik-im-blick","status":"publish","type":"tribe_events","link":"https:\/\/ikth.de\/startseite\/event\/neue-standards-im-bildungsbau-tuertechnik-raumklima-und-keramik-im-blick\/","title":{"rendered":"Neue Standards im Bildungsbau: T\u00fcrtechnik, Raumklima und Keramik im Blick"},"content":{"rendered":"<div class=\"wpb-content-wrapper\"><p>[vc_row][vc_column][vc_column_text css=&#8220;&#8220;]<\/p>\n<div class=\"elementor-element elementor-element-5b137237 elementor-widget elementor-widget-heading\" data-id=\"5b137237\" data-element_type=\"widget\" data-widget_type=\"heading.default\">\n<div class=\"elementor-widget-container\">\n<h2 class=\"elementor-heading-title elementor-size-default\">Auf folgende Inhalte kannst Du Dich freuen:<\/h2>\n<\/div>\n<\/div>\n<div class=\"elementor-element elementor-element-74ff6885 elementor-widget elementor-widget-text-editor\" data-id=\"74ff6885\" data-element_type=\"widget\" data-widget_type=\"text-editor.default\">\n<div class=\"elementor-widget-container\">\n<div class=\"flex-shrink-0 flex flex-col relative items-end\">\n<div>\n<div class=\"pt-0\">\n<div class=\"gizmo-bot-avatar flex h-8 w-8 items-center justify-center overflow-hidden rounded-full\">\n<div class=\"relative p-1 rounded-sm flex items-center justify-center bg-token-main-surface-primary text-token-text-primary h-8 w-8\">\n<p><strong>Werde Experte f\u00fcr nachhaltigen Schulbau \u2013 Sei bei unserer Fortbildung dabei!<\/strong><\/p>\n<p><a href=\"https:\/\/www.wirliebenbau.de\/industriepartner\/rako-lasselsberger-s-r-o\/\" target=\"_blank\" rel=\"noopener\">RAKO<\/a>\u00a0vermittelt Dir die wesentlichen Grundlagen zu Normen, DGUV-Vorgaben und baulichen Anforderungen im Bildungsbau. Im Fokus stehen keramische Bel\u00e4ge f\u00fcr unterschiedliche Nutzungsbereiche \u2013 von Eing\u00e4ngen, Fluren und Treppen \u00fcber Duschr\u00e4ume und Umkleiden bis hin zu K\u00fcchen und Au\u00dfenfl\u00e4chen. Du erf\u00e4hrst, wie sich Aspekte wie Brandverhalten, Raumluft und Rutschhemmung sicher ber\u00fccksichtigen lassen und welche gestalterischen M\u00f6glichkeiten Gro\u00dfformate und moderne Oberfl\u00e4chenkonzepte er\u00f6ffnen.<\/p>\n<p><a href=\"https:\/\/www.wirliebenbau.de\/industriepartner\/neuformtuer-hans-glock-kg\/\" target=\"_blank\" rel=\"noopener\">neuformt\u00fcr<\/a>\u00a0bietet Einblicke in vielseitige T\u00fcrfunktionen und relevante Regelwerke f\u00fcr Brand-, Rauch- und Schallschutz sowie weitere Sicherheitsaspekte. Du erf\u00e4hrst, wie ma\u00dfgeschneiderte T\u00fcrkomponenten wie Zargen, T\u00fcrbl\u00e4tter und Beschl\u00e4ge sowie zus\u00e4tzliche Optionen den spezifischen Anforderungen in Schulen, Kindertageseinrichtungen und \u00f6ffentlichen Geb\u00e4uden gerecht werden. Anhand praxisnaher Beispiele aus Gruppenr\u00e4umen, Sanit\u00e4rbereichen und Fluren lernst Du, wie neuformt\u00fcr GmbH Sicherheit und Funktionalit\u00e4t optimal verbindet.<\/p>\n<p>Mit\u00a0<a href=\"https:\/\/www.wirliebenbau.de\/industriepartner\/zehnder-group-deutschland-gmbh\/\">Zehnder\u00a0<\/a>entdeckst Du, wie nachhaltiges Bauen durch L\u00fcftungssysteme mit W\u00e4rmer\u00fcckgewinnung optimiert wird. Du erf\u00e4hrst, wie Schadstoffe in Innenr\u00e4umen reduziert, Grenzwerte gem\u00e4\u00df Arbeitsst\u00e4tten-Richtlinie und VDI 6040 eingehalten und Einsparpotenziale effektiv genutzt werden k\u00f6nnen. Praxisnahe Berechnungsbeispiele zeigen Dir die M\u00f6glichkeiten einer erfolgreichen Umsetzung moderner L\u00fcftungskonzepte.<\/p>\n<p>Weitere Informationen sowie Anmeldung finden Sie unter:\u00a0<a href=\"https:\/\/www.wirliebenbau.de\/planer-symposium-neue-standards-im-bildungsbau-von-raumklima-bis-tuertechnik-alles-im-blick\/\" target=\"_blank\" rel=\"noopener\">https:\/\/www.wirliebenbau.de\/planer-symposium-neue-standards-im-bildungsbau-von-raumklima-bis-tuertechnik-alles-im-blick\/\u00a0<\/a><\/p>\n<h2>Diese Veranstaltung wird mit 3 Weiterbildungsstunden anerkannt.<\/h2>\n<\/div>\n<\/div>\n<\/div>\n<\/div>\n<\/div>\n<\/div>\n<\/div>\n<p>[\/vc_column_text][\/vc_column][\/vc_row]<\/p>\n<\/div>","protected":false},"excerpt":{"rendered":"<p>[vc_row][vc_column][vc_column_text css=&#8220;&#8220;] Auf folgende Inhalte kannst Du Dich freuen: Werde Experte f\u00fcr nachhaltigen Schulbau \u2013 Sei bei unserer Fortbildung dabei! RAKO\u00a0vermittelt Dir die wesentlichen Grundlagen zu Normen, DGUV-Vorgaben und baulichen&hellip;<\/p>\n","protected":false},"author":12,"featured_media":0,"comment_status":"open","ping_status":"closed","template":"","meta":{"_acf_changed":false,"footnotes":""},"tags":[],"tribe_events_cat":[323,305,42],"class_list":["post-45210","tribe_events","type-tribe_events","status-publish","hentry","tribe_events_cat-bautechnik","tribe_events_cat-bauwesen","tribe_events_cat-online-veranstaltung","cat_bautechnik","cat_bauwesen","cat_online-veranstaltung","description-off"],"acf":[],"yoast_head":"<!-- This site is optimized with the Yoast SEO plugin v26.4 - https:\/\/yoast.com\/wordpress\/plugins\/seo\/ -->\n<title>Neue Standards im Bildungsbau: T\u00fcrtechnik, Raumklima und Keramik im Blick - Ingenieurkammer Th\u00fcringen<\/title>\n<meta name=\"robots\" content=\"index, follow, max-snippet:-1, max-image-preview:large, max-video-preview:-1\" \/>\n<link rel=\"canonical\" href=\"https:\/\/ikth.de\/startseite\/event\/neue-standards-im-bildungsbau-tuertechnik-raumklima-und-keramik-im-blick\/2026-05-05\/\" \/>\n<meta property=\"og:locale\" content=\"de_DE\" \/>\n<meta property=\"og:type\" content=\"article\" \/>\n<meta property=\"og:title\" content=\"Neue Standards im Bildungsbau: T\u00fcrtechnik, Raumklima und Keramik im Blick - Ingenieurkammer Th\u00fcringen\" \/>\n<meta property=\"og:description\" content=\"[vc_row][vc_column][vc_column_text css=&#8220;&#8220;] Auf folgende Inhalte kannst Du Dich freuen: Werde Experte f\u00fcr nachhaltigen Schulbau \u2013 Sei bei unserer Fortbildung dabei! RAKO\u00a0vermittelt Dir die wesentlichen Grundlagen zu Normen, DGUV-Vorgaben und baulichen&hellip;\" \/>\n<meta property=\"og:url\" content=\"https:\/\/ikth.de\/startseite\/event\/neue-standards-im-bildungsbau-tuertechnik-raumklima-und-keramik-im-blick\/2026-05-05\/\" \/>\n<meta property=\"og:site_name\" content=\"Ingenieurkammer Th\u00fcringen\" \/>\n<meta name=\"twitter:card\" content=\"summary_large_image\" \/>\n<meta name=\"twitter:label1\" content=\"Gesch\u00e4tzte Lesezeit\" \/>\n\t<meta name=\"twitter:data1\" content=\"2\u00a0Minuten\" \/>\n<script type=\"application\/ld+json\" class=\"yoast-schema-graph\">{\"@context\":\"https:\/\/schema.org\",\"@graph\":[{\"@type\":\"WebPage\",\"@id\":\"https:\/\/ikth.de\/startseite\/event\/neue-standards-im-bildungsbau-tuertechnik-raumklima-und-keramik-im-blick\/2026-05-05\/\",\"url\":\"https:\/\/ikth.de\/startseite\/event\/neue-standards-im-bildungsbau-tuertechnik-raumklima-und-keramik-im-blick\/2026-05-05\/\",\"name\":\"Neue Standards im Bildungsbau: T\u00fcrtechnik, Raumklima und Keramik im Blick - Ingenieurkammer Th\u00fcringen\",\"isPartOf\":{\"@id\":\"https:\/\/ikth.de\/startseite\/#website\"},\"datePublished\":\"2026-04-28T13:44:50+00:00\",\"breadcrumb\":{\"@id\":\"https:\/\/ikth.de\/startseite\/event\/neue-standards-im-bildungsbau-tuertechnik-raumklima-und-keramik-im-blick\/2026-05-05\/#breadcrumb\"},\"inLanguage\":\"de\",\"potentialAction\":[{\"@type\":\"ReadAction\",\"target\":[\"https:\/\/ikth.de\/startseite\/event\/neue-standards-im-bildungsbau-tuertechnik-raumklima-und-keramik-im-blick\/2026-05-05\/\"]}]},{\"@type\":\"BreadcrumbList\",\"@id\":\"https:\/\/ikth.de\/startseite\/event\/neue-standards-im-bildungsbau-tuertechnik-raumklima-und-keramik-im-blick\/2026-05-05\/#breadcrumb\",\"itemListElement\":[{\"@type\":\"ListItem\",\"position\":1,\"name\":\"Startseite\",\"item\":\"https:\/\/ikth.de\/startseite\/\"},{\"@type\":\"ListItem\",\"position\":2,\"name\":\"Veranstaltungen\",\"item\":\"https:\/\/ikth.de\/startseite\/veranstaltungen\/\"},{\"@type\":\"ListItem\",\"position\":3,\"name\":\"Neue Standards im Bildungsbau: T\u00fcrtechnik, Raumklima und Keramik im Blick\"}]},{\"@type\":\"WebSite\",\"@id\":\"https:\/\/ikth.de\/startseite\/#website\",\"url\":\"https:\/\/ikth.de\/startseite\/\",\"name\":\"Ingenieurkammer Th\u00fcringen\",\"description\":\"\",\"potentialAction\":[{\"@type\":\"SearchAction\",\"target\":{\"@type\":\"EntryPoint\",\"urlTemplate\":\"https:\/\/ikth.de\/startseite\/?s={search_term_string}\"},\"query-input\":{\"@type\":\"PropertyValueSpecification\",\"valueRequired\":true,\"valueName\":\"search_term_string\"}}],\"inLanguage\":\"de\"}]}<\/script>\n<!-- \/ Yoast SEO plugin. -->","yoast_head_json":{"title":"Neue Standards im Bildungsbau: T\u00fcrtechnik, Raumklima und Keramik im Blick - Ingenieurkammer Th\u00fcringen","robots":{"index":"index","follow":"follow","max-snippet":"max-snippet:-1","max-image-preview":"max-image-preview:large","max-video-preview":"max-video-preview:-1"},"canonical":"https:\/\/ikth.de\/startseite\/event\/neue-standards-im-bildungsbau-tuertechnik-raumklima-und-keramik-im-blick\/2026-05-05\/","og_locale":"de_DE","og_type":"article","og_title":"Neue Standards im Bildungsbau: T\u00fcrtechnik, Raumklima und Keramik im Blick - Ingenieurkammer Th\u00fcringen","og_description":"[vc_row][vc_column][vc_column_text css=&#8220;&#8220;] Auf folgende Inhalte kannst Du Dich freuen: Werde Experte f\u00fcr nachhaltigen Schulbau \u2013 Sei bei unserer Fortbildung dabei! RAKO\u00a0vermittelt Dir die wesentlichen Grundlagen zu Normen, DGUV-Vorgaben und baulichen&hellip;","og_url":"https:\/\/ikth.de\/startseite\/event\/neue-standards-im-bildungsbau-tuertechnik-raumklima-und-keramik-im-blick\/2026-05-05\/","og_site_name":"Ingenieurkammer Th\u00fcringen","twitter_card":"summary_large_image","twitter_misc":{"Gesch\u00e4tzte Lesezeit":"2\u00a0Minuten"},"schema":{"@context":"https:\/\/schema.org","@graph":[{"@type":"WebPage","@id":"https:\/\/ikth.de\/startseite\/event\/neue-standards-im-bildungsbau-tuertechnik-raumklima-und-keramik-im-blick\/2026-05-05\/","url":"https:\/\/ikth.de\/startseite\/event\/neue-standards-im-bildungsbau-tuertechnik-raumklima-und-keramik-im-blick\/2026-05-05\/","name":"Neue Standards im Bildungsbau: T\u00fcrtechnik, Raumklima und Keramik im Blick - Ingenieurkammer Th\u00fcringen","isPartOf":{"@id":"https:\/\/ikth.de\/startseite\/#website"},"datePublished":"2026-04-28T13:44:50+00:00","breadcrumb":{"@id":"https:\/\/ikth.de\/startseite\/event\/neue-standards-im-bildungsbau-tuertechnik-raumklima-und-keramik-im-blick\/2026-05-05\/#breadcrumb"},"inLanguage":"de","potentialAction":[{"@type":"ReadAction","target":["https:\/\/ikth.de\/startseite\/event\/neue-standards-im-bildungsbau-tuertechnik-raumklima-und-keramik-im-blick\/2026-05-05\/"]}]},{"@type":"BreadcrumbList","@id":"https:\/\/ikth.de\/startseite\/event\/neue-standards-im-bildungsbau-tuertechnik-raumklima-und-keramik-im-blick\/2026-05-05\/#breadcrumb","itemListElement":[{"@type":"ListItem","position":1,"name":"Startseite","item":"https:\/\/ikth.de\/startseite\/"},{"@type":"ListItem","position":2,"name":"Veranstaltungen","item":"https:\/\/ikth.de\/startseite\/veranstaltungen\/"},{"@type":"ListItem","position":3,"name":"Neue Standards im Bildungsbau: T\u00fcrtechnik, Raumklima und Keramik im Blick"}]},{"@type":"WebSite","@id":"https:\/\/ikth.de\/startseite\/#website","url":"https:\/\/ikth.de\/startseite\/","name":"Ingenieurkammer Th\u00fcringen","description":"","potentialAction":[{"@type":"SearchAction","target":{"@type":"EntryPoint","urlTemplate":"https:\/\/ikth.de\/startseite\/?s={search_term_string}"},"query-input":{"@type":"PropertyValueSpecification","valueRequired":true,"valueName":"search_term_string"}}],"inLanguage":"de"}]}},"_links":{"self":[{"href":"https:\/\/ikth.de\/startseite\/wp-json\/wp\/v2\/tribe_events\/45210","targetHints":{"allow":["GET"]}}],"collection":[{"href":"https:\/\/ikth.de\/startseite\/wp-json\/wp\/v2\/tribe_events"}],"about":[{"href":"https:\/\/ikth.de\/startseite\/wp-json\/wp\/v2\/types\/tribe_events"}],"author":[{"embeddable":true,"href":"https:\/\/ikth.de\/startseite\/wp-json\/wp\/v2\/users\/12"}],"replies":[{"embeddable":true,"href":"https:\/\/ikth.de\/startseite\/wp-json\/wp\/v2\/comments?post=45210"}],"version-history":[{"count":1,"href":"https:\/\/ikth.de\/startseite\/wp-json\/wp\/v2\/tribe_events\/45210\/revisions"}],"predecessor-version":[{"id":45227,"href":"https:\/\/ikth.de\/startseite\/wp-json\/wp\/v2\/tribe_events\/45210\/revisions\/45227"}],"wp:attachment":[{"href":"https:\/\/ikth.de\/startseite\/wp-json\/wp\/v2\/media?parent=45210"}],"wp:term":[{"taxonomy":"post_tag","embeddable":true,"href":"https:\/\/ikth.de\/startseite\/wp-json\/wp\/v2\/tags?post=45210"},{"taxonomy":"tribe_events_cat","embeddable":true,"href":"https:\/\/ikth.de\/startseite\/wp-json\/wp\/v2\/tribe_events_cat?post=45210"}],"curies":[{"name":"wp","href":"https:\/\/api.w.org\/{rel}","templated":true}]}}

Neue Standards im Bildungsbau: Türtechnik, Raumklima und Keramik im Blick

<div class="wpb-content-wrapper"><p>[vc_row][vc_column][vc_column_text css=&#8220;&#8220;]</p>
<div class="elementor-element elementor-element-5b137237 elementor-widget elementor-widget-heading" data-id="5b137237" data-element_type="widget" data-widget_type="heading.default">
<div class="elementor-widget-container">
<h2 class="elementor-heading-title elementor-size-default">Auf folgende Inhalte kannst Du Dich freuen:</h2>
</div>
</div>
<div class="elementor-element elementor-element-74ff6885 elementor-widget elementor-widget-text-editor" data-id="74ff6885" data-element_type="widget" data-widget_type="text-editor.default">
<div class="elementor-widget-container">
<div class="flex-shrink-0 flex flex-col relative items-end">
<div>
<div class="pt-0">
<div class="gizmo-bot-avatar flex h-8 w-8 items-center justify-center overflow-hidden rounded-full">
<div class="relative p-1 rounded-sm flex items-center justify-center bg-token-main-surface-primary text-token-text-primary h-8 w-8">
<p><strong>Werde Experte für nachhaltigen Schulbau – Sei bei unserer Fortbildung dabei!</strong></p>
<p><a href="https://www.wirliebenbau.de/industriepartner/rako-lasselsberger-s-r-o/" target="_blank" rel="noopener">RAKO</a> vermittelt Dir die wesentlichen Grundlagen zu Normen, DGUV-Vorgaben und baulichen Anforderungen im Bildungsbau. Im Fokus stehen keramische Beläge für unterschiedliche Nutzungsbereiche – von Eingängen, Fluren und Treppen über Duschräume und Umkleiden bis hin zu Küchen und Außenflächen. Du erfährst, wie sich Aspekte wie Brandverhalten, Raumluft und Rutschhemmung sicher berücksichtigen lassen und welche gestalterischen Möglichkeiten Großformate und moderne Oberflächenkonzepte eröffnen.</p>
<p><a href="https://www.wirliebenbau.de/industriepartner/neuformtuer-hans-glock-kg/" target="_blank" rel="noopener">neuformtür</a> bietet Einblicke in vielseitige Türfunktionen und relevante Regelwerke für Brand-, Rauch- und Schallschutz sowie weitere Sicherheitsaspekte. Du erfährst, wie maßgeschneiderte Türkomponenten wie Zargen, Türblätter und Beschläge sowie zusätzliche Optionen den spezifischen Anforderungen in Schulen, Kindertageseinrichtungen und öffentlichen Gebäuden gerecht werden. Anhand praxisnaher Beispiele aus Gruppenräumen, Sanitärbereichen und Fluren lernst Du, wie neuformtür GmbH Sicherheit und Funktionalität optimal verbindet.</p>
<p>Mit <a href="https://www.wirliebenbau.de/industriepartner/zehnder-group-deutschland-gmbh/">Zehnder </a>entdeckst Du, wie nachhaltiges Bauen durch Lüftungssysteme mit Wärmerückgewinnung optimiert wird. Du erfährst, wie Schadstoffe in Innenräumen reduziert, Grenzwerte gemäß Arbeitsstätten-Richtlinie und VDI 6040 eingehalten und Einsparpotenziale effektiv genutzt werden können. Praxisnahe Berechnungsbeispiele zeigen Dir die Möglichkeiten einer erfolgreichen Umsetzung moderner Lüftungskonzepte.</p>
<p>Weitere Informationen sowie Anmeldung finden Sie unter: <a href="https://www.wirliebenbau.de/planer-symposium-neue-standards-im-bildungsbau-von-raumklima-bis-tuertechnik-alles-im-blick/" target="_blank" rel="noopener">https://www.wirliebenbau.de/planer-symposium-neue-standards-im-bildungsbau-von-raumklima-bis-tuertechnik-alles-im-blick/ </a></p>
<h2>Diese Veranstaltung wird mit 3 Weiterbildungsstunden anerkannt.</h2>
</div>
</div>
</div>
</div>
</div>
</div>
</div>
<p>[/vc_column_text][/vc_column][/vc_row]</p>
</div>

<p>[vc_row][vc_column][vc_column_text css=&#8220;&#8220;] Auf folgende Inhalte kannst Du Dich freuen: Werde Experte für nachhaltigen Schulbau – Sei bei unserer Fortbildung dabei! RAKO vermittelt Dir die wesentlichen Grundlagen zu Normen, DGUV-Vorgaben und baulichen&hellip;</p>

<!-- This site is optimized with the Yoast SEO plugin v26.4 - https://yoast.com/wordpress/plugins/seo/ -->
<title>Neue Standards im Bildungsbau: Türtechnik, Raumklima und Keramik im Blick - Ingenieurkammer Thüringen</title>
<meta name="robots" content="index, follow, max-snippet:-1, max-image-preview:large, max-video-preview:-1" />
<link rel="canonical" href="https://ikth.de/startseite/event/neue-standards-im-bildungsbau-tuertechnik-raumklima-und-keramik-im-blick/2026-05-05/" />
<meta property="og:locale" content="de_DE" />
<meta property="og:type" content="article" />
<meta property="og:title" content="Neue Standards im Bildungsbau: Türtechnik, Raumklima und Keramik im Blick - Ingenieurkammer Thüringen" />
<meta property="og:description" content="[vc_row][vc_column][vc_column_text css=&#8220;&#8220;] Auf folgende Inhalte kannst Du Dich freuen: Werde Experte für nachhaltigen Schulbau – Sei bei unserer Fortbildung dabei! RAKO vermittelt Dir die wesentlichen Grundlagen zu Normen, DGUV-Vorgaben und baulichen&hellip;" />
<meta property="og:url" content="https://ikth.de/startseite/event/neue-standards-im-bildungsbau-tuertechnik-raumklima-und-keramik-im-blick/2026-05-05/" />
<meta property="og:site_name" content="Ingenieurkammer Thüringen" />
<meta name="twitter:card" content="summary_large_image" />
<meta name="twitter:label1" content="Geschätzte Lesezeit" />
	<meta name="twitter:data1" content="2 Minuten" />
<script type="application/ld+json" class="yoast-schema-graph">{"@context":"https://schema.org","@graph":[{"@type":"WebPage","@id":"https://ikth.de/startseite/event/neue-standards-im-bildungsbau-tuertechnik-raumklima-und-keramik-im-blick/2026-05-05/","url":"https://ikth.de/startseite/event/neue-standards-im-bildungsbau-tuertechnik-raumklima-und-keramik-im-blick/2026-05-05/","name":"Neue Standards im Bildungsbau: Türtechnik, Raumklima und Keramik im Blick - Ingenieurkammer Thüringen","isPartOf":{"@id":"https://ikth.de/startseite/#website"},"datePublished":"2026-04-28T13:44:50+00:00","breadcrumb":{"@id":"https://ikth.de/startseite/event/neue-standards-im-bildungsbau-tuertechnik-raumklima-und-keramik-im-blick/2026-05-05/#breadcrumb"},"inLanguage":"de","potentialAction":[{"@type":"ReadAction","target":["https://ikth.de/startseite/event/neue-standards-im-bildungsbau-tuertechnik-raumklima-und-keramik-im-blick/2026-05-05/"]}]},{"@type":"BreadcrumbList","@id":"https://ikth.de/startseite/event/neue-standards-im-bildungsbau-tuertechnik-raumklima-und-keramik-im-blick/2026-05-05/#breadcrumb","itemListElement":[{"@type":"ListItem","position":1,"name":"Startseite","item":"https://ikth.de/startseite/"},{"@type":"ListItem","position":2,"name":"Veranstaltungen","item":"https://ikth.de/startseite/veranstaltungen/"},{"@type":"ListItem","position":3,"name":"Neue Standards im Bildungsbau: Türtechnik, Raumklima und Keramik im Blick"}]},{"@type":"WebSite","@id":"https://ikth.de/startseite/#website","url":"https://ikth.de/startseite/","name":"Ingenieurkammer Thüringen","description":"","potentialAction":[{"@type":"SearchAction","target":{"@type":"EntryPoint","urlTemplate":"https://ikth.de/startseite/?s={search_term_string}"},"query-input":{"@type":"PropertyValueSpecification","valueRequired":true,"valueName":"search_term_string"}}],"inLanguage":"de"}]}</script>
<!-- / Yoast SEO plugin. -->

Neue Standards im Bildungsbau: Türtechnik, Raumklima und Keramik im Blick - Ingenieurkammer Thüringen

[vc_row][vc_column][vc_column_text css=&#8220;&#8220;] Auf folgende Inhalte kannst Du Dich freuen: Werde Experte für nachhaltigen Schulbau – Sei bei unserer Fortbildung dabei! RAKO vermittelt Dir die wesentlichen Grundlagen zu Normen, DGUV-Vorgaben und baulichen&hellip;

Ingenieurkammer Thüringen
