{"id":45155,"date":"2026-04-28T14:01:10","date_gmt":"2026-04-28T12:01:10","guid":{"rendered":"https:\/\/ikth.de\/startseite\/?post_type=tribe_events&#038;p=45155"},"modified":"2026-04-28T14:01:10","modified_gmt":"2026-04-28T12:01:10","slug":"baeder-im-bestand-generationengerechte-sanierung-mit-system","status":"publish","type":"tribe_events","link":"https:\/\/ikth.de\/startseite\/event\/baeder-im-bestand-generationengerechte-sanierung-mit-system\/","title":{"rendered":"B\u00e4der im Bestand: Generationengerechte Sanierung mit System"},"content":{"rendered":"<div class=\"wpb-content-wrapper\"><p>[vc_row][vc_column][vc_column_text css=&#8220;&#8220;]<\/p>\n<div class=\"elementor-element elementor-element-4c1536c1 elementor-widget elementor-widget-heading\" data-id=\"4c1536c1\" data-element_type=\"widget\" data-widget_type=\"heading.default\">\n<div class=\"elementor-widget-container\">\n<h2 class=\"elementor-heading-title elementor-size-default\">Auf folgende Inhalte kannst Du Dich freuen:<\/h2>\n<\/div>\n<\/div>\n<div class=\"elementor-element elementor-element-3e6b500a elementor-widget elementor-widget-text-editor\" data-id=\"3e6b500a\" data-element_type=\"widget\" data-widget_type=\"text-editor.default\">\n<div class=\"elementor-widget-container\">\n<p><strong>Erlebe die Zukunft des Badkomforts \u2013 Generationen\u00fcbergreifend, nachhaltig und innovativ!<\/strong><\/p>\n<p><a href=\"https:\/\/www.wirliebenbau.de\/industriepartner\/aco-passavant-gmbh\/\" target=\"_blank\" rel=\"noopener\">ACO<\/a>\u00a0ordnet die barrierefreie Badmodernisierung im Bestand normativ und konstruktiv ein. Behandelt werden die ma\u00dfgeblichen Grundlagen der Badentw\u00e4sserung, Anforderungen an die Abdichtung von Bodenabl\u00e4ufen sowie Kriterien zur Auswahl geeigneter Badabl\u00e4ufe und barrierefreier Duschrinnen. Auch besondere Einbausituationen und Sonderkonstruktionen werden praxisnah ber\u00fccksichtigt.<\/p>\n<p><a href=\"https:\/\/www.wirliebenbau.de\/industriepartner\/altro-deutschland-gmbh-co-kg\/\" target=\"_blank\" rel=\"noopener\">Altro<\/a>\u00a0erg\u00e4nzt die generationengerechte Badmodernisierung um sichere und langlebige Bodenl\u00f6sungen im Bestand. Im Mittelpunkt stehen rutschhemmende Oberfl\u00e4chen zur Reduzierung von Unfallrisiken, die Bewertung typischer Schwachstellen bestehender B\u00e4der sowie die Abstimmung auf vorhandene Untergrundaufbauten. Dabei werden barrierearme Konzepte mit funktionalen und gestalterischen Anforderungen in Einklang gebracht.<\/p>\n<p><a href=\"https:\/\/www.wirliebenbau.de\/industriepartner\/pci-augsburg-gmbh\/\" target=\"_blank\" rel=\"noopener\">PCI<\/a>\u00a0komplettiert die generationengerechte Badsanierung mit einem systematischen Blick auf Untergrund, Abdichtung und Belagsaufbau. Vom alten Wannenbad zum modernen bodengleichen Duschbad stehen Bestandsaufnahme, vorbereitende Ma\u00dfnahmen und Bauweisen nach DIN 18534 im Mittelpunkt. Erg\u00e4nzt werden praxisgerechte Detailausbildungen, sichere Belagserstellung und Verfugung sowie Aspekte zu Wirtschaftlichkeit und nachhaltiger Ausf\u00fchrung.<\/p>\n<p>Nutze diese Chance, um Dein Know-how in der nachhaltigen Badgestaltung zu erweitern und innovative L\u00f6sungen f\u00fcr eine generationen\u00fcbergreifende Zukunft zu entdecken. Melde Dich jetzt an und werde zum Experten f\u00fcr barrierefreie, sichere und ressourcenschonende B\u00e4der!<\/p>\n<p>Weitere Informationen sowie Anmeldung finden Sie unter:\u00a0<a href=\"https:\/\/www.wirliebenbau.de\/planer-symposium-baeder-im-bestand-generationengerechte-sanierung-mit-system\/\" target=\"_blank\" rel=\"noopener\">https:\/\/www.wirliebenbau.de\/planer-symposium-baeder-im-bestand-generationengerechte-sanierung-mit-system\/<\/a><\/p>\n<h2>Diese Veranstaltung wird mit 3 Weiterbildungsstunden anerkannt.<\/h2>\n<\/div>\n<\/div>\n<p>[\/vc_column_text][\/vc_column][\/vc_row]<\/p>\n<\/div>","protected":false},"excerpt":{"rendered":"<p>[vc_row][vc_column][vc_column_text css=&#8220;&#8220;] Auf folgende Inhalte kannst Du Dich freuen: Erlebe die Zukunft des Badkomforts \u2013 Generationen\u00fcbergreifend, nachhaltig und innovativ! ACO\u00a0ordnet die barrierefreie Badmodernisierung im Bestand normativ und konstruktiv ein. Behandelt&hellip;<\/p>\n","protected":false},"author":12,"featured_media":0,"comment_status":"open","ping_status":"closed","template":"","meta":{"_acf_changed":false,"footnotes":""},"tags":[],"tribe_events_cat":[305,303,304,42],"class_list":["post-45155","tribe_events","type-tribe_events","status-publish","hentry","tribe_events_cat-bauwesen","tribe_events_cat-din","tribe_events_cat-nachhaltigkeit","tribe_events_cat-online-veranstaltung","cat_bauwesen","cat_din","cat_nachhaltigkeit","cat_online-veranstaltung","description-off"],"acf":[],"yoast_head":"<!-- This site is optimized with the Yoast SEO plugin v26.4 - https:\/\/yoast.com\/wordpress\/plugins\/seo\/ -->\n<title>B\u00e4der im Bestand: Generationengerechte Sanierung mit System - Ingenieurkammer Th\u00fcringen<\/title>\n<meta name=\"robots\" content=\"index, follow, max-snippet:-1, max-image-preview:large, max-video-preview:-1\" \/>\n<link rel=\"canonical\" href=\"https:\/\/ikth.de\/startseite\/event\/baeder-im-bestand-generationengerechte-sanierung-mit-system\/2026-04-29\/\" \/>\n<meta property=\"og:locale\" content=\"de_DE\" \/>\n<meta property=\"og:type\" content=\"article\" \/>\n<meta property=\"og:title\" content=\"B\u00e4der im Bestand: Generationengerechte Sanierung mit System - Ingenieurkammer Th\u00fcringen\" \/>\n<meta property=\"og:description\" content=\"[vc_row][vc_column][vc_column_text css=&#8220;&#8220;] Auf folgende Inhalte kannst Du Dich freuen: Erlebe die Zukunft des Badkomforts \u2013 Generationen\u00fcbergreifend, nachhaltig und innovativ! ACO\u00a0ordnet die barrierefreie Badmodernisierung im Bestand normativ und konstruktiv ein. Behandelt&hellip;\" \/>\n<meta property=\"og:url\" content=\"https:\/\/ikth.de\/startseite\/event\/baeder-im-bestand-generationengerechte-sanierung-mit-system\/2026-04-29\/\" \/>\n<meta property=\"og:site_name\" content=\"Ingenieurkammer Th\u00fcringen\" \/>\n<meta name=\"twitter:card\" content=\"summary_large_image\" \/>\n<meta name=\"twitter:label1\" content=\"Gesch\u00e4tzte Lesezeit\" \/>\n\t<meta name=\"twitter:data1\" content=\"2\u00a0Minuten\" \/>\n<script type=\"application\/ld+json\" class=\"yoast-schema-graph\">{\"@context\":\"https:\/\/schema.org\",\"@graph\":[{\"@type\":\"WebPage\",\"@id\":\"https:\/\/ikth.de\/startseite\/event\/baeder-im-bestand-generationengerechte-sanierung-mit-system\/2026-04-29\/\",\"url\":\"https:\/\/ikth.de\/startseite\/event\/baeder-im-bestand-generationengerechte-sanierung-mit-system\/2026-04-29\/\",\"name\":\"B\u00e4der im Bestand: Generationengerechte Sanierung mit System - Ingenieurkammer Th\u00fcringen\",\"isPartOf\":{\"@id\":\"https:\/\/ikth.de\/startseite\/#website\"},\"datePublished\":\"2026-04-28T12:01:10+00:00\",\"breadcrumb\":{\"@id\":\"https:\/\/ikth.de\/startseite\/event\/baeder-im-bestand-generationengerechte-sanierung-mit-system\/2026-04-29\/#breadcrumb\"},\"inLanguage\":\"de\",\"potentialAction\":[{\"@type\":\"ReadAction\",\"target\":[\"https:\/\/ikth.de\/startseite\/event\/baeder-im-bestand-generationengerechte-sanierung-mit-system\/2026-04-29\/\"]}]},{\"@type\":\"BreadcrumbList\",\"@id\":\"https:\/\/ikth.de\/startseite\/event\/baeder-im-bestand-generationengerechte-sanierung-mit-system\/2026-04-29\/#breadcrumb\",\"itemListElement\":[{\"@type\":\"ListItem\",\"position\":1,\"name\":\"Startseite\",\"item\":\"https:\/\/ikth.de\/startseite\/\"},{\"@type\":\"ListItem\",\"position\":2,\"name\":\"Veranstaltungen\",\"item\":\"https:\/\/ikth.de\/startseite\/veranstaltungen\/\"},{\"@type\":\"ListItem\",\"position\":3,\"name\":\"B\u00e4der im Bestand: Generationengerechte Sanierung mit System\"}]},{\"@type\":\"WebSite\",\"@id\":\"https:\/\/ikth.de\/startseite\/#website\",\"url\":\"https:\/\/ikth.de\/startseite\/\",\"name\":\"Ingenieurkammer Th\u00fcringen\",\"description\":\"\",\"potentialAction\":[{\"@type\":\"SearchAction\",\"target\":{\"@type\":\"EntryPoint\",\"urlTemplate\":\"https:\/\/ikth.de\/startseite\/?s={search_term_string}\"},\"query-input\":{\"@type\":\"PropertyValueSpecification\",\"valueRequired\":true,\"valueName\":\"search_term_string\"}}],\"inLanguage\":\"de\"}]}<\/script>\n<!-- \/ Yoast SEO plugin. -->","yoast_head_json":{"title":"B\u00e4der im Bestand: Generationengerechte Sanierung mit System - Ingenieurkammer Th\u00fcringen","robots":{"index":"index","follow":"follow","max-snippet":"max-snippet:-1","max-image-preview":"max-image-preview:large","max-video-preview":"max-video-preview:-1"},"canonical":"https:\/\/ikth.de\/startseite\/event\/baeder-im-bestand-generationengerechte-sanierung-mit-system\/2026-04-29\/","og_locale":"de_DE","og_type":"article","og_title":"B\u00e4der im Bestand: Generationengerechte Sanierung mit System - Ingenieurkammer Th\u00fcringen","og_description":"[vc_row][vc_column][vc_column_text css=&#8220;&#8220;] Auf folgende Inhalte kannst Du Dich freuen: Erlebe die Zukunft des Badkomforts \u2013 Generationen\u00fcbergreifend, nachhaltig und innovativ! ACO\u00a0ordnet die barrierefreie Badmodernisierung im Bestand normativ und konstruktiv ein. Behandelt&hellip;","og_url":"https:\/\/ikth.de\/startseite\/event\/baeder-im-bestand-generationengerechte-sanierung-mit-system\/2026-04-29\/","og_site_name":"Ingenieurkammer Th\u00fcringen","twitter_card":"summary_large_image","twitter_misc":{"Gesch\u00e4tzte Lesezeit":"2\u00a0Minuten"},"schema":{"@context":"https:\/\/schema.org","@graph":[{"@type":"WebPage","@id":"https:\/\/ikth.de\/startseite\/event\/baeder-im-bestand-generationengerechte-sanierung-mit-system\/2026-04-29\/","url":"https:\/\/ikth.de\/startseite\/event\/baeder-im-bestand-generationengerechte-sanierung-mit-system\/2026-04-29\/","name":"B\u00e4der im Bestand: Generationengerechte Sanierung mit System - Ingenieurkammer Th\u00fcringen","isPartOf":{"@id":"https:\/\/ikth.de\/startseite\/#website"},"datePublished":"2026-04-28T12:01:10+00:00","breadcrumb":{"@id":"https:\/\/ikth.de\/startseite\/event\/baeder-im-bestand-generationengerechte-sanierung-mit-system\/2026-04-29\/#breadcrumb"},"inLanguage":"de","potentialAction":[{"@type":"ReadAction","target":["https:\/\/ikth.de\/startseite\/event\/baeder-im-bestand-generationengerechte-sanierung-mit-system\/2026-04-29\/"]}]},{"@type":"BreadcrumbList","@id":"https:\/\/ikth.de\/startseite\/event\/baeder-im-bestand-generationengerechte-sanierung-mit-system\/2026-04-29\/#breadcrumb","itemListElement":[{"@type":"ListItem","position":1,"name":"Startseite","item":"https:\/\/ikth.de\/startseite\/"},{"@type":"ListItem","position":2,"name":"Veranstaltungen","item":"https:\/\/ikth.de\/startseite\/veranstaltungen\/"},{"@type":"ListItem","position":3,"name":"B\u00e4der im Bestand: Generationengerechte Sanierung mit System"}]},{"@type":"WebSite","@id":"https:\/\/ikth.de\/startseite\/#website","url":"https:\/\/ikth.de\/startseite\/","name":"Ingenieurkammer Th\u00fcringen","description":"","potentialAction":[{"@type":"SearchAction","target":{"@type":"EntryPoint","urlTemplate":"https:\/\/ikth.de\/startseite\/?s={search_term_string}"},"query-input":{"@type":"PropertyValueSpecification","valueRequired":true,"valueName":"search_term_string"}}],"inLanguage":"de"}]}},"_links":{"self":[{"href":"https:\/\/ikth.de\/startseite\/wp-json\/wp\/v2\/tribe_events\/45155","targetHints":{"allow":["GET"]}}],"collection":[{"href":"https:\/\/ikth.de\/startseite\/wp-json\/wp\/v2\/tribe_events"}],"about":[{"href":"https:\/\/ikth.de\/startseite\/wp-json\/wp\/v2\/types\/tribe_events"}],"author":[{"embeddable":true,"href":"https:\/\/ikth.de\/startseite\/wp-json\/wp\/v2\/users\/12"}],"replies":[{"embeddable":true,"href":"https:\/\/ikth.de\/startseite\/wp-json\/wp\/v2\/comments?post=45155"}],"version-history":[{"count":1,"href":"https:\/\/ikth.de\/startseite\/wp-json\/wp\/v2\/tribe_events\/45155\/revisions"}],"predecessor-version":[{"id":45160,"href":"https:\/\/ikth.de\/startseite\/wp-json\/wp\/v2\/tribe_events\/45155\/revisions\/45160"}],"wp:attachment":[{"href":"https:\/\/ikth.de\/startseite\/wp-json\/wp\/v2\/media?parent=45155"}],"wp:term":[{"taxonomy":"post_tag","embeddable":true,"href":"https:\/\/ikth.de\/startseite\/wp-json\/wp\/v2\/tags?post=45155"},{"taxonomy":"tribe_events_cat","embeddable":true,"href":"https:\/\/ikth.de\/startseite\/wp-json\/wp\/v2\/tribe_events_cat?post=45155"}],"curies":[{"name":"wp","href":"https:\/\/api.w.org\/{rel}","templated":true}]}}

Bäder im Bestand: Generationengerechte Sanierung mit System

<div class="wpb-content-wrapper"><p>[vc_row][vc_column][vc_column_text css=&#8220;&#8220;]</p>
<div class="elementor-element elementor-element-4c1536c1 elementor-widget elementor-widget-heading" data-id="4c1536c1" data-element_type="widget" data-widget_type="heading.default">
<div class="elementor-widget-container">
<h2 class="elementor-heading-title elementor-size-default">Auf folgende Inhalte kannst Du Dich freuen:</h2>
</div>
</div>
<div class="elementor-element elementor-element-3e6b500a elementor-widget elementor-widget-text-editor" data-id="3e6b500a" data-element_type="widget" data-widget_type="text-editor.default">
<div class="elementor-widget-container">
<p><strong>Erlebe die Zukunft des Badkomforts – Generationenübergreifend, nachhaltig und innovativ!</strong></p>
<p><a href="https://www.wirliebenbau.de/industriepartner/aco-passavant-gmbh/" target="_blank" rel="noopener">ACO</a> ordnet die barrierefreie Badmodernisierung im Bestand normativ und konstruktiv ein. Behandelt werden die maßgeblichen Grundlagen der Badentwässerung, Anforderungen an die Abdichtung von Bodenabläufen sowie Kriterien zur Auswahl geeigneter Badabläufe und barrierefreier Duschrinnen. Auch besondere Einbausituationen und Sonderkonstruktionen werden praxisnah berücksichtigt.</p>
<p><a href="https://www.wirliebenbau.de/industriepartner/altro-deutschland-gmbh-co-kg/" target="_blank" rel="noopener">Altro</a> ergänzt die generationengerechte Badmodernisierung um sichere und langlebige Bodenlösungen im Bestand. Im Mittelpunkt stehen rutschhemmende Oberflächen zur Reduzierung von Unfallrisiken, die Bewertung typischer Schwachstellen bestehender Bäder sowie die Abstimmung auf vorhandene Untergrundaufbauten. Dabei werden barrierearme Konzepte mit funktionalen und gestalterischen Anforderungen in Einklang gebracht.</p>
<p><a href="https://www.wirliebenbau.de/industriepartner/pci-augsburg-gmbh/" target="_blank" rel="noopener">PCI</a> komplettiert die generationengerechte Badsanierung mit einem systematischen Blick auf Untergrund, Abdichtung und Belagsaufbau. Vom alten Wannenbad zum modernen bodengleichen Duschbad stehen Bestandsaufnahme, vorbereitende Maßnahmen und Bauweisen nach DIN 18534 im Mittelpunkt. Ergänzt werden praxisgerechte Detailausbildungen, sichere Belagserstellung und Verfugung sowie Aspekte zu Wirtschaftlichkeit und nachhaltiger Ausführung.</p>
<p>Nutze diese Chance, um Dein Know-how in der nachhaltigen Badgestaltung zu erweitern und innovative Lösungen für eine generationenübergreifende Zukunft zu entdecken. Melde Dich jetzt an und werde zum Experten für barrierefreie, sichere und ressourcenschonende Bäder!</p>
<p>Weitere Informationen sowie Anmeldung finden Sie unter: <a href="https://www.wirliebenbau.de/planer-symposium-baeder-im-bestand-generationengerechte-sanierung-mit-system/" target="_blank" rel="noopener">https://www.wirliebenbau.de/planer-symposium-baeder-im-bestand-generationengerechte-sanierung-mit-system/</a></p>
<h2>Diese Veranstaltung wird mit 3 Weiterbildungsstunden anerkannt.</h2>
</div>
</div>
<p>[/vc_column_text][/vc_column][/vc_row]</p>
</div>

<p>[vc_row][vc_column][vc_column_text css=&#8220;&#8220;] Auf folgende Inhalte kannst Du Dich freuen: Erlebe die Zukunft des Badkomforts – Generationenübergreifend, nachhaltig und innovativ! ACO ordnet die barrierefreie Badmodernisierung im Bestand normativ und konstruktiv ein. Behandelt&hellip;</p>

<!-- This site is optimized with the Yoast SEO plugin v26.4 - https://yoast.com/wordpress/plugins/seo/ -->
<title>Bäder im Bestand: Generationengerechte Sanierung mit System - Ingenieurkammer Thüringen</title>
<meta name="robots" content="index, follow, max-snippet:-1, max-image-preview:large, max-video-preview:-1" />
<link rel="canonical" href="https://ikth.de/startseite/event/baeder-im-bestand-generationengerechte-sanierung-mit-system/2026-04-29/" />
<meta property="og:locale" content="de_DE" />
<meta property="og:type" content="article" />
<meta property="og:title" content="Bäder im Bestand: Generationengerechte Sanierung mit System - Ingenieurkammer Thüringen" />
<meta property="og:description" content="[vc_row][vc_column][vc_column_text css=&#8220;&#8220;] Auf folgende Inhalte kannst Du Dich freuen: Erlebe die Zukunft des Badkomforts – Generationenübergreifend, nachhaltig und innovativ! ACO ordnet die barrierefreie Badmodernisierung im Bestand normativ und konstruktiv ein. Behandelt&hellip;" />
<meta property="og:url" content="https://ikth.de/startseite/event/baeder-im-bestand-generationengerechte-sanierung-mit-system/2026-04-29/" />
<meta property="og:site_name" content="Ingenieurkammer Thüringen" />
<meta name="twitter:card" content="summary_large_image" />
<meta name="twitter:label1" content="Geschätzte Lesezeit" />
	<meta name="twitter:data1" content="2 Minuten" />
<script type="application/ld+json" class="yoast-schema-graph">{"@context":"https://schema.org","@graph":[{"@type":"WebPage","@id":"https://ikth.de/startseite/event/baeder-im-bestand-generationengerechte-sanierung-mit-system/2026-04-29/","url":"https://ikth.de/startseite/event/baeder-im-bestand-generationengerechte-sanierung-mit-system/2026-04-29/","name":"Bäder im Bestand: Generationengerechte Sanierung mit System - Ingenieurkammer Thüringen","isPartOf":{"@id":"https://ikth.de/startseite/#website"},"datePublished":"2026-04-28T12:01:10+00:00","breadcrumb":{"@id":"https://ikth.de/startseite/event/baeder-im-bestand-generationengerechte-sanierung-mit-system/2026-04-29/#breadcrumb"},"inLanguage":"de","potentialAction":[{"@type":"ReadAction","target":["https://ikth.de/startseite/event/baeder-im-bestand-generationengerechte-sanierung-mit-system/2026-04-29/"]}]},{"@type":"BreadcrumbList","@id":"https://ikth.de/startseite/event/baeder-im-bestand-generationengerechte-sanierung-mit-system/2026-04-29/#breadcrumb","itemListElement":[{"@type":"ListItem","position":1,"name":"Startseite","item":"https://ikth.de/startseite/"},{"@type":"ListItem","position":2,"name":"Veranstaltungen","item":"https://ikth.de/startseite/veranstaltungen/"},{"@type":"ListItem","position":3,"name":"Bäder im Bestand: Generationengerechte Sanierung mit System"}]},{"@type":"WebSite","@id":"https://ikth.de/startseite/#website","url":"https://ikth.de/startseite/","name":"Ingenieurkammer Thüringen","description":"","potentialAction":[{"@type":"SearchAction","target":{"@type":"EntryPoint","urlTemplate":"https://ikth.de/startseite/?s={search_term_string}"},"query-input":{"@type":"PropertyValueSpecification","valueRequired":true,"valueName":"search_term_string"}}],"inLanguage":"de"}]}</script>
<!-- / Yoast SEO plugin. -->

Bäder im Bestand: Generationengerechte Sanierung mit System - Ingenieurkammer Thüringen

[vc_row][vc_column][vc_column_text css=&#8220;&#8220;] Auf folgende Inhalte kannst Du Dich freuen: Erlebe die Zukunft des Badkomforts – Generationenübergreifend, nachhaltig und innovativ! ACO ordnet die barrierefreie Badmodernisierung im Bestand normativ und konstruktiv ein. Behandelt&hellip;

Ingenieurkammer Thüringen
