{"id":954,"date":"2021-04-27T09:40:52","date_gmt":"2021-04-27T07:40:52","guid":{"rendered":"https:\/\/ikth.de\/startseite\/nachwuchs-copy\/"},"modified":"2023-09-12T14:36:59","modified_gmt":"2023-09-12T12:36:59","slug":"recht-service","status":"publish","type":"page","link":"https:\/\/ikth.de\/startseite\/recht-service\/","title":{"rendered":"Recht &#038; Service"},"content":{"rendered":"<div class=\"wpb-content-wrapper\"><p>[vc_row type=&#8220;vc_default&#8220;][vc_column][vc_row_inner][vc_column_inner width=&#8220;2\/3&#8243;][vc_column_text]Mitglieder der Ingenieurkammer Th\u00fcringen erhalten eine kostenlose Erstberatung zu berufsrechtlichen Fragen. Die Fragen beantwortet der (externe) Justiziar der IKTh, Herr RA Dr. Axel Schmidt, Erfurt.<br \/>\nMitglieder k\u00f6nnen sich gern zun\u00e4chst auch an die Gesch\u00e4ftsstelle wenden.<\/p>\n<p>Die Rechtsberatung erfolgt auf folgenden Rechtsgebieten:<\/p>\n<ul>\n<li>Honorarrecht<\/li>\n<li>VOF \/ VOB Vergabe \/ Wettbewerbsrecht \/ privates Baurecht<\/li>\n<li>Allgemeines Vertragsrecht \/ Gesellschrecht \/ Urheberrecht \/ Haftpflichtversicherung<\/li>\n<li>Arbeitsrecht \/ Gr\u00fcndung Ingenieurb\u00fcro<\/li>\n<li>Werbung \/ Berufsrecht<\/li>\n<li>Prozessrecht<\/li>\n<li>Sonstiges \/ \u00f6ffentliches Baurecht<\/li>\n<\/ul>\n<p>Bei einer Terminvereinbarung nennen Sie bitte Ihren Namen und Ihre Mitgliedsnummer.[\/vc_column_text][\/vc_column_inner][vc_column_inner width=&#8220;1\/3&#8243; css=&#8220;.vc_custom_1619592481624{background-image: url(https:\/\/ikth.de\/wp-content\/uploads\/2021\/04\/Hintergrund_Hellblau.jpg?id=835) !important;}&#8220;][vc_single_image image=&#8220;5579&#8243; img_size=&#8220;&#8220; image_hovers=&#8220;false&#8220;][vc_column_text]<strong>Kontakt:<\/strong><br \/>\nRA Dr. Axel Lakonen-Schmidt<br \/>\nWEISSKOPF Rechtsanw\u00e4lte Partnerschaft mbB<br \/>\nBahnhofstra\u00dfe 4a<br \/>\n99084 Erfurt<\/p>\n<p>Tel: 0361 565620<br \/>\nE-Mail: <span id=\"cloak3d10dcb86092dcd0dccc4638f72dd383\"><a href=\"mailto:a.schmidt@weisskopf-law.com\">a.schmidt@weisskopf-law.com<\/a><\/span>[\/vc_column_text][\/vc_column_inner][\/vc_row_inner][\/vc_column][\/vc_row]<\/p>\n<\/div>","protected":false},"excerpt":{"rendered":"<p>[vc_row type=&#8220;vc_default&#8220;][vc_column][vc_row_inner][vc_column_inner width=&#8220;2\/3&#8243;][vc_column_text]Mitglieder der Ingenieurkammer Th\u00fcringen erhalten eine kostenlose Erstberatung zu berufsrechtlichen Fragen. Die Fragen beantwortet der (externe) Justiziar der IKTh, Herr RA Dr. Axel Schmidt, Erfurt. Mitglieder k\u00f6nnen sich&hellip;<\/p>\n","protected":false},"author":3,"featured_media":0,"parent":0,"menu_order":0,"comment_status":"closed","ping_status":"closed","template":"","meta":{"_acf_changed":false,"footnotes":""},"class_list":["post-954","page","type-page","status-publish","hentry","description-off"],"acf":[],"yoast_head":"<!-- This site is optimized with the Yoast SEO plugin v26.4 - https:\/\/yoast.com\/wordpress\/plugins\/seo\/ -->\n<title>Recht &amp; Service - Ingenieurkammer Th\u00fcringen<\/title>\n<meta name=\"description\" content=\"0\" \/>\n<meta name=\"robots\" content=\"index, follow, max-snippet:-1, max-image-preview:large, max-video-preview:-1\" \/>\n<link rel=\"canonical\" href=\"https:\/\/ikth.de\/startseite\/recht-service\/\" \/>\n<meta property=\"og:locale\" content=\"de_DE\" \/>\n<meta property=\"og:type\" content=\"article\" \/>\n<meta property=\"og:title\" content=\"Recht &amp; Service - Ingenieurkammer Th\u00fcringen\" \/>\n<meta property=\"og:description\" content=\"[vc_row type=&#8220;vc_default&#8220;][vc_column][vc_row_inner][vc_column_inner width=&#8220;2\/3&#8243;][vc_column_text]Mitglieder der Ingenieurkammer Th\u00fcringen erhalten eine kostenlose Erstberatung zu berufsrechtlichen Fragen. Die Fragen beantwortet der (externe) Justiziar der IKTh, Herr RA Dr. Axel Schmidt, Erfurt. Mitglieder k\u00f6nnen sich&hellip;\" \/>\n<meta property=\"og:url\" content=\"https:\/\/ikth.de\/startseite\/recht-service\/\" \/>\n<meta property=\"og:site_name\" content=\"Ingenieurkammer Th\u00fcringen\" \/>\n<meta property=\"article:modified_time\" content=\"2023-09-12T12:36:59+00:00\" \/>\n<meta name=\"twitter:card\" content=\"summary_large_image\" \/>\n<meta name=\"twitter:label1\" content=\"Gesch\u00e4tzte Lesezeit\" \/>\n\t<meta name=\"twitter:data1\" content=\"1\u00a0Minute\" \/>\n<script type=\"application\/ld+json\" class=\"yoast-schema-graph\">{\"@context\":\"https:\/\/schema.org\",\"@graph\":[{\"@type\":\"WebPage\",\"@id\":\"https:\/\/ikth.de\/startseite\/recht-service\/\",\"url\":\"https:\/\/ikth.de\/startseite\/recht-service\/\",\"name\":\"Recht & Service - Ingenieurkammer Th\u00fcringen\",\"isPartOf\":{\"@id\":\"https:\/\/ikth.de\/startseite\/#website\"},\"datePublished\":\"2021-04-27T07:40:52+00:00\",\"dateModified\":\"2023-09-12T12:36:59+00:00\",\"breadcrumb\":{\"@id\":\"https:\/\/ikth.de\/startseite\/recht-service\/#breadcrumb\"},\"inLanguage\":\"de\",\"potentialAction\":[{\"@type\":\"ReadAction\",\"target\":[\"https:\/\/ikth.de\/startseite\/recht-service\/\"]}]},{\"@type\":\"BreadcrumbList\",\"@id\":\"https:\/\/ikth.de\/startseite\/recht-service\/#breadcrumb\",\"itemListElement\":[{\"@type\":\"ListItem\",\"position\":1,\"name\":\"Startseite\",\"item\":\"https:\/\/ikth.de\/startseite\/\"},{\"@type\":\"ListItem\",\"position\":2,\"name\":\"Recht &#038; Service\"}]},{\"@type\":\"WebSite\",\"@id\":\"https:\/\/ikth.de\/startseite\/#website\",\"url\":\"https:\/\/ikth.de\/startseite\/\",\"name\":\"Ingenieurkammer Th\u00fcringen\",\"description\":\"\",\"potentialAction\":[{\"@type\":\"SearchAction\",\"target\":{\"@type\":\"EntryPoint\",\"urlTemplate\":\"https:\/\/ikth.de\/startseite\/?s={search_term_string}\"},\"query-input\":{\"@type\":\"PropertyValueSpecification\",\"valueRequired\":true,\"valueName\":\"search_term_string\"}}],\"inLanguage\":\"de\"}]}<\/script>\n<!-- \/ Yoast SEO plugin. -->","yoast_head_json":{"title":"Recht & Service - Ingenieurkammer Th\u00fcringen","robots":{"index":"index","follow":"follow","max-snippet":"max-snippet:-1","max-image-preview":"max-image-preview:large","max-video-preview":"max-video-preview:-1"},"canonical":"https:\/\/ikth.de\/startseite\/recht-service\/","og_locale":"de_DE","og_type":"article","og_title":"Recht & Service - Ingenieurkammer Th\u00fcringen","og_description":"[vc_row type=&#8220;vc_default&#8220;][vc_column][vc_row_inner][vc_column_inner width=&#8220;2\/3&#8243;][vc_column_text]Mitglieder der Ingenieurkammer Th\u00fcringen erhalten eine kostenlose Erstberatung zu berufsrechtlichen Fragen. Die Fragen beantwortet der (externe) Justiziar der IKTh, Herr RA Dr. Axel Schmidt, Erfurt. Mitglieder k\u00f6nnen sich&hellip;","og_url":"https:\/\/ikth.de\/startseite\/recht-service\/","og_site_name":"Ingenieurkammer Th\u00fcringen","article_modified_time":"2023-09-12T12:36:59+00:00","twitter_card":"summary_large_image","twitter_misc":{"Gesch\u00e4tzte Lesezeit":"1\u00a0Minute"},"schema":{"@context":"https:\/\/schema.org","@graph":[{"@type":"WebPage","@id":"https:\/\/ikth.de\/startseite\/recht-service\/","url":"https:\/\/ikth.de\/startseite\/recht-service\/","name":"Recht & Service - Ingenieurkammer Th\u00fcringen","isPartOf":{"@id":"https:\/\/ikth.de\/startseite\/#website"},"datePublished":"2021-04-27T07:40:52+00:00","dateModified":"2023-09-12T12:36:59+00:00","breadcrumb":{"@id":"https:\/\/ikth.de\/startseite\/recht-service\/#breadcrumb"},"inLanguage":"de","potentialAction":[{"@type":"ReadAction","target":["https:\/\/ikth.de\/startseite\/recht-service\/"]}]},{"@type":"BreadcrumbList","@id":"https:\/\/ikth.de\/startseite\/recht-service\/#breadcrumb","itemListElement":[{"@type":"ListItem","position":1,"name":"Startseite","item":"https:\/\/ikth.de\/startseite\/"},{"@type":"ListItem","position":2,"name":"Recht &#038; Service"}]},{"@type":"WebSite","@id":"https:\/\/ikth.de\/startseite\/#website","url":"https:\/\/ikth.de\/startseite\/","name":"Ingenieurkammer Th\u00fcringen","description":"","potentialAction":[{"@type":"SearchAction","target":{"@type":"EntryPoint","urlTemplate":"https:\/\/ikth.de\/startseite\/?s={search_term_string}"},"query-input":{"@type":"PropertyValueSpecification","valueRequired":true,"valueName":"search_term_string"}}],"inLanguage":"de"}]}},"_links":{"self":[{"href":"https:\/\/ikth.de\/startseite\/wp-json\/wp\/v2\/pages\/954","targetHints":{"allow":["GET"]}}],"collection":[{"href":"https:\/\/ikth.de\/startseite\/wp-json\/wp\/v2\/pages"}],"about":[{"href":"https:\/\/ikth.de\/startseite\/wp-json\/wp\/v2\/types\/page"}],"author":[{"embeddable":true,"href":"https:\/\/ikth.de\/startseite\/wp-json\/wp\/v2\/users\/3"}],"replies":[{"embeddable":true,"href":"https:\/\/ikth.de\/startseite\/wp-json\/wp\/v2\/comments?post=954"}],"version-history":[{"count":6,"href":"https:\/\/ikth.de\/startseite\/wp-json\/wp\/v2\/pages\/954\/revisions"}],"predecessor-version":[{"id":5587,"href":"https:\/\/ikth.de\/startseite\/wp-json\/wp\/v2\/pages\/954\/revisions\/5587"}],"wp:attachment":[{"href":"https:\/\/ikth.de\/startseite\/wp-json\/wp\/v2\/media?parent=954"}],"curies":[{"name":"wp","href":"https:\/\/api.w.org\/{rel}","templated":true}]}}