{"id":601,"date":"2021-03-01T12:30:15","date_gmt":"2021-03-01T11:30:15","guid":{"rendered":"https:\/\/ikth.de\/startseite\/mitgliedschaft-copy\/"},"modified":"2021-10-13T14:28:12","modified_gmt":"2021-10-13T12:28:12","slug":"mitglied-werden","status":"publish","type":"page","link":"https:\/\/ikth.de\/startseite\/mitglied-werden\/","title":{"rendered":"Mitglied werden"},"content":{"rendered":"<div class=\"wpb-content-wrapper\"><p>[vc_row type=&#8220;vc_default&#8220;][vc_column][vc_row_inner][vc_column_inner]<div id=\"ultimate-heading-393969f439d5b929e\" class=\"uvc-heading ult-adjust-bottom-margin ultimate-heading-393969f439d5b929e uvc-5397  uvc-heading-default-font-sizes\" data-hspacer=\"no_spacer\"  data-halign=\"left\" style=\"text-align:left\"><div class=\"uvc-heading-spacer no_spacer\" style=\"top\"><\/div><div class=\"uvc-main-heading ult-responsive\"  data-ultimate-target='.uvc-heading.ultimate-heading-393969f439d5b929e h1'  data-responsive-json-new='{\"font-size\":\"\",\"line-height\":\"\"}' ><h1 style=\"--font-weight:theme;\">Mitglied werden<\/h1><\/div><\/div>[vc_empty_space][\/vc_column_inner][\/vc_row_inner][vc_row_inner][vc_column_inner width=&#8220;2\/3&#8243;][vc_column_text]Die Mitgliedschaft in der Ingenieurkammer Th\u00fcringen gem\u00e4\u00df \u00a7 21 Th\u00fcringer Architekten- und Ingenieurkammergesetz (Th\u00fcrAIKG) umfasst Pflichtmitglieder (Beratende Ingenieure,<span class=\"Apple-converted-space\">\u00a0<\/span>Bauvorlageberechtigte Ingenieure), Freiwillige Mitglieder sowie Juniormitglieder &#8211; ohne Stimmrecht.<\/p>\n<p>Der Eintragungsausschuss ist zust\u00e4ndig f\u00fcr alle Eintragungen und sonstige Ma\u00dfnahmen, die nach dem ersten Teil des Th\u00fcrAIKG (Ausnahme \u00a718) zu treffen sind. Das Verfahren beginnt mit der Einreichung eines Antrages, dessen Bestandteile je nach Begehren des Antragstellers unterschiedlich zusammengestellt sind. \u00dcber die Eintragungen und L\u00f6schungen einer Eintragung entscheidet gem\u00e4\u00df \u00a7 26 Th\u00fcrAIKG der Eintragungsausschuss der Ingenieurkammer.[\/vc_column_text][\/vc_column_inner][vc_column_inner width=&#8220;1\/3&#8243;][vc_column_text]<strong>Ansprechpartnerin<\/strong><\/p>\n<p>Ines Gehlhaar<\/p>\n<p>Telefon: 0361 22873 56<br \/>\nTelefax: 0361 22873 46<\/p>\n<p>E-Mail: <a href=\"mailto:i.gehlhaar@ikth.de\">i.gehlhaar@ikth.de<\/a>[\/vc_column_text][\/vc_column_inner][\/vc_row_inner][\/vc_column][\/vc_row][vc_row][vc_column][vc_empty_space height=&#8220;20px&#8220;][\/vc_column][\/vc_row][vc_row type=&#8220;vc_default&#8220; full_width=&#8220;stretch_row&#8220; bg_type=&#8220;image&#8220; parallax_style=&#8220;vcpb-default&#8220; bg_image_new=&#8220;id^116|url^https:\/\/ikth.de\/wp-content\/uploads\/2021\/02\/hintergrund_newsletter.png|caption^null|alt^null|title^hintergrund_newsletter|description^null&#8220; bg_image_repeat=&#8220;no-repeat&#8220;][vc_column width=&#8220;1\/6&#8243;][vc_empty_space height=&#8220;15px&#8220;][vc_single_image image=&#8220;513&#8243; img_size=&#8220;80&#215;80&#8243; alignment=&#8220;right&#8220;][\/vc_column][vc_column width=&#8220;2\/3&#8243;][vc_empty_space height=&#8220;20px&#8220;]<div id=\"ultimate-heading-119469f439d5b92ee\" class=\"uvc-heading ult-adjust-bottom-margin ultimate-heading-119469f439d5b92ee uvc-9580 \" data-hspacer=\"no_spacer\"  data-halign=\"left\" style=\"text-align:left\"><div class=\"uvc-heading-spacer no_spacer\" style=\"top\"><\/div><div class=\"uvc-sub-heading ult-responsive\"  data-ultimate-target='.uvc-heading.ultimate-heading-119469f439d5b92ee .uvc-sub-heading '  data-responsive-json-new='{\"font-size\":\"desktop:42px;\",\"line-height\":\"\"}'  style=\"font-family:&#039;Roboto Slab&#039;;font-style:italic;font-weight:300;\"><span style=\"color: #ffffff;\"><a style=\"color: #ffffff;\" href=\"https:\/\/ikth.de\/startseite\/antraege\/\"><em>Werden Sie Mitglied bei uns &gt;&gt;<\/em><\/a><\/span><\/div><\/div>[vc_empty_space height=&#8220;30px&#8220;][\/vc_column][vc_column width=&#8220;1\/6&#8243;][\/vc_column][\/vc_row]<\/p>\n<\/div>","protected":false},"excerpt":{"rendered":"<p>[vc_row type=&#8220;vc_default&#8220;][vc_column][vc_row_inner][vc_column_inner][vc_empty_space][\/vc_column_inner][\/vc_row_inner][vc_row_inner][vc_column_inner width=&#8220;2\/3&#8243;][vc_column_text]Die Mitgliedschaft in der Ingenieurkammer Th\u00fcringen gem\u00e4\u00df \u00a7 21 Th\u00fcringer Architekten- und Ingenieurkammergesetz (Th\u00fcrAIKG) umfasst Pflichtmitglieder (Beratende Ingenieure,\u00a0Bauvorlageberechtigte Ingenieure), Freiwillige Mitglieder sowie Juniormitglieder &#8211; ohne Stimmrecht. Der Eintragungsausschuss&hellip;<\/p>\n","protected":false},"author":3,"featured_media":0,"parent":0,"menu_order":0,"comment_status":"closed","ping_status":"closed","template":"","meta":{"_acf_changed":false,"footnotes":""},"class_list":["post-601","page","type-page","status-publish","hentry","description-off"],"acf":[],"yoast_head":"<!-- This site is optimized with the Yoast SEO plugin v26.4 - https:\/\/yoast.com\/wordpress\/plugins\/seo\/ -->\n<title>Mitglied werden - Ingenieurkammer Th\u00fcringen<\/title>\n<meta name=\"description\" content=\"0\" \/>\n<meta name=\"robots\" content=\"index, follow, max-snippet:-1, max-image-preview:large, max-video-preview:-1\" \/>\n<link rel=\"canonical\" href=\"https:\/\/ikth.de\/startseite\/mitglied-werden\/\" \/>\n<meta property=\"og:locale\" content=\"de_DE\" \/>\n<meta property=\"og:type\" content=\"article\" \/>\n<meta property=\"og:title\" content=\"Mitglied werden - Ingenieurkammer Th\u00fcringen\" \/>\n<meta property=\"og:description\" content=\"[vc_row type=&#8220;vc_default&#8220;][vc_column][vc_row_inner][vc_column_inner][vc_empty_space][\/vc_column_inner][\/vc_row_inner][vc_row_inner][vc_column_inner width=&#8220;2\/3&#8243;][vc_column_text]Die Mitgliedschaft in der Ingenieurkammer Th\u00fcringen gem\u00e4\u00df \u00a7 21 Th\u00fcringer Architekten- und Ingenieurkammergesetz (Th\u00fcrAIKG) umfasst Pflichtmitglieder (Beratende Ingenieure,\u00a0Bauvorlageberechtigte Ingenieure), Freiwillige Mitglieder sowie Juniormitglieder &#8211; ohne Stimmrecht. Der Eintragungsausschuss&hellip;\" \/>\n<meta property=\"og:url\" content=\"https:\/\/ikth.de\/startseite\/mitglied-werden\/\" \/>\n<meta property=\"og:site_name\" content=\"Ingenieurkammer Th\u00fcringen\" \/>\n<meta property=\"article:modified_time\" content=\"2021-10-13T12:28:12+00:00\" \/>\n<meta name=\"twitter:card\" content=\"summary_large_image\" \/>\n<meta name=\"twitter:label1\" content=\"Gesch\u00e4tzte Lesezeit\" \/>\n\t<meta name=\"twitter:data1\" content=\"1\u00a0Minute\" \/>\n<script type=\"application\/ld+json\" class=\"yoast-schema-graph\">{\"@context\":\"https:\/\/schema.org\",\"@graph\":[{\"@type\":\"WebPage\",\"@id\":\"https:\/\/ikth.de\/startseite\/mitglied-werden\/\",\"url\":\"https:\/\/ikth.de\/startseite\/mitglied-werden\/\",\"name\":\"Mitglied werden - Ingenieurkammer Th\u00fcringen\",\"isPartOf\":{\"@id\":\"https:\/\/ikth.de\/startseite\/#website\"},\"datePublished\":\"2021-03-01T11:30:15+00:00\",\"dateModified\":\"2021-10-13T12:28:12+00:00\",\"breadcrumb\":{\"@id\":\"https:\/\/ikth.de\/startseite\/mitglied-werden\/#breadcrumb\"},\"inLanguage\":\"de\",\"potentialAction\":[{\"@type\":\"ReadAction\",\"target\":[\"https:\/\/ikth.de\/startseite\/mitglied-werden\/\"]}]},{\"@type\":\"BreadcrumbList\",\"@id\":\"https:\/\/ikth.de\/startseite\/mitglied-werden\/#breadcrumb\",\"itemListElement\":[{\"@type\":\"ListItem\",\"position\":1,\"name\":\"Startseite\",\"item\":\"https:\/\/ikth.de\/startseite\/\"},{\"@type\":\"ListItem\",\"position\":2,\"name\":\"Mitglied werden\"}]},{\"@type\":\"WebSite\",\"@id\":\"https:\/\/ikth.de\/startseite\/#website\",\"url\":\"https:\/\/ikth.de\/startseite\/\",\"name\":\"Ingenieurkammer Th\u00fcringen\",\"description\":\"\",\"potentialAction\":[{\"@type\":\"SearchAction\",\"target\":{\"@type\":\"EntryPoint\",\"urlTemplate\":\"https:\/\/ikth.de\/startseite\/?s={search_term_string}\"},\"query-input\":{\"@type\":\"PropertyValueSpecification\",\"valueRequired\":true,\"valueName\":\"search_term_string\"}}],\"inLanguage\":\"de\"}]}<\/script>\n<!-- \/ Yoast SEO plugin. -->","yoast_head_json":{"title":"Mitglied werden - Ingenieurkammer Th\u00fcringen","robots":{"index":"index","follow":"follow","max-snippet":"max-snippet:-1","max-image-preview":"max-image-preview:large","max-video-preview":"max-video-preview:-1"},"canonical":"https:\/\/ikth.de\/startseite\/mitglied-werden\/","og_locale":"de_DE","og_type":"article","og_title":"Mitglied werden - Ingenieurkammer Th\u00fcringen","og_description":"[vc_row type=&#8220;vc_default&#8220;][vc_column][vc_row_inner][vc_column_inner][vc_empty_space][\/vc_column_inner][\/vc_row_inner][vc_row_inner][vc_column_inner width=&#8220;2\/3&#8243;][vc_column_text]Die Mitgliedschaft in der Ingenieurkammer Th\u00fcringen gem\u00e4\u00df \u00a7 21 Th\u00fcringer Architekten- und Ingenieurkammergesetz (Th\u00fcrAIKG) umfasst Pflichtmitglieder (Beratende Ingenieure,\u00a0Bauvorlageberechtigte Ingenieure), Freiwillige Mitglieder sowie Juniormitglieder &#8211; ohne Stimmrecht. Der Eintragungsausschuss&hellip;","og_url":"https:\/\/ikth.de\/startseite\/mitglied-werden\/","og_site_name":"Ingenieurkammer Th\u00fcringen","article_modified_time":"2021-10-13T12:28:12+00:00","twitter_card":"summary_large_image","twitter_misc":{"Gesch\u00e4tzte Lesezeit":"1\u00a0Minute"},"schema":{"@context":"https:\/\/schema.org","@graph":[{"@type":"WebPage","@id":"https:\/\/ikth.de\/startseite\/mitglied-werden\/","url":"https:\/\/ikth.de\/startseite\/mitglied-werden\/","name":"Mitglied werden - Ingenieurkammer Th\u00fcringen","isPartOf":{"@id":"https:\/\/ikth.de\/startseite\/#website"},"datePublished":"2021-03-01T11:30:15+00:00","dateModified":"2021-10-13T12:28:12+00:00","breadcrumb":{"@id":"https:\/\/ikth.de\/startseite\/mitglied-werden\/#breadcrumb"},"inLanguage":"de","potentialAction":[{"@type":"ReadAction","target":["https:\/\/ikth.de\/startseite\/mitglied-werden\/"]}]},{"@type":"BreadcrumbList","@id":"https:\/\/ikth.de\/startseite\/mitglied-werden\/#breadcrumb","itemListElement":[{"@type":"ListItem","position":1,"name":"Startseite","item":"https:\/\/ikth.de\/startseite\/"},{"@type":"ListItem","position":2,"name":"Mitglied werden"}]},{"@type":"WebSite","@id":"https:\/\/ikth.de\/startseite\/#website","url":"https:\/\/ikth.de\/startseite\/","name":"Ingenieurkammer Th\u00fcringen","description":"","potentialAction":[{"@type":"SearchAction","target":{"@type":"EntryPoint","urlTemplate":"https:\/\/ikth.de\/startseite\/?s={search_term_string}"},"query-input":{"@type":"PropertyValueSpecification","valueRequired":true,"valueName":"search_term_string"}}],"inLanguage":"de"}]}},"_links":{"self":[{"href":"https:\/\/ikth.de\/startseite\/wp-json\/wp\/v2\/pages\/601","targetHints":{"allow":["GET"]}}],"collection":[{"href":"https:\/\/ikth.de\/startseite\/wp-json\/wp\/v2\/pages"}],"about":[{"href":"https:\/\/ikth.de\/startseite\/wp-json\/wp\/v2\/types\/page"}],"author":[{"embeddable":true,"href":"https:\/\/ikth.de\/startseite\/wp-json\/wp\/v2\/users\/3"}],"replies":[{"embeddable":true,"href":"https:\/\/ikth.de\/startseite\/wp-json\/wp\/v2\/comments?post=601"}],"version-history":[{"count":1,"href":"https:\/\/ikth.de\/startseite\/wp-json\/wp\/v2\/pages\/601\/revisions"}],"predecessor-version":[{"id":9831,"href":"https:\/\/ikth.de\/startseite\/wp-json\/wp\/v2\/pages\/601\/revisions\/9831"}],"wp:attachment":[{"href":"https:\/\/ikth.de\/startseite\/wp-json\/wp\/v2\/media?parent=601"}],"curies":[{"name":"wp","href":"https:\/\/api.w.org\/{rel}","templated":true}]}}