{"id":564,"date":"2021-03-01T09:12:10","date_gmt":"2021-03-01T08:12:10","guid":{"rendered":"https:\/\/ikth.de\/startseite\/duales-studium-bauigenieurwesen-copy\/"},"modified":"2021-09-30T21:23:06","modified_gmt":"2021-09-30T19:23:06","slug":"mitgliedschaft","status":"publish","type":"page","link":"https:\/\/ikth.de\/startseite\/mitgliedschaft\/","title":{"rendered":"Mitgliedschaft"},"content":{"rendered":"<div class=\"wpb-content-wrapper\"><p>[vc_row type=&#8220;vc_default&#8220;][vc_column][vc_row_inner][vc_column_inner]<div id=\"ultimate-heading-908269f5a91b9d582\" class=\"uvc-heading ult-adjust-bottom-margin ultimate-heading-908269f5a91b9d582 uvc-4976  uvc-heading-default-font-sizes\" data-hspacer=\"no_spacer\"  data-halign=\"left\" style=\"text-align:left\"><div class=\"uvc-heading-spacer no_spacer\" style=\"top\"><\/div><div class=\"uvc-main-heading ult-responsive\"  data-ultimate-target='.uvc-heading.ultimate-heading-908269f5a91b9d582 h1'  data-responsive-json-new='{\"font-size\":\"\",\"line-height\":\"\"}' ><h1 style=\"--font-weight:theme;\">Ihre Vorteile als Mitglied der Ingenieurkammer Th\u00fcringen<\/h1><\/div><div class=\"uvc-sub-heading ult-responsive\"  data-ultimate-target='.uvc-heading.ultimate-heading-908269f5a91b9d582 .uvc-sub-heading '  data-responsive-json-new='{\"font-size\":\"\",\"line-height\":\"\"}'  style=\"font-weight:normal;\"><\/p>\n<p><\/div><\/div>[vc_empty_space][\/vc_column_inner][\/vc_row_inner][vc_row_inner][vc_column_inner][vc_column_text][\/vc_column_text][\/vc_column_inner][\/vc_row_inner][vc_empty_space height=&#8220;20px&#8220;][\/vc_column][\/vc_row][vc_row type=&#8220;vc_default&#8220;][vc_column width=&#8220;1\/2&#8243;][vc_row_inner][vc_column_inner width=&#8220;1\/4&#8243;][vc_single_image image=&#8220;586&#8243; img_size=&#8220;full&#8220; css_animation=&#8220;fadeInDown&#8220;][\/vc_column_inner][vc_column_inner width=&#8220;3\/4&#8243;][vc_empty_space height=&#8220;60px&#8220;]<div id=\"ultimate-heading-778469f5a91b9d5d5\" class=\"uvc-heading ult-adjust-bottom-margin ultimate-heading-778469f5a91b9d5d5 uvc-5798  uvc-heading-default-font-sizes\" data-hspacer=\"no_spacer\"  data-halign=\"left\" style=\"text-align:left\"><div class=\"uvc-heading-spacer no_spacer\" style=\"top\"><\/div><div class=\"uvc-main-heading ult-responsive\"  data-ultimate-target='.uvc-heading.ultimate-heading-778469f5a91b9d5d5 h2'  data-responsive-json-new='{\"font-size\":\"\",\"line-height\":\"\"}' ><h2 style=\"font-family:&#039;Roboto Slab&#039;;--font-weight:theme;color:#005091;\">Schutz beruflicher Belange der Kammermitglieder<\/h2><\/div><\/div>[\/vc_column_inner][\/vc_row_inner][vc_column_text]Die Ingenieurkammer Th\u00fcringen (IKTh) als Berufsstandsorganisation vertritt und wahrt die Interessen ihrer Mitglieder gegen\u00fcber der Legislative und der Exekutive in Th\u00fcringen.[\/vc_column_text][\/vc_column][vc_column width=&#8220;1\/2&#8243;][vc_row_inner][vc_column_inner width=&#8220;1\/4&#8243;][vc_single_image image=&#8220;570&#8243; img_size=&#8220;full&#8220; css_animation=&#8220;fadeInDown&#8220;][\/vc_column_inner][vc_column_inner width=&#8220;3\/4&#8243;][vc_empty_space height=&#8220;60px&#8220;]<div id=\"ultimate-heading-310469f5a91b9d61d\" class=\"uvc-heading ult-adjust-bottom-margin ultimate-heading-310469f5a91b9d61d uvc-2803  uvc-heading-default-font-sizes\" data-hspacer=\"no_spacer\"  data-halign=\"left\" style=\"text-align:left\"><div class=\"uvc-heading-spacer no_spacer\" style=\"top\"><\/div><div class=\"uvc-main-heading ult-responsive\"  data-ultimate-target='.uvc-heading.ultimate-heading-310469f5a91b9d61d h2'  data-responsive-json-new='{\"font-size\":\"\",\"line-height\":\"\"}' ><h2 style=\"font-family:&#039;Roboto Slab&#039;;--font-weight:theme;color:#005091;\">Fortbildung<\/h2><\/div><\/div>[\/vc_column_inner][\/vc_row_inner][vc_column_text]Die Bauhausakademie Schloss Ettersburg gGmbH als Kooperationspartner f\u00fcr Fort- und Weiterbildung der Ingenieurkammer Th\u00fcringen bietet fachliche Seminare zu Ingenieurthemen an. F\u00fcr unsere Mitglieder sind die Teilnahmegeb\u00fchren verg\u00fcnstigt.[\/vc_column_text][\/vc_column][\/vc_row][vc_row type=&#8220;vc_default&#8220;][vc_column width=&#8220;1\/2&#8243;][vc_row_inner][vc_column_inner width=&#8220;1\/4&#8243;][vc_single_image image=&#8220;582&#8243; img_size=&#8220;full&#8220; css_animation=&#8220;fadeInDown&#8220;][\/vc_column_inner][vc_column_inner width=&#8220;3\/4&#8243;][vc_empty_space height=&#8220;60px&#8220;]<div id=\"ultimate-heading-602869f5a91b9d678\" class=\"uvc-heading ult-adjust-bottom-margin ultimate-heading-602869f5a91b9d678 uvc-3911  uvc-heading-default-font-sizes\" data-hspacer=\"no_spacer\"  data-halign=\"left\" style=\"text-align:left\"><div class=\"uvc-heading-spacer no_spacer\" style=\"top\"><\/div><div class=\"uvc-main-heading ult-responsive\"  data-ultimate-target='.uvc-heading.ultimate-heading-602869f5a91b9d678 h2'  data-responsive-json-new='{\"font-size\":\"\",\"line-height\":\"\"}' ><h2 style=\"font-family:&#039;Roboto Slab&#039;;--font-weight:theme;color:#005091;\">Wir informieren Sie<\/h2><\/div><\/div>[\/vc_column_inner][\/vc_row_inner][vc_column_text]Als Kammermitglied erhalten Sie kostenfrei j\u00e4hrlich zehn Exemplare des Deutschen Ingenieurblattes (DIB) mit Th\u00fcringer L\u00e4nderbeilage.<\/p>\n<p>Zus\u00e4tzlich informieren wir Sie \u00fcber aktuelle fachliche und berufliche Themen zu Baugesetzen, Erlassen und Verordnungen sowie Veranstaltungen auf unserer Homepage und per E-Mail.[\/vc_column_text][\/vc_column][vc_column width=&#8220;1\/2&#8243;][vc_row_inner][vc_column_inner width=&#8220;1\/4&#8243;][vc_single_image image=&#8220;583&#8243; img_size=&#8220;full&#8220; css_animation=&#8220;fadeInDown&#8220;][\/vc_column_inner][vc_column_inner width=&#8220;3\/4&#8243;][vc_empty_space height=&#8220;60px&#8220;]<div id=\"ultimate-heading-458069f5a91b9d6b0\" class=\"uvc-heading ult-adjust-bottom-margin ultimate-heading-458069f5a91b9d6b0 uvc-7917  uvc-heading-default-font-sizes\" data-hspacer=\"no_spacer\"  data-halign=\"left\" style=\"text-align:left\"><div class=\"uvc-heading-spacer no_spacer\" style=\"top\"><\/div><div class=\"uvc-main-heading ult-responsive\"  data-ultimate-target='.uvc-heading.ultimate-heading-458069f5a91b9d6b0 h2'  data-responsive-json-new='{\"font-size\":\"\",\"line-height\":\"\"}' ><h2 style=\"font-family:&#039;Roboto Slab&#039;;--font-weight:theme;color:#005091;\">Netzwerk<\/h2><\/div><\/div>[\/vc_column_inner][\/vc_row_inner][vc_column_text]Als Mitglied sind Sie Teil einer starken Gemeinschaft.\u00a0 Sie k\u00f6nnen sich in unseren Arbeitskreisen engagieren.[\/vc_column_text][\/vc_column][\/vc_row][vc_row type=&#8220;vc_default&#8220;][vc_column width=&#8220;1\/2&#8243;][vc_row_inner][vc_column_inner width=&#8220;1\/4&#8243;][vc_single_image image=&#8220;2747&#8243; img_size=&#8220;full&#8220; css_animation=&#8220;fadeInDown&#8220;][\/vc_column_inner][vc_column_inner width=&#8220;3\/4&#8243;][vc_empty_space height=&#8220;60px&#8220;]<div id=\"ultimate-heading-717969f5a91b9d6e6\" class=\"uvc-heading ult-adjust-bottom-margin ultimate-heading-717969f5a91b9d6e6 uvc-3703  uvc-heading-default-font-sizes\" data-hspacer=\"no_spacer\"  data-halign=\"left\" style=\"text-align:left\"><div class=\"uvc-heading-spacer no_spacer\" style=\"top\"><\/div><div class=\"uvc-main-heading ult-responsive\"  data-ultimate-target='.uvc-heading.ultimate-heading-717969f5a91b9d6e6 h2'  data-responsive-json-new='{\"font-size\":\"\",\"line-height\":\"\"}' ><h2 style=\"font-family:&#039;Roboto Slab&#039;;--font-weight:theme;color:#005091;\">Rechtliche Erstberatung<\/h2><\/div><\/div>[\/vc_column_inner][\/vc_row_inner][vc_column_text]Mitglieder der Ingenieurkammer Th\u00fcringen erhalten eine kostenlose Erstberatung zu berufsrechtlichen Fragen (z. B. Vertragsgestaltung, Honorar, Haftung, Versicherung, Unternehmensnachfolge, Mitarbeiter).[\/vc_column_text][\/vc_column][vc_column width=&#8220;1\/2&#8243;][vc_row_inner][vc_column_inner width=&#8220;1\/4&#8243;][vc_single_image image=&#8220;579&#8243; img_size=&#8220;full&#8220; css_animation=&#8220;fadeInDown&#8220;][\/vc_column_inner][vc_column_inner width=&#8220;3\/4&#8243;][vc_empty_space height=&#8220;60px&#8220;]<div id=\"ultimate-heading-119969f5a91b9d71b\" class=\"uvc-heading ult-adjust-bottom-margin ultimate-heading-119969f5a91b9d71b uvc-2580  uvc-heading-default-font-sizes\" data-hspacer=\"no_spacer\"  data-halign=\"left\" style=\"text-align:left\"><div class=\"uvc-heading-spacer no_spacer\" style=\"top\"><\/div><div class=\"uvc-main-heading ult-responsive\"  data-ultimate-target='.uvc-heading.ultimate-heading-119969f5a91b9d71b h2'  data-responsive-json-new='{\"font-size\":\"\",\"line-height\":\"\"}' ><h2 style=\"font-family:&#039;Roboto Slab&#039;;--font-weight:theme;color:#005091;\">Versorgungswerk<\/h2><\/div><\/div>[\/vc_column_inner][\/vc_row_inner][vc_column_text]Mit der Bayerischen Ingenieurversorgung-Bau haben unsere Mitglieder die M\u00f6glichkeit der individuellen Altersvorsorge.[\/vc_column_text][\/vc_column][\/vc_row][vc_row type=&#8220;vc_default&#8220; full_width=&#8220;stretch_row&#8220; bg_type=&#8220;image&#8220; parallax_style=&#8220;vcpb-default&#8220; bg_image_new=&#8220;id^116|url^https:\/\/ikth.de\/wp-content\/uploads\/2021\/02\/hintergrund_newsletter.png|caption^null|alt^null|title^hintergrund_newsletter|description^null&#8220; bg_image_repeat=&#8220;no-repeat&#8220;][vc_column width=&#8220;1\/6&#8243;][vc_empty_space height=&#8220;15px&#8220;][vc_single_image image=&#8220;513&#8243; img_size=&#8220;80&#215;80&#8243; alignment=&#8220;right&#8220;][\/vc_column][vc_column width=&#8220;2\/3&#8243;][vc_empty_space height=&#8220;30px&#8220;]<div id=\"ultimate-heading-129469f5a91b9d752\" class=\"uvc-heading ult-adjust-bottom-margin ultimate-heading-129469f5a91b9d752 uvc-152 \" data-hspacer=\"no_spacer\"  data-halign=\"left\" style=\"text-align:left\"><div class=\"uvc-heading-spacer no_spacer\" style=\"top\"><\/div><div class=\"uvc-sub-heading ult-responsive\"  data-ultimate-target='.uvc-heading.ultimate-heading-129469f5a91b9d752 .uvc-sub-heading '  data-responsive-json-new='{\"font-size\":\"desktop:42px;\",\"line-height\":\"\"}'  style=\"font-family:&#039;Roboto Slab&#039;;font-style:italic;font-weight:300;color:#ffffff;\"><a href=\"https:\/\/ikth.de\/startseite\/antraege\/\"><span style=\"color: #ffffff;\">Werden Sie Mitglied bei uns &gt;&gt;<\/span><\/a><\/div><\/div>[vc_empty_space height=&#8220;30px&#8220;][\/vc_column][vc_column width=&#8220;1\/6&#8243;][\/vc_column][\/vc_row]<\/p>\n<\/div>","protected":false},"excerpt":{"rendered":"<p>[vc_row type=&#8220;vc_default&#8220;][vc_column][vc_row_inner][vc_column_inner][vc_empty_space][\/vc_column_inner][\/vc_row_inner][vc_row_inner][vc_column_inner][vc_column_text][\/vc_column_text][\/vc_column_inner][\/vc_row_inner][vc_empty_space height=&#8220;20px&#8220;][\/vc_column][\/vc_row][vc_row type=&#8220;vc_default&#8220;][vc_column width=&#8220;1\/2&#8243;][vc_row_inner][vc_column_inner width=&#8220;1\/4&#8243;][vc_single_image image=&#8220;586&#8243; img_size=&#8220;full&#8220; css_animation=&#8220;fadeInDown&#8220;][\/vc_column_inner][vc_column_inner width=&#8220;3\/4&#8243;][vc_empty_space height=&#8220;60px&#8220;][\/vc_column_inner][\/vc_row_inner][vc_column_text]Die Ingenieurkammer Th\u00fcringen (IKTh) als Berufsstandsorganisation vertritt und wahrt die Interessen ihrer Mitglieder gegen\u00fcber der Legislative und der Exekutive in&hellip;<\/p>\n","protected":false},"author":3,"featured_media":0,"parent":0,"menu_order":0,"comment_status":"closed","ping_status":"closed","template":"","meta":{"_acf_changed":false,"footnotes":""},"class_list":["post-564","page","type-page","status-publish","hentry","description-off"],"acf":[],"yoast_head":"<!-- This site is optimized with the Yoast SEO plugin v26.4 - https:\/\/yoast.com\/wordpress\/plugins\/seo\/ -->\n<title>Mitgliedschaft - Ingenieurkammer Th\u00fcringen<\/title>\n<meta name=\"description\" content=\"0\" \/>\n<meta name=\"robots\" content=\"index, follow, max-snippet:-1, max-image-preview:large, max-video-preview:-1\" \/>\n<link rel=\"canonical\" href=\"https:\/\/ikth.de\/startseite\/mitgliedschaft\/\" \/>\n<meta property=\"og:locale\" content=\"de_DE\" \/>\n<meta property=\"og:type\" content=\"article\" \/>\n<meta property=\"og:title\" content=\"Mitgliedschaft - Ingenieurkammer Th\u00fcringen\" \/>\n<meta property=\"og:description\" content=\"[vc_row type=&#8220;vc_default&#8220;][vc_column][vc_row_inner][vc_column_inner][vc_empty_space][\/vc_column_inner][\/vc_row_inner][vc_row_inner][vc_column_inner][vc_column_text][\/vc_column_text][\/vc_column_inner][\/vc_row_inner][vc_empty_space height=&#8220;20px&#8220;][\/vc_column][\/vc_row][vc_row type=&#8220;vc_default&#8220;][vc_column width=&#8220;1\/2&#8243;][vc_row_inner][vc_column_inner width=&#8220;1\/4&#8243;][vc_single_image image=&#8220;586&#8243; img_size=&#8220;full&#8220; css_animation=&#8220;fadeInDown&#8220;][\/vc_column_inner][vc_column_inner width=&#8220;3\/4&#8243;][vc_empty_space height=&#8220;60px&#8220;][\/vc_column_inner][\/vc_row_inner][vc_column_text]Die Ingenieurkammer Th\u00fcringen (IKTh) als Berufsstandsorganisation vertritt und wahrt die Interessen ihrer Mitglieder gegen\u00fcber der Legislative und der Exekutive in&hellip;\" \/>\n<meta property=\"og:url\" content=\"https:\/\/ikth.de\/startseite\/mitgliedschaft\/\" \/>\n<meta property=\"og:site_name\" content=\"Ingenieurkammer Th\u00fcringen\" \/>\n<meta property=\"article:modified_time\" content=\"2021-09-30T19:23:06+00:00\" \/>\n<meta name=\"twitter:card\" content=\"summary_large_image\" \/>\n<meta name=\"twitter:label1\" content=\"Gesch\u00e4tzte Lesezeit\" \/>\n\t<meta name=\"twitter:data1\" content=\"2\u00a0Minuten\" \/>\n<script type=\"application\/ld+json\" class=\"yoast-schema-graph\">{\"@context\":\"https:\/\/schema.org\",\"@graph\":[{\"@type\":\"WebPage\",\"@id\":\"https:\/\/ikth.de\/startseite\/mitgliedschaft\/\",\"url\":\"https:\/\/ikth.de\/startseite\/mitgliedschaft\/\",\"name\":\"Mitgliedschaft - Ingenieurkammer Th\u00fcringen\",\"isPartOf\":{\"@id\":\"https:\/\/ikth.de\/startseite\/#website\"},\"datePublished\":\"2021-03-01T08:12:10+00:00\",\"dateModified\":\"2021-09-30T19:23:06+00:00\",\"breadcrumb\":{\"@id\":\"https:\/\/ikth.de\/startseite\/mitgliedschaft\/#breadcrumb\"},\"inLanguage\":\"de\",\"potentialAction\":[{\"@type\":\"ReadAction\",\"target\":[\"https:\/\/ikth.de\/startseite\/mitgliedschaft\/\"]}]},{\"@type\":\"BreadcrumbList\",\"@id\":\"https:\/\/ikth.de\/startseite\/mitgliedschaft\/#breadcrumb\",\"itemListElement\":[{\"@type\":\"ListItem\",\"position\":1,\"name\":\"Startseite\",\"item\":\"https:\/\/ikth.de\/startseite\/\"},{\"@type\":\"ListItem\",\"position\":2,\"name\":\"Mitgliedschaft\"}]},{\"@type\":\"WebSite\",\"@id\":\"https:\/\/ikth.de\/startseite\/#website\",\"url\":\"https:\/\/ikth.de\/startseite\/\",\"name\":\"Ingenieurkammer Th\u00fcringen\",\"description\":\"\",\"potentialAction\":[{\"@type\":\"SearchAction\",\"target\":{\"@type\":\"EntryPoint\",\"urlTemplate\":\"https:\/\/ikth.de\/startseite\/?s={search_term_string}\"},\"query-input\":{\"@type\":\"PropertyValueSpecification\",\"valueRequired\":true,\"valueName\":\"search_term_string\"}}],\"inLanguage\":\"de\"}]}<\/script>\n<!-- \/ Yoast SEO plugin. -->","yoast_head_json":{"title":"Mitgliedschaft - Ingenieurkammer Th\u00fcringen","robots":{"index":"index","follow":"follow","max-snippet":"max-snippet:-1","max-image-preview":"max-image-preview:large","max-video-preview":"max-video-preview:-1"},"canonical":"https:\/\/ikth.de\/startseite\/mitgliedschaft\/","og_locale":"de_DE","og_type":"article","og_title":"Mitgliedschaft - Ingenieurkammer Th\u00fcringen","og_description":"[vc_row type=&#8220;vc_default&#8220;][vc_column][vc_row_inner][vc_column_inner][vc_empty_space][\/vc_column_inner][\/vc_row_inner][vc_row_inner][vc_column_inner][vc_column_text][\/vc_column_text][\/vc_column_inner][\/vc_row_inner][vc_empty_space height=&#8220;20px&#8220;][\/vc_column][\/vc_row][vc_row type=&#8220;vc_default&#8220;][vc_column width=&#8220;1\/2&#8243;][vc_row_inner][vc_column_inner width=&#8220;1\/4&#8243;][vc_single_image image=&#8220;586&#8243; img_size=&#8220;full&#8220; css_animation=&#8220;fadeInDown&#8220;][\/vc_column_inner][vc_column_inner width=&#8220;3\/4&#8243;][vc_empty_space height=&#8220;60px&#8220;][\/vc_column_inner][\/vc_row_inner][vc_column_text]Die Ingenieurkammer Th\u00fcringen (IKTh) als Berufsstandsorganisation vertritt und wahrt die Interessen ihrer Mitglieder gegen\u00fcber der Legislative und der Exekutive in&hellip;","og_url":"https:\/\/ikth.de\/startseite\/mitgliedschaft\/","og_site_name":"Ingenieurkammer Th\u00fcringen","article_modified_time":"2021-09-30T19:23:06+00:00","twitter_card":"summary_large_image","twitter_misc":{"Gesch\u00e4tzte Lesezeit":"2\u00a0Minuten"},"schema":{"@context":"https:\/\/schema.org","@graph":[{"@type":"WebPage","@id":"https:\/\/ikth.de\/startseite\/mitgliedschaft\/","url":"https:\/\/ikth.de\/startseite\/mitgliedschaft\/","name":"Mitgliedschaft - Ingenieurkammer Th\u00fcringen","isPartOf":{"@id":"https:\/\/ikth.de\/startseite\/#website"},"datePublished":"2021-03-01T08:12:10+00:00","dateModified":"2021-09-30T19:23:06+00:00","breadcrumb":{"@id":"https:\/\/ikth.de\/startseite\/mitgliedschaft\/#breadcrumb"},"inLanguage":"de","potentialAction":[{"@type":"ReadAction","target":["https:\/\/ikth.de\/startseite\/mitgliedschaft\/"]}]},{"@type":"BreadcrumbList","@id":"https:\/\/ikth.de\/startseite\/mitgliedschaft\/#breadcrumb","itemListElement":[{"@type":"ListItem","position":1,"name":"Startseite","item":"https:\/\/ikth.de\/startseite\/"},{"@type":"ListItem","position":2,"name":"Mitgliedschaft"}]},{"@type":"WebSite","@id":"https:\/\/ikth.de\/startseite\/#website","url":"https:\/\/ikth.de\/startseite\/","name":"Ingenieurkammer Th\u00fcringen","description":"","potentialAction":[{"@type":"SearchAction","target":{"@type":"EntryPoint","urlTemplate":"https:\/\/ikth.de\/startseite\/?s={search_term_string}"},"query-input":{"@type":"PropertyValueSpecification","valueRequired":true,"valueName":"search_term_string"}}],"inLanguage":"de"}]}},"_links":{"self":[{"href":"https:\/\/ikth.de\/startseite\/wp-json\/wp\/v2\/pages\/564","targetHints":{"allow":["GET"]}}],"collection":[{"href":"https:\/\/ikth.de\/startseite\/wp-json\/wp\/v2\/pages"}],"about":[{"href":"https:\/\/ikth.de\/startseite\/wp-json\/wp\/v2\/types\/page"}],"author":[{"embeddable":true,"href":"https:\/\/ikth.de\/startseite\/wp-json\/wp\/v2\/users\/3"}],"replies":[{"embeddable":true,"href":"https:\/\/ikth.de\/startseite\/wp-json\/wp\/v2\/comments?post=564"}],"version-history":[{"count":1,"href":"https:\/\/ikth.de\/startseite\/wp-json\/wp\/v2\/pages\/564\/revisions"}],"predecessor-version":[{"id":9830,"href":"https:\/\/ikth.de\/startseite\/wp-json\/wp\/v2\/pages\/564\/revisions\/9830"}],"wp:attachment":[{"href":"https:\/\/ikth.de\/startseite\/wp-json\/wp\/v2\/media?parent=564"}],"curies":[{"name":"wp","href":"https:\/\/api.w.org\/{rel}","templated":true}]}}